-- Table structure for table `pet_boosts`
--

CREATE TABLE `pet_boosts` (
  `id` int(11) NOT NULL,
  `pet_id` int(11) NOT NULL,
  `user_id` int(11) NOT NULL,
  `boost_time` datetime DEFAULT current_timestamp(),
  `timestamp` datetime NOT NULL DEFAULT current_timestamp()
) ENGINE=InnoDB DEFAULT CHARSET=utf8mb4 COLLATE=utf8mb4_unicode_ci;

-- --------------------------------------------------------

--
-- Table structure for table `pet_graveyard`
--

CREATE TABLE `pet_graveyard` (
  `id` int(11) NOT NULL,
  `pet_id` int(11) NOT NULL,
  `user_id` int(11) NOT NULL,
  `colony_id` int(11) DEFAULT NULL,
  `died_at` datetime NOT NULL DEFAULT current_timestamp(),
  `reason` varchar(255) NOT NULL,
  `notes` text DEFAULT NULL
) ENGINE=InnoDB DEFAULT CHARSET=utf8mb4 COLLATE=utf8mb4_general_ci;

-- --------------------------------------------------------

--
-- Table structure for table `pet_layers`
--

CREATE TABLE `pet_layers` (
  `id` int(11) NOT NULL,
  `user_id` int(11) NOT NULL,
  `pet_id` int(11) NOT NULL,
  `layer_index` tinyint(3) UNSIGNED NOT NULL,
  `inv_id` int(11) NOT NULL,
  `item_id` int(11) NOT NULL,
  `created_at` datetime NOT NULL DEFAULT current_timestamp()
) ENGINE=InnoDB DEFAULT CHARSET=utf8mb4 COLLATE=utf8mb4_unicode_ci;

-- --------------------------------------------------------

--
-- Table structure for table `pet_market`
--

CREATE TABLE `pet_market` (
  `id` int(11) NOT NULL,
  `pet_id` int(11) NOT NULL,
  `seller_id` int(11) NOT NULL,
  `price` int(11) NOT NULL,
  `listed_at` datetime DEFAULT current_timestamp()
) ENGINE=InnoDB DEFAULT CHARSET=utf8mb4 COLLATE=utf8mb4_unicode_ci;

-- --------------------------------------------------------

--
-- Table structure for table `pet_mutations`
--

CREATE TABLE `pet_mutations` (
  `id` int(11) NOT NULL,
  `pet_id` int(11) NOT NULL,
  `mutation_name` varchar(50) NOT NULL,
  `description` text NOT NULL,
  `category` enum('environmental','health','metabolic','reproductive','rare','cosmetic') NOT NULL,
  `is_dominant` tinyint(1) DEFAULT 0,
  `is_recessive` tinyint(1) DEFAULT 0,
  `inherited_from` varchar(20) DEFAULT NULL,
  `created_at` timestamp NOT NULL DEFAULT current_timestamp()
) ENGINE=InnoDB DEFAULT CHARSET=utf8mb4 COLLATE=utf8mb4_unicode_ci;

--
-- Dumping data for table `pet_mutations`
--

INSERT INTO `pet_mutations` (`id`, `pet_id`, `mutation_name`, `description`, `category`, `is_dominant`, `is_recessive`, `inherited_from`, `created_at`) VALUES
(1, 13, 'Bioluminescence', 'Bioluminescent glow; alerts predators at night (flavor).', 'cosmetic', 0, 0, NULL, '2025-09-13 22:04:07'),
(2, 23, 'Webbed Paws', 'Better in swamps/rivers; worse traction on rocky terrain.', 'environmental', 1, 0, NULL, '2025-09-13 22:04:07'),
(3, 23, 'Chronic Illness', 'Daily health drain; higher herb usage.', 'health', 0, 1, NULL, '2025-09-13 22:04:07'),
(4, 23, 'Weak Heart', 'Higher death chance on long trips; reduced stamina.', 'health', 0, 1, NULL, '2025-09-13 22:04:07'),
(5, 24, 'Gigantism', 'Large/intimidating; much higher food/water needs.', 'health', 0, 1, NULL, '2025-09-13 22:04:07'),
(6, 24, 'Day Hunter', 'Daytime hunting bonus; night penalties.', 'metabolic', 1, 0, NULL, '2025-09-13 22:04:07'),
(7, 24, 'Weak Immune System', 'Sick more often; shorter lifespan.', 'health', 0, 1, NULL, '2025-09-13 22:04:07'),
(8, 25, 'Chronic Illness', 'Daily health drain; higher herb usage.', 'health', 0, 1, NULL, '2025-09-13 22:04:07'),
(9, 27, 'Obsessive Groomer', 'Lower sickness from cleanliness; loses time daily.', 'metabolic', 1, 0, NULL, '2025-09-13 22:04:07'),
(10, 27, 'Unusual Coat Pattern', 'Cosmetic pattern; no gameplay effect.', 'cosmetic', 0, 0, NULL, '2025-09-13 22:04:07'),
(11, 27, 'Water Dependency', 'Higher water need; dehydration risk in deserts.', 'metabolic', 1, 0, NULL, '2025-09-13 22:04:07'),
(12, 27, 'Chronic Illness', 'Daily health drain; higher herb usage.', 'health', 0, 1, NULL, '2025-09-13 22:04:07'),
(13, 28, 'Day Hunter', 'Daytime hunting bonus; night penalties.', 'metabolic', 1, 0, NULL, '2025-09-13 22:04:07'),
(14, 28, 'Small Ears', 'No frostbite risk; lower awareness.', 'environmental', 1, 0, NULL, '2025-09-13 22:04:07'),
(15, 30, 'Weak Lungs (Asthma)', 'Struggles in forests/mountains; extra energy drain.', 'health', 0, 1, NULL, '2025-09-13 22:04:07'),
(16, 30, 'Hybrid Gene', 'Cross-biome parents yield random biome traits in kits.', 'reproductive', 1, 0, NULL, '2025-09-13 22:04:07'),
(17, 30, 'Silent Step', 'High stealth/scavenge; low social/charisma.', 'rare', 1, 0, NULL, '2025-09-13 22:04:07'),
(18, 30, 'No Whiskers', 'Reduced spatial sense flavor; mostly cosmetic.', 'cosmetic', 0, 0, NULL, '2025-09-13 22:04:07'),
(19, 36, 'Lazy Gene', 'Fewer actions; preserves health/energy.', 'metabolic', 1, 0, NULL, '2025-09-13 22:04:07'),
(20, 36, 'Heterochromia', 'Two eye colors; mostly cosmetic, minor perception flavor.', 'cosmetic', 0, 0, NULL, '2025-09-13 22:04:07'),
(21, 36, 'Rapid Growth Gene', 'Kits mature faster; lower max stats.', 'reproductive', 1, 0, NULL, '2025-09-13 22:04:07'),
(22, 29, 'Glowing Eyes', 'Glows in dim light; can spook prey (flavor).', 'cosmetic', 0, 0, NULL, '2025-09-13 22:04:07'),
(23, 29, 'Lazy Gene', 'Fewer actions; preserves health/energy.', 'metabolic', 1, 0, NULL, '2025-09-13 22:04:07'),
(24, 33, 'Hybrid Gene', 'Cross-biome parents yield random biome traits in kits.', 'reproductive', 1, 0, NULL, '2025-09-13 22:04:07'),
(25, 9, 'Hemochromatosis', 'Iron overload; slow health drain; small fight strength bonus.', 'rare', 0, 1, NULL, '2025-09-13 22:04:07'),
(26, 9, 'Rapid Growth Gene', 'Kits mature faster; lower max stats.', 'reproductive', 1, 0, NULL, '2025-09-13 22:04:07'),
(27, 42, 'Cold-Blooded', 'Needs warmth to act; great in deserts, weak in snow.', 'environmental', 1, 0, NULL, '2025-09-13 22:04:07'),
(28, 42, 'Partial Blindness', 'Hunting/scouting penalty; foraging slightly better via smell.', 'health', 0, 1, NULL, '2025-09-13 22:04:07'),
(29, 42, 'Waterproof Coat', 'Thrives in rain/swamp; can overheat.', 'environmental', 1, 0, NULL, '2025-09-13 22:04:07'),
(30, 43, 'Fragile Bones', 'Injury chance increased; poorer fighting outcomes.', 'health', 0, 1, NULL, '2025-09-13 22:04:07'),
(31, 43, 'Glowing Eyes', 'Glows in dim light; can spook prey (flavor).', 'cosmetic', 0, 0, NULL, '2025-09-13 22:04:07'),
(32, 43, 'Hybrid Gene', 'Cross-biome parents yield random biome traits in kits.', 'reproductive', 1, 0, NULL, '2025-09-13 22:04:07'),
(33, 43, 'Curly Fur', 'Cute curls; may overheat flavor-wise.', 'cosmetic', 0, 0, NULL, '2025-09-13 22:04:07'),
(34, 39, 'Water Dependency', 'Higher water need; dehydration risk in deserts.', 'metabolic', 1, 0, NULL, '2025-09-13 22:04:07'),
(35, 39, 'Conjoined Twin', 'Higher food/water drain; unique appearance.', 'rare', 0, 1, NULL, '2025-09-13 22:04:07'),
(36, 44, 'Dwarfism', 'Smaller/needs less food; more fragile overall.', 'health', 0, 1, NULL, '2025-09-13 22:04:07'),
(37, 46, 'Strong Jaws', 'Better in fights/hunting; tires faster.', 'health', 1, 0, NULL, '2025-09-13 22:04:07'),
(38, 46, 'No Whiskers', 'Reduced spatial sense flavor; mostly cosmetic.', 'cosmetic', 0, 0, NULL, '2025-09-13 22:04:07'),
(39, 46, 'Albino', 'Poor camouflage; sunburn risk; fragile health.', 'health', 0, 1, NULL, '2025-09-13 22:04:07'),
(40, 32, 'Strong Heart', 'Resilient to exertion; may increase food/water needs.', 'health', 1, 0, NULL, '2025-09-13 22:04:07'),
(41, 32, 'One Ear Deafness', 'Reduced awareness; more ambush risk.', 'health', 0, 1, NULL, '2025-09-13 22:04:07'),
(42, 32, 'Strong Jaws', 'Better in fights/hunting; tires faster.', 'health', 1, 0, NULL, '2025-09-13 22:04:07'),
(43, 32, 'Hybrid Gene', 'Cross-biome parents yield random biome traits in kits.', 'reproductive', 1, 0, NULL, '2025-09-13 22:04:07'),
(44, 45, 'Carnivore Leaning', 'Better hunting/meat return; poor at plants/herbs.', 'metabolic', 1, 0, NULL, '2025-09-13 22:04:07'),
(45, 45, 'Water Dependency', 'Higher water need; dehydration risk in deserts.', 'metabolic', 1, 0, NULL, '2025-09-13 22:04:07'),
(46, 45, 'Curly Fur', 'Cute curls; may overheat flavor-wise.', 'cosmetic', 0, 0, NULL, '2025-09-13 22:04:07'),
(47, 45, 'Forager Leaning', 'Great with herbs/berries; reduced meat return.', 'metabolic', 1, 0, NULL, '2025-09-13 22:04:07'),
(48, 41, 'Blindness (Full)', 'Cannot scout/hunt; may boost colony morale if protected.', 'health', 0, 1, NULL, '2025-09-13 22:04:07'),
(49, 41, 'Strong Heart', 'Resilient to exertion; may increase food/water needs.', 'health', 1, 0, NULL, '2025-09-13 22:04:07'),
(50, 41, 'Strong Jaws', 'Better in fights/hunting; tires faster.', 'health', 1, 0, NULL, '2025-09-13 22:04:07'),
(51, 41, 'Day Hunter', 'Daytime hunting bonus; night penalties.', 'metabolic', 1, 0, NULL, '2025-09-13 22:04:07'),
(52, 51, 'Big Ears', 'Great hearing (predator warning); frostbite risk.', 'environmental', 1, 0, NULL, '2025-09-13 22:04:07'),
(53, 51, 'Heterochromia', 'Two eye colors; mostly cosmetic, minor perception flavor.', 'cosmetic', 0, 0, NULL, '2025-09-13 22:04:07'),
(54, 51, 'Water Dependency', 'Higher water need; dehydration risk in deserts.', 'metabolic', 1, 0, NULL, '2025-09-13 22:04:07'),
(55, 38, 'Birthing Complications', 'Chance of maternal death or kit loss at birth.', 'reproductive', 0, 1, NULL, '2025-09-13 22:04:07'),
(56, 40, 'Fragile Bones', 'Injury chance increased; poorer fighting outcomes.', 'health', 0, 1, NULL, '2025-09-13 22:04:07'),
(57, 40, 'Weak Lungs (Asthma)', 'Struggles in forests/mountains; extra energy drain.', 'health', 0, 1, NULL, '2025-09-13 22:04:07'),
(58, 40, 'Mismatched Fangs', 'Intimidating look; tiny flavor for fights.', 'cosmetic', 0, 0, NULL, '2025-09-13 22:04:07'),
(59, 40, 'Albino', 'Poor camouflage; sunburn risk; fragile health.', 'health', 0, 1, NULL, '2025-09-13 22:04:07'),
(60, 31, 'Blindness (Full)', 'Cannot scout/hunt; may boost colony morale if protected.', 'health', 0, 1, NULL, '2025-09-13 22:04:07'),
(61, 31, 'One Ear Deafness', 'Reduced awareness; more ambush risk.', 'health', 0, 1, NULL, '2025-09-13 22:04:07'),
(62, 52, 'Insomnia', 'More actions but higher sickness risk.', 'metabolic', 1, 0, NULL, '2025-09-13 22:04:07'),
(63, 26, 'Day Hunter', 'Daytime hunting bonus; night penalties.', 'metabolic', 1, 0, NULL, '2025-09-13 22:04:07'),
(64, 26, 'High Fertility', 'Larger litters; slightly higher chance of defects.', 'reproductive', 1, 0, NULL, '2025-09-13 22:04:07'),
(65, 26, 'Hybrid Gene', 'Cross-biome parents yield random biome traits in kits.', 'reproductive', 1, 0, NULL, '2025-09-13 22:04:07'),
(66, 22, 'Cleft Nose', 'Weaker smell; hunting/scouting penalty.', 'health', 0, 1, NULL, '2025-09-13 22:04:07'),
(67, 22, 'Thick Fur', 'Cold-adapted; boosts survival in winter/ice. Overheats in deserts (extra energy loss).', 'environmental', 1, 0, NULL, '2025-09-13 22:04:07'),
(68, 11, 'Long Tail', 'Agile balance for climbing; slightly higher energy burn.', 'environmental', 0, 0, NULL, '2025-09-13 22:04:07'),
(69, 49, 'Weak Lungs (Asthma)', 'Struggles in forests/mountains; extra energy drain.', 'health', 0, 1, NULL, '2025-09-13 22:04:07'),
(70, 49, 'Strong Immune System', 'Rarely sick; small extra energy cost when resisting.', 'health', 1, 0, NULL, '2025-09-13 22:04:07'),
(71, 53, 'Short Tail', 'Reduced balance; small penalty to climbing/scouting.', 'environmental', 0, 0, NULL, '2025-09-13 22:04:07'),
(72, 53, 'Fast Metabolism', 'Eats/drinks more; regains energy faster.', 'metabolic', 1, 0, NULL, '2025-09-13 22:04:07'),
(73, 53, 'Day Hunter', 'Daytime hunting bonus; night penalties.', 'metabolic', 1, 0, NULL, '2025-09-13 22:04:07'),
(74, 53, 'Obsessive Groomer', 'Lower sickness from cleanliness; loses time daily.', 'metabolic', 1, 0, NULL, '2025-09-13 22:04:07'),
(75, 54, 'Forager Leaning', 'Great with herbs/berries; reduced meat return.', 'metabolic', 1, 0, NULL, '2025-09-13 22:04:07'),
(76, 54, 'Thin Fur', 'Heat-adapted; resists deserts. Vulnerable to cold; higher sickness in snow.', 'environmental', 1, 0, NULL, '2025-09-13 22:04:07'),
(77, 54, 'High Fertility', 'Larger litters; slightly higher chance of defects.', 'reproductive', 1, 0, NULL, '2025-09-13 22:04:07'),
(78, 55, 'Strong Heart', 'Resilient to exertion; may increase food/water needs.', 'health', 1, 0, NULL, '2025-09-13 22:04:07'),
(79, 55, 'Blindness (Full)', 'Cannot scout/hunt; may boost colony morale if protected.', 'health', 0, 1, NULL, '2025-09-13 22:04:07'),
(128, 57, 'Birthing Complications', 'Chance of maternal death or kit loss at birth.', 'reproductive', 0, 1, NULL, '2025-09-16 12:25:48'),
(129, 57, 'Big Ears', 'Great hearing (predator warning); frostbite risk.', 'environmental', 1, 0, NULL, '2025-09-16 12:25:48'),
(130, 57, 'Thin Fur', 'Heat-adapted; resists deserts. Vulnerable to cold; higher sickness in snow.', 'environmental', 1, 0, NULL, '2025-09-16 12:25:48'),
(131, 58, 'Strong Immune System', 'Rarely sick; small extra energy cost when resisting.', 'health', 1, 0, NULL, '2025-09-16 20:59:47'),
(132, 58, 'One Ear Deafness', 'Reduced awareness; more ambush risk.', 'health', 0, 1, NULL, '2025-09-16 20:59:47'),
(133, 58, 'Rapid Growth Gene', 'Kits mature faster; lower max stats.', 'reproductive', 1, 0, NULL, '2025-09-16 20:59:47'),
(134, 59, 'Low Fertility', 'Smaller litters; safer births.', 'reproductive', 1, 0, NULL, '2025-09-17 16:14:16'),
(135, 60, 'Fast Metabolism', 'Eats/drinks more; regains energy faster.', 'metabolic', 1, 0, NULL, '2025-09-17 16:15:11'),
(136, 60, 'Thick Fur', 'Cold-adapted; boosts survival in winter/ice. Overheats in deserts (extra energy loss).', 'environmental', 1, 0, NULL, '2025-09-17 16:15:11'),
(137, 61, 'Long Tail', '', 'environmental', 0, 0, NULL, '2025-09-18 11:55:02'),
(138, 61, 'Cleft Nose', '', 'environmental', 0, 1, NULL, '2025-09-18 11:55:02'),
(139, 61, 'Thick Fur', '', 'environmental', 1, 0, NULL, '2025-09-18 11:55:02'),
(140, 62, 'Long Tail', '', 'environmental', 0, 0, NULL, '2025-09-18 11:55:02'),
(141, 62, 'Cleft Nose', '', 'environmental', 0, 1, NULL, '2025-09-18 11:55:02'),
(142, 62, 'Thick Fur', '', 'environmental', 1, 0, NULL, '2025-09-18 11:55:02'),
(143, 63, 'Long Tail', '', 'environmental', 0, 0, NULL, '2025-09-18 11:55:02'),
(144, 63, 'Cleft Nose', '', 'environmental', 0, 1, NULL, '2025-09-18 11:55:02'),
(145, 63, 'Thick Fur', '', 'environmental', 1, 0, NULL, '2025-09-18 11:55:02'),
(146, 65, 'Sleepy Mutation', 'Sleeps longer; may skip tasks more often.', 'metabolic', 1, 0, NULL, '2025-09-18 13:11:40'),
(147, 65, 'Albino', 'Poor camouflage; sunburn risk; fragile health.', 'health', 0, 1, NULL, '2025-09-18 13:11:40'),
(148, 65, 'Surrogate Instinct', 'Will adopt abandoned kits; caretaker bonus.', 'reproductive', 1, 0, NULL, '2025-09-18 13:11:40'),
(149, 66, 'Hemochromatosis', '', 'environmental', 0, 1, NULL, '2025-09-19 02:50:02'),
(150, 66, 'Rapid Growth Gene', '', 'environmental', 1, 0, NULL, '2025-09-19 02:50:02'),
(151, 66, 'Cleft Nose', '', 'environmental', 0, 1, NULL, '2025-09-19 02:50:02'),
(152, 66, 'Thick Fur', '', 'environmental', 1, 0, NULL, '2025-09-19 02:50:02'),
(153, 66, 'Water Dependency', '', 'environmental', 1, 0, NULL, '2025-09-19 02:50:02'),
(154, 66, 'Resistant Hide', '', 'environmental', 1, 0, NULL, '2025-09-19 02:50:02'),
(155, 67, 'Hemochromatosis', '', 'environmental', 0, 1, NULL, '2025-09-19 02:50:02'),
(156, 67, 'Rapid Growth Gene', '', 'environmental', 1, 0, NULL, '2025-09-19 02:50:02'),
(157, 67, 'Cleft Nose', '', 'environmental', 0, 1, NULL, '2025-09-19 02:50:02'),
(158, 67, 'Thick Fur', '', 'environmental', 1, 0, NULL, '2025-09-19 02:50:02'),
(159, 67, 'Water Dependency', '', 'environmental', 1, 0, NULL, '2025-09-19 02:50:02'),
(160, 67, 'Resistant Hide', '', 'environmental', 1, 0, NULL, '2025-09-19 02:50:02'),
(161, 68, 'Albino', '', 'environmental', 0, 1, NULL, '2025-09-21 10:50:02'),
(162, 68, 'Sleepy Mutation', '', 'environmental', 1, 0, NULL, '2025-09-21 10:50:02'),
(163, 68, 'Surrogate Instinct', '', 'environmental', 1, 0, NULL, '2025-09-21 10:50:02'),
(164, 11, 'CURLY_FUR', '', 'cosmetic', 0, 0, 'risky herb use', '2025-09-23 18:26:53'),
(165, 33, 'INSOMNIA', '', 'metabolic', 0, 0, 'risky self-treatment', '2025-09-23 20:36:12'),
(166, 11, 'Snow Paws', '', 'health', 0, 0, 'risky herb use', '2025-09-24 01:54:05'),
(167, 39, 'Fast Metabolism', '', 'health', 0, 0, 'risky herb use', '2025-09-24 04:21:34'),
(168, 69, 'Birthing Complications', '', 'environmental', 0, 1, NULL, '2025-09-24 01:45:01'),
(169, 69, 'Conjoined Twin', '', 'environmental', 0, 1, NULL, '2025-09-24 01:45:01'),
(170, 69, 'Water Dependency', '', 'environmental', 1, 0, NULL, '2025-09-24 01:45:01'),
(171, 69, 'Genetic Carrier', '', 'environmental', 0, 0, NULL, '2025-09-24 01:45:01'),
(172, 69, 'Heterochromia', '', 'environmental', 0, 0, NULL, '2025-09-24 01:45:01'),
(173, 70, 'Conjoined Twin', 'Higher food/water drain; unique appearance.', 'rare', 0, 1, NULL, '2025-09-24 17:26:33'),
(174, 70, 'Webbed Paws', 'Better in swamps/rivers; worse traction on rocky terrain.', 'environmental', 1, 0, NULL, '2025-09-24 17:26:33'),
(175, 72, 'Day Hunter', '', 'environmental', 1, 0, NULL, '2025-09-27 04:40:01'),
(176, 72, 'High Fertility', '', 'environmental', 1, 0, NULL, '2025-09-27 04:40:01'),
(177, 72, 'Hybrid Gene', '', 'environmental', 1, 0, NULL, '2025-09-27 04:40:01'),
(178, 72, 'Carnivore Leaning', '', 'environmental', 1, 0, NULL, '2025-09-27 04:40:01'),
(179, 73, 'Day Hunter', '', 'environmental', 1, 0, NULL, '2025-09-27 04:40:01'),
(180, 73, 'High Fertility', '', 'environmental', 1, 0, NULL, '2025-09-27 04:40:01'),
(181, 73, 'Hybrid Gene', '', 'environmental', 1, 0, NULL, '2025-09-27 04:40:01'),
(182, 73, 'Carnivore Leaning', '', 'environmental', 1, 0, NULL, '2025-09-27 04:40:01'),
(183, 74, 'Albino', '', 'environmental', 0, 1, NULL, '2025-09-27 09:25:01'),
(184, 74, 'Fragile Bones', '', 'environmental', 0, 1, NULL, '2025-09-27 09:25:01'),
(185, 74, 'Mismatched Fangs', '', 'environmental', 0, 0, NULL, '2025-09-27 09:25:01'),
(186, 74, 'Weak Lungs (Asthma)', '', 'environmental', 0, 1, NULL, '2025-09-27 09:25:01'),
(187, 74, 'Blindness (Full)', '', 'environmental', 0, 1, NULL, '2025-09-27 09:25:01'),
(188, 74, 'Day Hunter', '', 'environmental', 1, 0, NULL, '2025-09-27 09:25:01'),
(189, 74, 'Strong Heart', '', 'environmental', 1, 0, NULL, '2025-09-27 09:25:01'),
(190, 74, 'Strong Jaws', '', 'environmental', 1, 0, NULL, '2025-09-27 09:25:01'),
(191, 74, 'Insomnia', '', 'environmental', 1, 0, NULL, '2025-09-27 09:25:01'),
(192, 74, 'Rapid Growth Gene', '', 'environmental', 1, 0, NULL, '2025-09-27 09:25:01'),
(193, 75, 'Albino', '', 'environmental', 0, 1, NULL, '2025-09-27 09:25:01'),
(194, 75, 'Fragile Bones', '', 'environmental', 0, 1, NULL, '2025-09-27 09:25:01'),
(195, 75, 'Mismatched Fangs', '', 'environmental', 0, 0, NULL, '2025-09-27 09:25:01'),
(196, 75, 'Weak Lungs (Asthma)', '', 'environmental', 0, 1, NULL, '2025-09-27 09:25:01'),
(197, 75, 'Blindness (Full)', '', 'environmental', 0, 1, NULL, '2025-09-27 09:25:01'),
(198, 75, 'Day Hunter', '', 'environmental', 1, 0, NULL, '2025-09-27 09:25:01'),
(199, 75, 'Strong Heart', '', 'environmental', 1, 0, NULL, '2025-09-27 09:25:01'),
(200, 75, 'Strong Jaws', '', 'environmental', 1, 0, NULL, '2025-09-27 09:25:01'),
(201, 75, 'Insomnia', '', 'environmental', 1, 0, NULL, '2025-09-27 09:25:01'),
(202, 75, 'Rapid Growth Gene', '', 'environmental', 1, 0, NULL, '2025-09-27 09:25:01'),
(203, 76, 'Albino', '', 'environmental', 0, 1, NULL, '2025-09-27 09:25:01'),
(204, 76, 'Fragile Bones', '', 'environmental', 0, 1, NULL, '2025-09-27 09:25:01'),
(205, 76, 'Mismatched Fangs', '', 'environmental', 0, 0, NULL, '2025-09-27 09:25:01'),
(206, 76, 'Weak Lungs (Asthma)', '', 'environmental', 0, 1, NULL, '2025-09-27 09:25:01'),
(207, 76, 'Blindness (Full)', '', 'environmental', 0, 1, NULL, '2025-09-27 09:25:01'),
(208, 76, 'Day Hunter', '', 'environmental', 1, 0, NULL, '2025-09-27 09:25:01'),
(209, 76, 'Strong Heart', '', 'environmental', 1, 0, NULL, '2025-09-27 09:25:01'),
(210, 76, 'Strong Jaws', '', 'environmental', 1, 0, NULL, '2025-09-27 09:25:01'),
(211, 76, 'Insomnia', '', 'environmental', 1, 0, NULL, '2025-09-27 09:25:01'),
(212, 76, 'Rapid Growth Gene', '', 'environmental', 1, 0, NULL, '2025-09-27 09:25:01'),
(213, 102, 'Blindness (Full)', 'Cannot scout/hunt; may boost colony morale if protected.', 'health', 0, 1, NULL, '2025-10-12 01:46:28'),
(214, 102, 'Forager Leaning', 'Great with herbs/berries; reduced meat return.', 'metabolic', 1, 0, NULL, '2025-10-12 01:46:28'),
(215, 102, 'Weak Heart', 'Higher death chance on long trips; reduced stamina.', 'health', 0, 1, NULL, '2025-10-12 01:46:28'),
(216, 103, 'Chronic Illness', 'Daily health drain; higher herb usage.', 'health', 0, 1, NULL, '2025-10-12 01:52:01'),
(217, 103, 'Water Dependency', 'Higher water need; dehydration risk in deserts.', 'metabolic', 1, 0, NULL, '2025-10-12 01:52:01'),
(218, 103, 'Twin Gene', 'Increased chance of twins; higher birth risk.', 'reproductive', 1, 0, NULL, '2025-10-12 01:52:01'),
(219, 105, 'High Fertility', 'Larger litters; slightly higher chance of defects.', 'reproductive', 1, 0, NULL, '2025-10-12 05:46:27'),
(220, 105, 'Cold-Blooded', 'Needs warmth to act; great in deserts, weak in snow.', 'environmental', 1, 0, NULL, '2025-10-12 05:46:27'),
(221, 106, 'Genetic Carrier', 'Hidden carrier of a recessive defect; no symptoms.', 'reproductive', 0, 0, NULL, '2025-10-12 05:47:32'),
(222, 106, 'Slow Growth Gene', 'Kits mature slower; higher max stats.', 'reproductive', 1, 0, NULL, '2025-10-12 05:47:32'),
(223, 244, 'Gigantism', 'Large/intimidating; much higher food/water needs.', 'health', 0, 1, NULL, '2025-10-12 21:06:28'),
(224, 245, 'Day Hunter', 'Daytime hunting bonus; night penalties.', 'metabolic', 1, 0, NULL, '2025-10-12 23:29:35'),
(225, 245, 'Hemophilia', 'Bleeding injuries are deadly; high death risk on wounds.', 'health', 0, 1, NULL, '2025-10-12 23:29:35'),
(226, 246, 'Dwarfism', 'Smaller/needs less food; more fragile overall.', 'health', 0, 1, NULL, '2025-10-12 23:29:48'),
(227, 247, 'Forager Leaning', 'Great with herbs/berries; reduced meat return.', 'metabolic', 1, 0, NULL, '2025-10-13 00:02:17'),
(228, 248, 'Sleepy Mutation', 'Sleeps longer; may skip tasks more often.', 'metabolic', 1, 0, NULL, '2025-10-13 00:02:52'),
(229, 248, 'Webbed Paws', 'Better in swamps/rivers; worse traction on rocky terrain.', 'environmental', 1, 0, NULL, '2025-10-13 00:02:53'),
(230, 248, 'Weak Heart', 'Higher death chance on long trips; reduced stamina.', 'health', 0, 1, NULL, '2025-10-13 00:02:53'),
(231, 270, 'Slow Metabolism', 'Needs less food/water; slower energy regen.', 'metabolic', 1, 0, NULL, '2025-10-13 21:13:43'),
(232, 270, 'Hemophilia', 'Bleeding injuries are deadly; high death risk on wounds.', 'health', 0, 1, NULL, '2025-10-13 21:13:43'),
(233, 271, 'Silent Step', 'High stealth/scavenge; low social/charisma.', 'rare', 1, 0, NULL, '2025-10-13 21:14:37'),
(234, 271, 'Obsessive Groomer', 'Lower sickness from cleanliness; loses time daily.', 'metabolic', 1, 0, NULL, '2025-10-13 21:14:37'),
(235, 275, 'Thin Fur', 'Heat-adapted; resists deserts. Vulnerable to cold; higher sickness in snow.', 'environmental', 1, 0, NULL, '2025-10-14 10:08:49'),
(236, 277, 'Fast Metabolism', 'Eats/drinks more; regains energy faster.', 'metabolic', 1, 0, NULL, '2025-10-14 10:15:19'),
(237, 277, 'Resistant Hide', 'Reduced wound chance; overheats more easily.', 'health', 1, 0, NULL, '2025-10-14 10:15:19'),
(238, 285, 'Weak Immune System', 'Sick more often; shorter lifespan.', 'health', 0, 1, NULL, '2025-10-19 03:48:49'),
(239, 285, 'Albino', 'Poor camouflage; sunburn risk; fragile health.', 'health', 0, 1, NULL, '2025-10-19 03:48:49'),
(240, 287, 'Hemochromatosis', 'Iron overload; slow health drain; small fight strength bonus.', 'rare', 0, 1, NULL, '2025-10-19 03:51:22'),
(241, 339, 'Snow Paws', 'Frostbite-resistant; clumsy on rock/woodland.', 'environmental', 1, 0, NULL, '2025-10-26 01:46:42'),
(242, 339, 'Strong Jaws', 'Better in fights/hunting; tires faster.', 'health', 1, 0, NULL, '2025-10-26 01:46:42'),
(243, 339, 'Melanism', 'Stealth bonus at night; weaker in open plains.', 'environmental', 1, 0, NULL, '2025-10-26 01:46:42'),
(244, 341, 'Thin Fur', 'Heat-adapted; resists deserts. Vulnerable to cold; higher sickness in snow.', 'environmental', 1, 0, NULL, '2025-10-31 03:53:01'),
(245, 505, 'Rapid Growth Gene', 'Kits mature faster; lower max stats.', 'reproductive', 1, 0, NULL, '2025-11-27 16:04:00'),
(246, 505, 'Slow Metabolism', 'Needs less food/water; slower energy regen.', 'metabolic', 1, 0, NULL, '2025-11-27 16:04:01'),
(247, 506, 'Melanism', 'Stealth bonus at night; weaker in open plains.', 'environmental', 1, 0, NULL, '2025-11-27 16:04:46'),
(248, 506, 'High Fertility', 'Larger litters; slightly higher chance of defects.', 'reproductive', 1, 0, NULL, '2025-11-27 16:04:46'),
(249, 507, 'Club Foot', 'Poor running/scouting; okay at gathering.', 'health', 0, 1, NULL, '2025-11-27 16:05:15'),
(250, 507, 'Crooked Spine', 'Mobility issues; higher energy drain.', 'health', 0, 1, NULL, '2025-11-27 16:05:15'),
(251, 507, 'Melanism', 'Stealth bonus at night; weaker in open plains.', 'environmental', 1, 0, NULL, '2025-11-27 16:05:15'),
(252, 511, 'Hybrid Gene', 'Cross-biome parents yield random biome traits in kits.', 'reproductive', 1, 0, NULL, '2025-11-27 16:22:32'),
(253, 511, 'Crooked Spine', 'Mobility issues; higher energy drain.', 'health', 0, 1, NULL, '2025-11-27 16:22:32'),
(254, 511, 'Webbed Paws', 'Better in swamps/rivers; worse traction on rocky terrain.', 'environmental', 1, 0, NULL, '2025-11-27 16:22:32'),
(255, 512, 'Dust Allergy', 'Higher sickness in arid/desert biomes.', 'health', 0, 1, NULL, '2025-11-27 16:28:48'),
(256, 513, 'One Ear Deafness', 'Reduced awareness; more ambush risk.', 'health', 0, 1, NULL, '2025-11-27 16:30:17'),
(257, 513, 'Hemophilia', 'Bleeding injuries are deadly; high death risk on wounds.', 'health', 0, 1, NULL, '2025-11-27 16:30:17'),
(258, 514, 'Milk Deficiency', 'Mothers feed poorly; higher kit death chance.', 'reproductive', 0, 1, NULL, '2025-11-27 16:31:45'),
(259, 516, 'Slow Growth Gene', 'Kits mature slower; higher max stats.', 'reproductive', 1, 0, NULL, '2025-11-27 16:33:06'),
(260, 517, 'Waterproof Coat', 'Thrives in rain/swamp; can overheat.', 'environmental', 1, 0, NULL, '2025-11-27 16:40:29'),
(261, 517, 'Color Morph (Camouflage)', 'Improved stealth in forest/jungle; neutral elsewhere.', 'environmental', 1, 0, NULL, '2025-11-27 16:40:29'),
(262, 517, 'Polydactyl (Extra Toes)', 'Better climbing grip; slightly higher paw injury risk.', 'health', 1, 0, NULL, '2025-11-27 16:40:29'),
(263, 519, 'Hybrid Gene', 'Cross-biome parents yield random biome traits in kits.', 'reproductive', 1, 0, NULL, '2025-11-27 16:51:16'),
(264, 519, 'Long Tail', 'Agile balance for climbing; slightly higher energy burn.', 'environmental', 0, 0, NULL, '2025-11-27 16:51:16'),
(265, 520, 'Glass Skin', 'Extremely fragile; high death risk from injuries.', 'rare', 0, 1, NULL, '2025-11-27 16:51:47'),
(266, 520, 'Partial Blindness', 'Hunting/scouting penalty; foraging slightly better via smell.', 'health', 0, 1, NULL, '2025-11-27 16:51:47'),
(267, 521, 'Polydactyl (Extra Toes)', 'Better climbing grip; slightly higher paw injury risk.', 'health', 1, 0, NULL, '2025-11-27 16:52:33'),
(268, 521, 'Gigantism', 'Large/intimidating; much higher food/water needs.', 'health', 0, 1, NULL, '2025-11-27 16:52:33'),
(269, 521, 'Dust Allergy', 'Higher sickness in arid/desert biomes.', 'health', 0, 1, NULL, '2025-11-27 16:52:33'),
(270, 545, 'One Ear Deafness', 'Reduced awareness; more ambush risk.', 'health', 0, 1, NULL, '2025-11-29 11:02:10'),
(271, 545, 'Slow Growth Gene', 'Kits mature slower; higher max stats.', 'reproductive', 1, 0, NULL, '2025-11-29 11:02:11'),
(272, 546, 'Slow Growth Gene', 'Kits mature slower; higher max stats.', 'reproductive', 1, 0, NULL, '2025-11-29 11:06:19'),
(273, 546, 'Club Foot', 'Poor running/scouting; okay at gathering.', 'health', 0, 1, NULL, '2025-11-29 11:06:20'),
(274, 546, 'Melanism', 'Stealth bonus at night; weaker in open plains.', 'environmental', 1, 0, NULL, '2025-11-29 11:06:20'),
(275, 561, 'Surrogate Instinct', 'Will adopt abandoned kits; caretaker bonus.', 'reproductive', 1, 0, NULL, '2025-12-04 16:20:15'),
(276, 562, 'Cleft Nose', 'Weaker smell; hunting/scouting penalty.', 'health', 0, 1, NULL, '2025-12-05 01:06:40'),
(277, 562, 'Stillbirth Risk', 'Higher kit mortality at birth.', 'reproductive', 0, 1, NULL, '2025-12-05 01:06:40'),
(278, 562, 'Twin Gene', 'Increased chance of twins; higher birth risk.', 'reproductive', 1, 0, NULL, '2025-12-05 01:06:40'),
(279, 564, 'Low Fertility', 'Smaller litters; safer births.', 'reproductive', 1, 0, NULL, '2025-12-05 18:33:41'),
(280, 565, 'Weak Immune System', 'Sick more often; shorter lifespan.', 'health', 0, 1, NULL, '2025-12-05 18:34:01'),
(281, 567, 'Water Dependency', 'Higher water need; dehydration risk in deserts.', 'metabolic', 1, 0, NULL, '2025-12-05 18:34:51'),
(282, 567, 'Fast Metabolism', 'Eats/drinks more; regains energy faster.', 'metabolic', 1, 0, NULL, '2025-12-05 18:34:51'),
(283, 567, 'Birthing Complications', 'Chance of maternal death or kit loss at birth.', 'reproductive', 0, 1, NULL, '2025-12-05 18:34:51'),
(284, 568, 'Cleft Nose', 'Weaker smell; hunting/scouting penalty.', 'health', 0, 1, NULL, '2025-12-05 18:35:11'),
(285, 568, 'Night Owl', 'Night scouting bonus; daytime penalties.', 'metabolic', 1, 0, NULL, '2025-12-05 18:35:11'),
(286, 569, 'Carnivore Leaning', 'Better hunting/meat return; poor at plants/herbs.', 'metabolic', 1, 0, NULL, '2025-12-05 18:53:20'),
(287, 570, 'Fast Metabolism', 'Eats/drinks more; regains energy faster.', 'metabolic', 1, 0, NULL, '2025-12-05 18:56:15'),
(288, 571, 'Weak Lungs (Asthma)', 'Struggles in forests/mountains; extra energy drain.', 'health', 0, 1, NULL, '2025-12-05 18:56:44'),
(289, 571, 'Resistant Hide', 'Reduced wound chance; overheats more easily.', 'health', 1, 0, NULL, '2025-12-05 18:56:44'),
(290, 572, 'Milk Deficiency', 'Mothers feed poorly; higher kit death chance.', 'reproductive', 0, 1, NULL, '2025-12-05 18:56:55'),
(291, 574, 'Resistant Hide', 'Reduced wound chance; overheats more easily.', 'health', 1, 0, NULL, '2025-12-05 19:06:34'),
(292, 574, 'Crooked Spine', 'Mobility issues; higher energy drain.', 'health', 0, 1, NULL, '2025-12-05 19:06:34'),
(293, 575, 'Weak Immune System', 'Sick more often; shorter lifespan.', 'health', 0, 1, NULL, '2025-12-05 19:23:16'),
(294, 580, 'Night Owl', 'Night scouting bonus; daytime penalties.', 'metabolic', 1, 0, NULL, '2025-12-05 19:31:36'),
(295, 580, 'Small Ears', 'No frostbite risk; lower awareness.', 'environmental', 1, 0, NULL, '2025-12-05 19:31:36'),
(296, 581, 'Small Ears', 'No frostbite risk; lower awareness.', 'environmental', 1, 0, NULL, '2025-12-05 19:31:45'),
(297, 582, 'Twin Gene', 'Increased chance of twins; higher birth risk.', 'reproductive', 1, 0, NULL, '2025-12-05 19:32:12'),
(298, 582, 'Day Hunter', 'Daytime hunting bonus; night penalties.', 'metabolic', 1, 0, NULL, '2025-12-05 19:32:12'),
(299, 583, 'Inbreeding Defect', 'If close-bred: lower fertility/health outcomes.', 'reproductive', 0, 0, NULL, '2025-12-05 19:32:24'),
(300, 585, 'Short Tail', 'Reduced balance; small penalty to climbing/scouting.', 'environmental', 0, 0, NULL, '2025-12-05 19:59:43'),
(301, 585, 'Fragile Bones', 'Injury chance increased; poorer fighting outcomes.', 'health', 0, 1, NULL, '2025-12-05 19:59:43'),
(302, 586, 'Insomnia', 'More actions but higher sickness risk.', 'metabolic', 1, 0, NULL, '2025-12-05 20:02:30'),
(303, 594, 'Dust Allergy', '', 'health', 0, 1, NULL, '2025-12-12 05:20:05'),
(304, 595, 'Dust Allergy', '', 'health', 0, 1, NULL, '2025-12-12 05:20:05'),
(305, 596, 'Dust Allergy', '', 'health', 0, 1, NULL, '2025-12-12 05:20:05'),
(306, 597, 'Dust Allergy', '', 'health', 0, 1, NULL, '2025-12-12 05:20:05'),
(307, 598, 'Dust Allergy', '', 'health', 0, 1, NULL, '2025-12-12 05:20:05'),
(308, 609, 'Birthing Complications', '', 'reproductive', 0, 1, NULL, '2025-12-12 05:20:06'),
(309, 609, 'Water Dependency', '', 'metabolic', 1, 0, NULL, '2025-12-12 05:20:06'),
(310, 610, 'Birthing Complications', '', 'reproductive', 0, 1, NULL, '2025-12-12 05:20:06'),
(311, 610, 'Water Dependency', '', 'metabolic', 1, 0, NULL, '2025-12-12 05:20:06'),
(312, 611, 'Birthing Complications', '', 'reproductive', 0, 1, NULL, '2025-12-12 05:20:06'),
(313, 611, 'Water Dependency', '', 'metabolic', 1, 0, NULL, '2025-12-12 05:20:06'),
(314, 612, 'Cleft Nose', '', 'health', 0, 1, NULL, '2025-12-12 05:20:07'),
(315, 612, 'Night Owl', '', 'metabolic', 1, 0, NULL, '2025-12-12 05:20:07'),
(316, 613, 'Cleft Nose', '', 'health', 0, 1, NULL, '2025-12-12 05:20:07'),
(317, 613, 'Night Owl', '', 'metabolic', 1, 0, NULL, '2025-12-12 05:20:07'),
(318, 614, 'Cleft Nose', '', 'health', 0, 1, NULL, '2025-12-12 05:20:07'),
(319, 614, 'Night Owl', '', 'metabolic', 1, 0, NULL, '2025-12-12 05:20:07'),
(320, 619, 'Weak Immune System', '', 'health', 0, 1, NULL, '2025-12-12 05:20:07'),
(321, 620, 'Weak Immune System', '', 'health', 0, 1, NULL, '2025-12-12 05:20:08'),
(322, 621, 'Weak Immune System', '', 'health', 0, 1, NULL, '2025-12-12 05:20:08'),
(323, 622, 'Weak Immune System', '', 'health', 0, 1, NULL, '2025-12-12 05:20:08'),
(324, 623, 'Weak Immune System', '', 'health', 0, 1, NULL, '2025-12-12 05:20:08'),
(325, 624, 'Milk Deficiency', '', 'reproductive', 0, 1, NULL, '2025-12-12 05:20:08'),
(326, 625, 'Milk Deficiency', '', 'reproductive', 0, 1, NULL, '2025-12-12 05:20:08'),
(327, 626, 'Milk Deficiency', '', 'reproductive', 0, 1, NULL, '2025-12-12 05:20:09'),
(328, 627, 'Weak Immune System', '', 'health', 0, 1, NULL, '2025-12-12 05:20:09'),
(329, 628, 'Weak Immune System', '', 'health', 0, 1, NULL, '2025-12-12 05:20:09'),
(330, 629, 'Weak Immune System', '', 'health', 0, 1, NULL, '2025-12-12 05:20:09'),
(331, 630, 'Weak Immune System', '', 'health', 0, 1, NULL, '2025-12-12 05:20:09'),
(332, 631, 'Twin Gene', '', 'reproductive', 1, 0, NULL, '2025-12-12 05:20:09'),
(333, 632, 'Twin Gene', '', 'reproductive', 1, 0, NULL, '2025-12-12 05:20:10'),
(334, 633, 'Twin Gene', '', 'reproductive', 1, 0, NULL, '2025-12-12 05:20:10'),
(335, 634, 'Twin Gene', '', 'reproductive', 1, 0, NULL, '2025-12-12 05:20:10'),
(336, 640, 'Small Ears', '', 'environmental', 1, 0, NULL, '2025-12-12 05:20:10'),
(337, 640, 'Night Owl', '', 'metabolic', 1, 0, NULL, '2025-12-12 05:20:10'),
(338, 641, 'Small Ears', '', 'environmental', 1, 0, NULL, '2025-12-12 05:20:10'),
(339, 641, 'Night Owl', '', 'metabolic', 1, 0, NULL, '2025-12-12 05:20:10'),
(340, 642, 'Small Ears', '', 'environmental', 1, 0, NULL, '2025-12-12 05:20:10'),
(341, 642, 'Night Owl', '', 'metabolic', 1, 0, NULL, '2025-12-12 05:20:10'),
(342, 643, 'Small Ears', '', 'environmental', 1, 0, NULL, '2025-12-12 05:20:10'),
(343, 643, 'Night Owl', '', 'metabolic', 1, 0, NULL, '2025-12-12 05:20:10'),
(344, 644, 'Twin Gene', '', 'reproductive', 1, 0, NULL, '2025-12-12 05:20:10'),
(345, 645, 'Twin Gene', '', 'reproductive', 1, 0, NULL, '2025-12-12 05:20:10'),
(346, 646, 'Twin Gene', '', 'reproductive', 1, 0, NULL, '2025-12-12 05:20:11'),
(347, 647, 'Twin Gene', '', 'reproductive', 1, 0, NULL, '2025-12-12 05:20:11'),
(348, 651, 'Insomnia', '', 'metabolic', 1, 0, NULL, '2025-12-12 05:20:11'),
(349, 652, 'Insomnia', '', 'metabolic', 1, 0, NULL, '2025-12-12 05:20:11'),
(350, 653, 'Insomnia', '', 'metabolic', 1, 0, NULL, '2025-12-12 05:20:11'),
(351, 659, 'Rapid Growth Gene', '', 'reproductive', 1, 0, NULL, '2025-12-15 05:00:06'),
(352, 659, 'Slow Metabolism', '', 'metabolic', 1, 0, NULL, '2025-12-15 05:00:06'),
(353, 659, 'Fragile Bones', '', 'health', 0, 1, NULL, '2025-12-15 05:00:06'),
(354, 660, 'Rapid Growth Gene', '', 'reproductive', 1, 0, NULL, '2025-12-15 05:00:06'),
(355, 660, 'Slow Metabolism', '', 'metabolic', 1, 0, NULL, '2025-12-15 05:00:06'),
(356, 660, 'Fragile Bones', '', 'health', 0, 1, NULL, '2025-12-15 05:00:06'),
(357, 661, 'Rapid Growth Gene', '', 'reproductive', 1, 0, NULL, '2025-12-15 05:00:06'),
(358, 661, 'Slow Metabolism', '', 'metabolic', 1, 0, NULL, '2025-12-15 05:00:06'),
(359, 661, 'Fragile Bones', '', 'health', 0, 1, NULL, '2025-12-15 05:00:06'),
(360, 662, 'Rapid Growth Gene', '', 'reproductive', 1, 0, NULL, '2025-12-15 05:00:06'),
(361, 662, 'Slow Metabolism', '', 'metabolic', 1, 0, NULL, '2025-12-15 05:00:06'),
(362, 662, 'Fragile Bones', '', 'health', 0, 1, NULL, '2025-12-15 05:00:06'),
(363, 663, 'Rapid Growth Gene', '', 'reproductive', 1, 0, NULL, '2025-12-15 05:00:06'),
(364, 663, 'Slow Metabolism', '', 'metabolic', 1, 0, NULL, '2025-12-15 05:00:06'),
(365, 663, 'Fragile Bones', '', 'health', 0, 1, NULL, '2025-12-15 05:00:06'),
(366, 520, 'OBSESSIVE_GROOM', '', 'metabolic', 0, 0, 'risky self-treatment', '2025-12-15 07:56:07'),
(367, 546, 'WEAK_HEART', '', 'health', 0, 0, 'risky self-treatment', '2025-12-16 08:21:52');

-- --------------------------------------------------------

--
-- Table structure for table `posts`
--

CREATE TABLE `posts` (
  `id` int(11) NOT NULL,
  `topic_id` int(11) NOT NULL,
  `author` varchar(50) NOT NULL,
  `content` text NOT NULL,
  `posted_at` datetime DEFAULT current_timestamp()
) ENGINE=InnoDB DEFAULT CHARSET=utf8mb4 COLLATE=utf8mb4_unicode_ci;

-- --------------------------------------------------------

--
-- Table structure for table `quiz_log`
--

CREATE TABLE `quiz_log` (
  `id` int(11) NOT NULL,
  `user_id` int(11) NOT NULL,
  `game_name` varchar(50) NOT NULL,
  `played_on` date NOT NULL
) ENGINE=InnoDB DEFAULT CHARSET=utf8mb4 COLLATE=utf8mb4_unicode_ci;

-- --------------------------------------------------------

--
-- Table structure for table `resource_claims`
--

CREATE TABLE `resource_claims` (
  `id` int(11) NOT NULL,
  `user_id` int(11) NOT NULL,
  `tile_id` int(11) NOT NULL,
  `spawn_id` int(11) NOT NULL,
  `kind` enum('meat','wood','stone','herbs','water') NOT NULL,
  `amount` int(10) UNSIGNED NOT NULL,
  `created_at` datetime NOT NULL DEFAULT current_timestamp()
) ENGINE=InnoDB DEFAULT CHARSET=utf8mb4 COLLATE=utf8mb4_general_ci;

-- --------------------------------------------------------

--
-- Table structure for table `ruins_open`
--

CREATE TABLE `ruins_open` (
  `id` int(11) NOT NULL,
  `ruined_colony_id` int(11) NOT NULL,
  `opened_at` datetime NOT NULL,
  `is_active` tinyint(1) NOT NULL DEFAULT 1
) ENGINE=InnoDB DEFAULT CHARSET=utf8mb4 COLLATE=utf8mb4_unicode_ci;

-- --------------------------------------------------------

--
-- Table structure for table `ruin_raid_logs`
--

CREATE TABLE `ruin_raid_logs` (
  `id` int(11) NOT NULL,
  `raider_user_id` int(11) NOT NULL,
  `raider_colony_id` int(11) NOT NULL,
  `ruined_colony_id` int(11) NOT NULL,
  `wood` int(11) DEFAULT 0,
  `stone` int(11) DEFAULT 0,
  `herbs` int(11) DEFAULT 0,
  `meat` int(11) DEFAULT 0,
  `water` int(11) DEFAULT 0,
  `treasure` int(11) DEFAULT 0,
  `created_at` datetime DEFAULT current_timestamp()
) ENGINE=InnoDB DEFAULT CHARSET=utf8mb4 COLLATE=utf8mb4_general_ci;

-- --------------------------------------------------------

--
-- Table structure for table `scout_events`
--

CREATE TABLE `scout_events` (
  `id` int(11) NOT NULL,
  `type` enum('colony','loner') NOT NULL,
  `event_text` varchar(600) NOT NULL,
  `wood` int(11) DEFAULT 0,
  `stone` int(11) DEFAULT 0,
  `meat` int(11) DEFAULT 0,
  `herbs` int(11) DEFAULT 0,
  `water` int(11) DEFAULT 0,
  `energy` int(11) DEFAULT 0,
  `thirst` int(11) DEFAULT 0,
  `hunger` int(11) NOT NULL DEFAULT 0,
  `health` int(11) DEFAULT 0,
  `mood` int(11) NOT NULL DEFAULT 0,
  `sick` tinyint(1) DEFAULT 0,
  `sickness` varchar(100) NOT NULL DEFAULT 'NULL',
  `alive` tinyint(1) DEFAULT 1,
  `chance` int(11) DEFAULT 100,
  `danger` int(11) NOT NULL DEFAULT 0,
  `image` varchar(500) NOT NULL,
  `biome` varchar(32) NOT NULL DEFAULT 'any',
  `season` enum('any','spring','summer','fall','winter') NOT NULL DEFAULT 'any',
  `item_id` int(11) DEFAULT NULL,
  `item_qty` int(11) NOT NULL DEFAULT 0,
  `event_id` int(11) DEFAULT 0,
  `yes` varchar(100) DEFAULT 'yes',
  `no` varchar(100) DEFAULT 'no',
  `mark` int(11) DEFAULT 0
) ENGINE=InnoDB DEFAULT CHARSET=latin1 COLLATE=latin1_swedish_ci;

--
-- Dumping data for table `scout_events`
--

INSERT INTO `scout_events` (`id`, `type`, `event_text`, `wood`, `stone`, `meat`, `herbs`, `water`, `energy`, `thirst`, `hunger`, `health`, `mood`, `sick`, `sickness`, `alive`, `chance`, `danger`, `image`, `biome`, `season`, `item_id`, `item_qty`, `event_id`, `yes`, `no`, `mark`) VALUES
(1, 'colony', 'Your scout found a tree stump crawling with meat-loving bugs. Gross... but useful!', 0, 0, 9, 0, 0, -10, -5, -5, 0, -5, 0, 'NULL', 1, 30, 0, 'https://watershiptown.pet-sim.online/images/scout.png', 'any', 'any', 0, 0, 0, 'yes', 'no', 0),
(2, 'colony', 'A storm scattered stones nearby. You gathered what you could.', 0, 15, 0, 0, 0, -15, -15, -10, 0, -2, 0, 'NULL', 1, 45, 0, 'https://watershiptown.pet-sim.online/images/scout.png', 'any', 'any', 0, 0, 0, 'yes', 'no', 0),
(3, 'loner', 'While alone, your pet was ambushed... they barely escaped with their life.', 0, 0, 0, 0, 0, -40, -5, -5, -50, -60, 1, 'Beaten Within an inch of life by rogues', 1, 10, 4, 'https://watershiptown.pet-sim.online/images/scout.png', 'any', 'any', 0, 0, 0, 'yes', 'no', 0),
(4, 'loner', 'You scouted a clearing and found meat and wood.', 18, 0, 10, 0, 0, -10, -5, -5, 0, 10, 0, 'NULL', 1, 45, 0, 'https://watershiptown.pet-sim.online/images/scout.png', 'any', 'any', 0, 0, 0, 'yes', 'no', 0),
(24, 'colony', 'Your scout follows deer tracks along a shaded ravine and drags back cuts of meat.', 0, 12, 10, 12, 0, -12, -6, -8, 0, 4, 0, '0', 1, 15, 0, 'https://watershiptown.pet-sim.online/images/scout.png', 'forest', 'any', 0, 0, 0, 'yes', 'no', 0),
(25, 'colony', 'Wind exposes a slab of shale. With some prying you free usable stones.', 0, 12, 0, 0, 0, -15, -8, -10, 0, 1, 0, '0', 1, 56, 0, 'https://watershiptown.pet-sim.online/images/scout.png', 'mountain', 'any', 0, 0, 0, 'yes', 'no', 0),
(26, 'colony', 'A tangle of fallen limbs becomes portable timber after some hard work.', 8, 0, 0, 0, 0, -14, -7, -9, 0, 2, 0, '0', 1, 43, 0, 'https://watershiptown.pet-sim.online/images/scout.png', 'forest', 'fall', 0, 0, 0, 'yes', 'no', 0),
(27, 'colony', 'You discover a damp herb patch under birch leaves — pungent and useful.', 0, 0, 0, 10, 0, -10, -5, -6, 0, 6, 0, '0', 1, 56, 0, 'https://watershiptown.pet-sim.online/images/scout.png', 'forest', 'spring', 0, 0, 0, 'yes', 'no', 0),
(28, 'colony', 'Rain pools in sandstone bowls. You fill skins before it seeps away.', 0, 0, 0, 0, 10, -9, -2, -5, 0, 3, 0, '0', 1, 37, 0, 'https://watershiptown.pet-sim.online/images/scout.png', 'desert', 'summer', 0, 0, 0, 'yes', 'no', 0),
(29, 'colony', 'An old beaver dam yields both sticks and a surprised fish — your scout snags meat.', 8, 0, 6, 0, 0, -16, -8, -10, 0, 5, 0, '0', 1, 45, 0, 'https://watershiptown.pet-sim.online/images/scout.png', 'swamp', 'any', 0, 0, 0, 'yes', 'no', 0),
(30, 'colony', 'A sudden rock slide peppers your scout with debris.', 0, 3, 0, 0, 0, -18, -10, -12, -15, -6, 0, '0', 1, 63, 2, 'https://watershiptown.pet-sim.online/images/scout.png', 'mountain', 'any', 0, 0, 0, 'yes', 'no', 0),
(31, 'colony', 'A rusted campsite is found near the coast. Most is junk, but a few stones and wood are salvageable.', 7, 9, 0, 0, 0, -13, -7, -7, 0, 2, 0, '0', 1, 55, 0, 'https://watershiptown.pet-sim.online/images/scout.png', 'beach', 'any', 0, 0, 0, 'yes', 'no', 0),
(32, 'loner', 'Alone, you nose into a blackberry tangle and eat your fill.', 0, 0, 0, 0, 0, 10, 10, 20, 0, 8, 0, '0', 1, 43, 0, 'https://watershiptown.pet-sim.online/images/scout.png', 'abandoned_house', 'summer', 0, 0, 0, 'yes', 'no', 0),
(33, 'loner', 'A hidden spring bubbles up under moss — you drink deeply and fill a shell.', 0, 0, 0, 0, 12, -8, 20, -4, 0, 6, 0, '0', 1, 75, 0, 'https://watershiptown.pet-sim.online/images/scout.png', 'forest', 'spring', 0, 0, 0, 'yes', 'no', 0),
(34, 'loner', 'An old snare snaps your foreleg. You pull free but the wire bites.', 0, 0, 0, 0, 0, -20, -10, -12, -25, -8, 1, 'Infected cut', 1, 18, 3, 'https://watershiptown.pet-sim.online/images/scout.png', 'any', 'any', 0, 0, 0, 'yes', 'no', 0),
(35, 'loner', 'You flush a hare across open snow and claim a quick meal.', 0, 0, 5, 0, 0, -12, -6, -8, 0, 10, 0, '0', 1, 56, 0, 'https://watershiptown.pet-sim.online/images/scout.png', 'snowy', 'winter', 0, 0, 0, 'yes', 'no', 0),
(36, 'loner', 'You strip bark and carry a bundle of dry twigs for later fires.', 15, 0, 0, 0, 0, -11, -5, -6, 0, 3, 0, '0', 1, 45, 0, 'https://watershiptown.pet-sim.online/images/scout.png', 'abandoned_house', 'fall', 0, 0, 0, 'yes', 'no', 0),
(37, 'loner', 'Storm surf throws up smooth pebbles and a cracked jar that holds a little water.', 0, 12, 0, 0, 5, -14, -6, -8, 0, 2, 0, '0', 1, 50, 0, 'https://watershiptown.pet-sim.online/images/scout.png', 'beach', 'any', 0, 0, 0, 'yes', 'no', 0),
(38, 'loner', 'You blunder into a hornet stump. Stings everywhere — you flee!', 0, 0, 0, 0, 0, -18, -10, -12, -35, -12, 1, 'Stings & swelling', 1, 12, 3, 'https://watershiptown.pet-sim.online/images/scout.png', 'forest', 'summer', 0, 0, 0, 'yes', 'no', 0),
(39, 'loner', 'Tracks of something big circle you… but lose interest. The tension shakes off eventually.', 0, 0, 0, 0, 0, -8, -5, -6, 0, -5, 0, '0', 1, 40, 0, 'https://watershiptown.pet-sim.online/images/scout.png', 'any', 'any', 0, 0, 0, 'yes', 'no', 0),
(40, 'colony', 'A wind-thrown pine exposes fat grubs under its roots. Messy, but nourishing.', 0, 0, 8, 0, 0, -10, -6, -8, 0, 3, 0, '0', 1, 45, 0, 'https://watershiptown.pet-sim.online/images/scout.png', 'forest', 'spring', 0, 0, 0, 'yes', 'no', 0),
(41, 'loner', 'Frozen river cracks open — you lap meltwater and pry loose a few stones.', 0, 6, 0, 0, 7, -9, 6, -5, 0, 4, 0, '0', 1, 45, 3, 'https://watershiptown.pet-sim.online/images/scout.png', 'mountain', 'winter', 0, 0, 0, 'yes', 'no', 0),
(42, 'loner', 'Ambushed by rogues. You fight, then darkness. (This is why Canis fear the wilds.)', 0, 0, 0, 0, 0, -40, -20, -20, -100, -50, 0, '0', 0, 1, 5, 'https://watershiptown.pet-sim.online/images/scout.png', 'any', 'any', 0, 0, 0, 'yes', 'no', 0),
(43, 'colony', 'You weave through birch and drag home straight branches for palisades.', 15, 0, 0, 0, 0, -12, -6, -8, 0, 3, 0, '0', 1, 43, 0, 'https://watershiptown.pet-sim.online/images/scout.png', 'forest', 'any', 0, 0, 0, 'yes', 'no', 0),
(44, 'colony', 'Mossy stump hides mint and yarrow; you bundle careful cuts.', 0, 0, 0, 10, 0, -10, -4, -6, 0, 6, 0, '0', 1, 34, 0, 'https://watershiptown.pet-sim.online/images/scout.png', 'forest', 'spring', 0, 0, 0, 'yes', 'no', 0),
(45, 'colony', 'Badger leftovers — not pretty, but there’s still meat to save.', 0, 0, 9, 0, 0, -14, -7, -9, 0, 4, 0, '0', 1, 64, 0, 'https://watershiptown.pet-sim.online/images/scout.png', 'forest', 'fall', 0, 0, 0, 'yes', 'no', 0),
(46, 'colony', 'Scree slope yields sharp flakes and fist stones for sling pouches.', 0, 18, 0, 0, 0, -15, -7, -8, 0, 1, 0, '0', 1, 54, 0, 'https://watershiptown.pet-sim.online/images/scout.png', 'mountain', 'any', 0, 0, 0, 'yes', 'no', 0),
(47, 'colony', 'You fill skins from a cold seep and mark the spot for later.', 0, 0, 0, 0, 10, -9, -2, -5, 0, 3, 0, '0', 1, 72, 0, 'https://watershiptown.pet-sim.online/images/scout.png', 'mountain', 'spring', 0, 0, 0, 'yes', 'no', 0),
(48, 'colony', 'A leaping goat clips you. You limp home, annoyed but alive.', 0, 0, 0, 0, 0, -18, -10, -12, -16, -6, 1, 'Bruised leg', 1, 32, 2, 'https://watershiptown.pet-sim.online/images/scout.png', 'mountain', 'any', 0, 0, 0, 'yes', 'no', 0),
(49, 'colony', 'Beaver dam raid: sticky, but plenty of sticks.', 16, 0, 0, 0, 0, -16, -8, -9, 0, 3, 0, '0', 1, 60, 0, 'https://watershiptown.pet-sim.online/images/scout.png', 'swamp', 'any', 0, 0, 0, 'yes', 'no', 0),
(50, 'colony', 'Low tide leaves smooth pebbles and trapped pools to drink.', 0, 8, 0, 0, 6, -12, -3, -6, 0, 2, 0, '0', 1, 62, 0, 'https://watershiptown.pet-sim.online/images/scout.png', 'beach', 'any', 0, 0, 0, 'yes', 'no', 0),
(51, 'colony', 'You score prickly pears and a shallow seep.', 0, 0, 0, 0, 10, -8, -1, -4, 0, 6, 0, '0', 1, 68, 0, 'https://watershiptown.pet-sim.online/images/scout.png', 'desert', 'summer', 0, 0, 0, 'yes', 'no', 0),
(52, 'colony', 'Sand squall slaps grit into your eyes. You push through.', 0, 0, 0, 0, 0, -20, -12, -14, -18, -10, 0, '0', 1, 24, 2, 'https://watershiptown.pet-sim.online/images/scout.png', 'desert', 'summer', 0, 0, 0, 'yes', 'no', 0),
(53, 'loner', 'Dry grass crackles as you bundle kindling for later.', 7, 0, 0, 0, 0, -11, -5, -6, 0, 3, 0, '0', 1, 66, 0, 'https://watershiptown.pet-sim.online/images/scout.png', 'old_barn', 'fall', 0, 0, 0, 'yes', 'no', 0),
(54, 'loner', 'A spooked hare zigzags—quick paws, quick meal.', 0, 0, 5, 0, 0, -12, -6, -8, 0, 9, 0, '0', 1, 65, 0, 'https://watershiptown.pet-sim.online/images/scout.png', 'old_barn', 'any', 0, 0, 0, 'yes', 'no', 0),
(55, 'loner', 'Heat haze blurs the horizon; you slow to a trudge.', 0, 0, 0, 0, 0, -10, -6, -6, 0, -6, 0, '0', 1, 55, 0, 'https://watershiptown.pet-sim.online/images/scout.png', 'desert', 'summer', 0, 0, 0, 'yes', 'no', 0),
(56, 'loner', 'You raid brambles for berries and nose a vole from weeds.', 0, 0, 2, 2, 0, -10, 2, 5, 0, 10, 0, '0', 1, 72, 0, 'https://watershiptown.pet-sim.online/images/scout.png', 'forest', 'summer', 0, 0, 0, 'yes', 'no', 0),
(57, 'loner', 'Hornets erupt from a rotten stump. Miserable.', 0, 0, 0, 0, 0, -18, -10, -12, -28, -12, 1, 'Stings & swelling', 1, 12, 3, 'https://watershiptown.pet-sim.online/images/scout.png', 'forest', 'summer', 0, 0, 0, 'yes', 'no', 0),
(58, 'loner', 'A frozen rill cracks just enough for a mouthful of meltwater.', 0, 0, 0, 0, 8, -9, 6, -5, 0, 4, 0, '0', 1, 60, 0, 'https://watershiptown.pet-sim.online/images/scout.png', 'snowy', 'winter', 0, 0, 0, 'yes', 'no', 0),
(59, 'loner', 'Blown ice scours your pads; every step stings.', 0, 0, 0, 0, 0, -16, -9, -10, -22, -8, 1, 'Frostbite', 1, 18, 2, 'https://watershiptown.pet-sim.online/images/scout.png', 'snowy', 'winter', 0, 0, 0, 'yes', 'no', 0),
(60, 'colony', 'Uprooted pine exposes fat grubs—messy, filling.', 0, 0, 9, 0, 0, -10, -6, -8, 0, 3, 0, '0', 1, 48, 0, 'https://watershiptown.pet-sim.online/images/scout.png', 'forest', 'spring', 0, 0, 0, 'yes', 'no', 0),
(61, 'loner', 'Rain-cupped rock gives a clean drink.', 0, 0, 0, 0, 7, -7, 9, -4, 0, 6, 0, '0', 1, 74, 0, 'https://watershiptown.pet-sim.online/images/scout.png', 'any', 'spring', 0, 0, 0, 'yes', 'no', 0),
(62, 'colony', 'Clay bank slumps—mud everywhere, but no real harm.', 0, 0, 0, 0, 0, -12, -6, -7, -6, -5, 0, '0', 1, 58, 0, 'https://watershiptown.pet-sim.online/images/scout.png', 'swamp', 'any', 0, 0, 0, 'yes', 'no', 0),
(63, 'loner', 'Eyes watch from the ridge… nothing attacks, but nerves fray.', 0, 0, 0, 0, 0, -8, -5, -6, 0, -6, 0, '0', 1, 42, 0, 'https://watershiptown.pet-sim.online/images/scout.png', 'any', 'any', 0, 0, 0, 'yes', 'no', 0),
(64, 'loner', 'Rogues burst from the scrub. Claws, teeth—then black.', 0, 0, 0, 0, 0, -40, -20, -20, -100, -50, 0, '0', 0, 1, 5, 'https://watershiptown.pet-sim.online/images/scout.png', 'any', 'any', 0, 0, 0, 'yes', 'no', 0),
(65, 'colony', 'You pry loose windfall limbs; straight, dry, perfect for fences.', 9, 0, 0, 0, 0, -12, -6, -7, 0, 4, 0, '0', 1, 78, 0, 'https://watershiptown.pet-sim.online/images/scout.png', 'forest', 'any', 0, 0, 0, 'yes', 'no', 0),
(66, 'colony', 'Under fern shade you snip plantain and spruce tips for salves.', 0, 0, 0, 8, 0, -10, -4, -6, 0, 6, 0, '0', 1, 63, 0, 'https://watershiptown.pet-sim.online/images/scout.png', 'forest', 'spring', 0, 0, 0, 'yes', 'no', 0),
(67, 'loner', 'A startled boar crashes past; you scoop scraps the pack left.', 0, 0, 9, 0, 0, -13, -7, -8, 0, 5, 0, '0', 1, 60, 0, 'https://watershiptown.pet-sim.online/images/scout.png', 'forest', 'fall', 0, 0, 0, 'yes', 'no', 0),
(68, 'loner', 'Rotten log collapses—grubs for the road.', 0, 0, 9, 0, 0, -9, -4, -5, 0, 7, 0, '0', 1, 70, 0, 'https://watershiptown.pet-sim.online/images/scout.png', 'forest', 'summer', 0, 0, 0, 'yes', 'no', 0),
(69, 'colony', 'Talus slope yields good sling-stones and knife flakes.', 0, 10, 0, 0, 0, -15, -7, -8, 0, 2, 0, '0', 1, 56, 0, 'https://watershiptown.pet-sim.online/images/scout.png', 'mountain', 'any', 0, 0, 0, 'yes', 'no', 0),
(70, 'loner', 'Thin snowmelt trickle lets you fill skins carefully.', 0, 0, 0, 0, 12, -10, 5, -5, 0, 3, 0, '0', 1, 66, 0, 'https://watershiptown.pet-sim.online/images/scout.png', 'mountain', 'spring', 0, 0, 0, 'yes', 'no', 0),
(71, 'colony', 'Loose shale slices a pad; you limp but keep moving.', 0, 0, 0, 0, 0, -17, -9, -9, -14, -4, 1, 'Cut paw', 1, 38, 1, 'https://watershiptown.pet-sim.online/images/scout.png', 'mountain', 'any', 0, 0, 0, 'yes', 'no', 0),
(72, 'colony', 'You bind tall grass into bundles for tinder and bedding.', 11, 0, 0, 0, 0, -10, -5, -5, 0, 4, 0, '0', 1, 74, 0, 'https://watershiptown.pet-sim.online/images/scout.png', 'deserted_cave', 'any', 0, 0, 0, 'yes', 'no', 0),
(73, 'loner', 'A field vole darts—quick pounce, quick meal.', 0, 0, 5, 0, 0, -12, -6, 7, 0, 8, 0, '0', 1, 68, 0, 'https://watershiptown.pet-sim.online/images/scout.png', 'deserted_cave', 'any', 0, 0, 0, 'yes', 'no', 0),
(74, 'loner', 'Distant thunder; you press on under bruised clouds.', 0, 0, 0, 0, 0, -8, -5, -6, 0, -4, 0, '0', 1, 58, 0, 'https://watershiptown.pet-sim.online/images/scout.png', 'old_barn', 'summer', 0, 0, 0, 'yes', 'no', 0),
(75, 'colony', 'Beaver bank is littered with peeled sticks—easy haul.', 17, 0, 0, 0, 0, -14, -7, -8, 0, 3, 0, '0', 1, 64, 0, 'https://watershiptown.pet-sim.online/images/scout.png', 'swamp', 'any', 0, 0, 0, 'yes', 'no', 0),
(76, 'loner', 'You find wild garlic and marsh mint clumped near the flow.', 0, 0, 0, 13, 0, -9, -3, -5, 0, 7, 0, '0', 1, 70, 0, 'https://watershiptown.pet-sim.online/images/scout.png', 'swamp', 'spring', 0, 0, 0, 'yes', 'no', 0),
(77, 'loner', 'Leeches—ugh. You stop to scrape and salt them off.', 0, 0, 0, 0, 0, -16, -8, -9, -8, -10, 0, '0', 1, 46, 1, 'https://watershiptown.pet-sim.online/images/scout.png', 'swamp', 'summer', 0, 0, 0, 'yes', 'no', 0),
(78, 'colony', 'After tide, rounded stones and pooled water are everywhere.', 0, 8, 0, 0, 12, -11, 5, -6, 0, 2, 0, '0', 1, 66, 0, 'https://watershiptown.pet-sim.online/images/scout.png', 'beach', 'any', 0, 0, 0, 'yes', 'no', 0),
(79, 'loner', 'Kelp snag hides crabs; a salty, pinchy snack.', 0, 0, 8, 0, 0, -12, -6, 4, 0, 6, 0, '0', 1, 62, 0, 'https://watershiptown.pet-sim.online/images/scout.png', 'beach', 'summer', 0, 0, 0, 'yes', 'no', 0),
(80, 'loner', 'Sharp shell slices your pad; you hobble home annoyed.', 0, 0, 0, 0, 0, -14, -7, -7, -12, -6, 1, 'Cut pad', 1, 40, 2, 'https://watershiptown.pet-sim.online/images/scout.png', 'beach', 'any', 0, 0, 0, 'yes', 'no', 0),
(81, 'colony', 'You score prickly pears and a shallow seep behind a boulder.', 0, 0, 0, 0, 9, -9, -1, -4, 0, 7, 0, '0', 1, 56, 0, 'https://watershiptown.pet-sim.online/images/scout.png', 'desert', 'summer', 0, 0, 0, 'yes', 'no', 0),
(82, 'loner', 'Dust devil tosses grit—stinging eyes and bad mood.', 0, 0, 0, 0, 0, -15, -10, -10, -10, -8, 0, '0', 1, 36, 1, 'https://watershiptown.pet-sim.online/images/scout.png', 'desert', 'summer', 0, 0, 0, 'yes', 'no', 0),
(83, 'colony', 'You nose up a frozen rill for mouthfuls of clean melt.', 0, 0, 0, 0, 10, -10, 20, -5, 0, 5, 0, '0', 1, 64, 0, 'https://watershiptown.pet-sim.online/images/scout.png', 'snowy', 'winter', 0, 0, 0, 'yes', 'no', 0),
(84, 'loner', 'Wind-burn bites your ears; you wrap your route tight.', 0, 0, 0, 0, 0, -14, -9, -9, -10, -6, 0, '0', 1, 44, 2, 'https://watershiptown.pet-sim.online/images/scout.png', 'snowy', 'winter', 0, 0, 0, 'yes', 'no', 0),
(85, 'colony', 'Collapsed den roof spills smooth river stones.', 0, 6, 0, 0, 0, -12, -6, -6, 0, 2, 0, '0', 1, 68, 0, 'https://watershiptown.pet-sim.online/images/scout.png', 'forest', 'fall', 0, 0, 0, 'yes', 'no', 0),
(86, 'loner', 'Bat guano reeks, but you spot water dripping nearby.', 0, 0, 0, 0, 7, -11, -3, -6, 0, -2, 0, '0', 1, 60, 0, 'https://watershiptown.pet-sim.online/images/scout.png', 'mountain', 'any', 0, 0, 0, 'yes', 'no', 0),
(87, 'colony', 'You mark a forager’s loop and return with a tidy bundle of sticks.', 15, 0, 0, 0, 0, -10, -5, -6, 0, 5, 0, '0', 1, 76, 0, 'https://watershiptown.pet-sim.online/images/scout.png', 'any', 'any', 0, 0, 0, 'yes', 'no', 0),
(88, 'loner', 'You follow birdsong to a clear seep and drink deeply.', 0, 0, 0, 0, 15, -8, 20, -4, 0, 8, 0, '0', 1, 78, 0, 'https://watershiptown.pet-sim.online/images/scout.png', 'any', 'spring', 0, 0, 0, 'yes', 'no', 0),
(89, 'loner', 'Shape in the brush shadows you… then fades. Nerves jangling.', 0, 0, 0, 0, 0, -8, -5, -5, 0, -6, 0, '0', 1, 50, 0, 'https://watershiptown.pet-sim.online/images/scout.png', 'any', 'any', 0, 0, 0, 'yes', 'no', 0),
(90, 'loner', 'Rogues descend without warning. You fight back into the dark.', 0, 0, 0, 0, 0, -42, -22, -22, -100, -60, 0, '0', 0, 1, 5, 'https://watershiptown.pet-sim.online/images/scout.png', 'any', 'any', 0, 0, 0, 'yes', 'no', 0),
(91, 'colony', 'You weave fallen vines into drag-lines and haul a tidy stick cache.', 20, 0, 0, 0, 0, -11, -6, -7, 0, 6, 0, '0', 1, 64, 0, 'https://watershiptown.pet-sim.online/images/scout.png', 'forest', 'any', 0, 0, 0, 'yes', 'no', 0),
(92, 'loner', 'A hollow stump hides a mouse nest—quick catch.', 0, 0, 8, 0, 0, -12, -5, 8, 0, 7, 0, '0', 1, 70, 0, 'https://watershiptown.pet-sim.online/images/scout.png', 'forest', 'any', 0, 0, 0, 'yes', 'no', 0),
(93, 'colony', 'Pine pitch gums your fur while you gather resin and twigs.', 6, 0, 0, 3, 0, -12, -6, -7, 0, -2, 0, '0', 1, 68, 0, 'https://watershiptown.pet-sim.online/images/scout.png', 'forest', 'summer', 0, 0, 0, 'yes', 'no', 0),
(94, 'loner', 'You spook a pheasant and snag only a few feathers—and your pride.', 0, 0, 2, 0, 0, -10, -6, -7, 0, -3, 0, '0', 1, 58, 0, 'https://watershiptown.pet-sim.online/images/scout.png', 'forest', 'fall', 0, 0, 0, 'yes', 'no', 0),
(95, 'colony', 'You split a dead branch for dry heartwood kindling.', 8, 0, 0, 0, 0, -14, -6, -7, 0, 5, 0, '0', 1, 76, 0, 'https://watershiptown.pet-sim.online/images/scout.png', 'mountain', 'any', 0, 0, 0, 'yes', 'no', 0),
(96, 'loner', 'A marmot whistles—then bolts; you only get a strip of meat.', 0, 0, 4, 0, 0, -15, -7, -9, 0, 5, 0, '0', 1, 60, 0, 'https://watershiptown.pet-sim.online/images/scout.png', 'mountain', 'summer', 0, 0, 0, 'yes', 'no', 0),
(97, 'loner', 'Loose gravel skids you into a thorny clump. Ouch.', 0, 0, 0, 0, 0, -16, -8, -8, -10, -6, 1, 'Thorn scratches', 1, 44, 2, 'https://watershiptown.pet-sim.online/images/scout.png', 'mountain', 'any', 0, 0, 0, 'yes', 'no', 0),
(98, 'colony', 'You braid grass ropes and drag back light, straight stems.', 7, 0, 0, 0, 0, -11, -5, -6, 0, 6, 0, '0', 1, 78, 0, 'https://watershiptown.pet-sim.online/images/scout.png', 'deserted_cave', 'any', 0, 0, 0, 'yes', 'no', 0),
(99, 'loner', 'A quail covey bursts up; you nab one in the confusion.', 0, 0, 5, 0, 0, -13, -6, -9, 0, 8, 0, '0', 1, 66, 0, 'https://watershiptown.pet-sim.online/images/scout.png', 'abandoned_house', 'spring', 0, 0, 0, 'yes', 'no', 0),
(100, 'loner', 'Heat shimmer drains you as you cross an open sweep.', 0, 0, 0, 0, 0, -12, -8, -8, 0, -7, 0, '0', 1, 52, 0, 'https://watershiptown.pet-sim.online/images/scout.png', 'desert', 'summer', 0, 0, 0, 'yes', 'no', 0),
(101, 'colony', 'You harvest cattail fluff and straight stalks for bedding and shafts.', 5, 0, 0, 2, 0, -12, -6, -7, 0, 5, 0, '0', 1, 72, 0, 'https://watershiptown.pet-sim.online/images/scout.png', 'swamp', 'fall', 0, 0, 0, 'yes', 'no', 0),
(102, 'loner', 'A slick bank crumbles; you slide into cool mud then crawl out laughing.', 0, 0, 0, 0, 6, -14, -3, -7, 0, 4, 0, '0', 1, 64, 0, 'https://watershiptown.pet-sim.online/images/scout.png', 'swamp', 'summer', 0, 0, 0, 'yes', 'no', 0),
(103, 'loner', 'Mosquito cloud swarms you—annoying beyond words.', 0, 0, 0, 0, 0, -10, -6, -6, 0, -10, 0, '0', 1, 56, 0, 'https://watershiptown.pet-sim.online/images/scout.png', 'swamp', 'any', 0, 0, 0, 'yes', 'no', 0),
(104, 'colony', 'Storm toss leaves driftwood and smooth pebbles in wrack lines.', 8, 4, 0, 0, 0, -12, -4, -7, 0, 6, 0, '0', 1, 74, 0, 'https://watershiptown.pet-sim.online/images/scout.png', 'beach', 'fall', 0, 0, 0, 'yes', 'no', 0),
(105, 'loner', 'You worry a gull off its carcass and claim a salty bite.', 0, 0, 5, 0, 0, -12, -6, -9, 0, 6, 0, '0', 1, 64, 0, 'https://watershiptown.pet-sim.online/images/scout.png', 'beach', 'any', 0, 0, 0, 'yes', 'no', 0),
(106, 'loner', 'A rogue hook snags your paw near an old pier. You pull it free.', 0, 0, 0, 0, 0, -14, -7, -7, -12, -8, 1, 'Hook puncture', 1, 42, 1, 'https://watershiptown.pet-sim.online/images/scout.png', 'beach', 'any', 0, 0, 0, 'yes', 'no', 0),
(107, 'colony', 'You shake seeds from dry heads and tap a shaded seep.', 0, 0, 0, 0, 7, -10, -2, -5, 0, 6, 0, '0', 1, 68, 0, 'https://watershiptown.pet-sim.online/images/scout.png', 'desert', 'fall', 0, 0, 0, 'yes', 'no', 0),
(108, 'loner', 'You raid a lizard basking on warm rock—quick meal.', 0, 0, 4, 0, 0, -13, -7, 5, 0, 7, 0, '0', 1, 62, 0, 'https://watershiptown.pet-sim.online/images/scout.png', 'desert', 'summer', 0, 0, 0, 'yes', 'no', 0),
(109, 'loner', 'Hot wind scours your tongue; you wrap your face and push on.', 0, 0, 0, 0, 0, -16, -10, -9, 0, -8, 0, '0', 1, 46, 0, 'https://watershiptown.pet-sim.online/images/scout.png', 'desert', 'any', 0, 0, 0, 'yes', 'no', 0),
(110, 'colony', 'You rake up dwarf willow for sparse but useful fuel.', 6, 0, 0, 0, 0, -13, -6, -7, 0, 4, 0, '0', 1, 70, 0, 'https://watershiptown.pet-sim.online/images/scout.png', 'snowy', 'winter', 0, 0, 0, 'yes', 'no', 0),
(111, 'loner', 'Hare tracks loop and you snag a lean, white feast.', 0, 0, 5, 0, 0, -14, -7, -9, 0, 9, 0, '0', 1, 60, 0, 'https://watershiptown.pet-sim.online/images/scout.png', 'snowy', 'winter', 0, 0, 0, 'yes', 'no', 0),
(112, 'loner', 'Hidden ice sheet flips you—bruised but stubborn.', 0, 0, 0, 0, 0, -12, -6, -7, -8, -5, 0, '0', 1, 48, 1, 'https://watershiptown.pet-sim.online/images/scout.png', 'snowy', 'any', 0, 0, 0, 'yes', 'no', 0),
(113, 'colony', 'You pace out a clean loop and bring home a balanced mix.', 35, 35, 20, 20, 20, -12, -5, -7, 0, 6, 0, '0', 1, 5, 0, 'https://watershiptown.pet-sim.online/images/scout.png', 'any', 'any', 0, 0, 0, 'yes', 'no', 0),
(114, 'loner', 'A sudden shower leaves puddles everywhere—easy refills.', 0, 0, 0, 0, 20, -8, 10, -4, 0, 8, 0, '0', 1, 35, 0, 'https://watershiptown.pet-sim.online/images/scout.png', 'any', 'spring', 0, 0, 0, 'yes', 'no', 0),
(115, 'loner', 'You stumble into old snares; careful cutting frees your fur.', 0, 0, 0, 0, 0, -15, -7, -8, -6, -6, 0, '0', 1, 50, 1, 'https://watershiptown.pet-sim.online/images/scout.png', 'any', 'any', 0, 0, 0, 'yes', 'no', 0),
(116, 'loner', 'Band of rogues tails you through bracken. You slip them at dusk—barely.', 0, 0, 0, 0, 0, -28, -16, -16, -22, -18, 0, '0', 1, 14, 3, 'https://watershiptown.pet-sim.online/images/scout.png', 'any', 'any', 0, 0, 0, 'yes', 'no', 0),
(117, 'colony', 'Howl echoes bring allies; you sweep an edge and rally spirits.', 0, 0, 0, 0, 0, -8, -3, -4, 0, 12, 0, '0', 1, 30, 0, 'https://watershiptown.pet-sim.online/images/scout.png', 'any', 'any', 0, 0, 0, 'yes', 'no', 0),
(118, 'loner', 'You quietly forage under fern shade, picking greens and fallen sticks.', 10, 0, 0, 12, 2, -8, -6, -6, 0, 6, 0, '0', 1, 24, 1, 'https://watershiptown.pet-sim.online/images/scout.png', 'forest', 'spring', 0, 0, 0, 'yes', 'no', 0),
(119, 'colony', 'A distant howl presses your pace; you still strip a stout haul of limbs and herbs.', 20, 0, 0, 8, 4, -22, -12, -12, -8, 6, 0, '0', 1, 58, 5, 'https://watershiptown.pet-sim.online/images/scout.png', 'forest', 'any', 0, 0, 0, 'yes', 'no', 0),
(120, 'loner', 'You skirt a shaded gulch, knocking loose a few stones and scooping a trickle of water.', 0, 8, 0, 0, 4, -10, -8, -6, 0, 4, 0, '0', 1, 70, 1, 'https://watershiptown.pet-sim.online/images/scout.png', 'desert', 'any', 0, 0, 0, 'yes', 'no', 0),
(121, 'colony', 'Open flats shimmer with heat; you drag driftwood and scree until your pads burn.', 10, 12, 0, 0, 2, -24, -16, -12, -8, -2, 1, 'Heat exhaustion', 1, 50, 5, 'https://watershiptown.pet-sim.online/images/scout.png', 'desert', 'summer', 0, 0, 0, 'yes', 'no', 0),
(122, 'loner', 'You wade slow, plucking cattail and skimming clean seep water.', 4, 0, 0, 6, 10, -10, -6, -6, 0, 5, 0, '0', 1, 74, 2, 'https://watershiptown.pet-sim.online/images/scout.png', 'swamp', 'summer', 0, 0, 0, 'yes', 'no', 0),
(123, 'colony', 'Leeches nip while you bundle willow bark and haul sloshing gourds.', 8, 0, 0, 10, 18, -22, -8, -10, -6, 7, 1, 'Leech bites', 1, 56, 5, 'https://watershiptown.pet-sim.online/images/scout.png', 'swamp', 'any', 0, 0, 0, 'yes', 'no', 0),
(124, 'loner', 'A sheltered ledge yields tidy slate and a fallen cone-littered branch.', 6, 12, 0, 0, 0, -12, -8, -8, 0, 5, 0, '0', 1, 68, 2, 'https://watershiptown.pet-sim.online/images/scout.png', 'mountain', 'any', 0, 0, 0, 'yes', 'no', 0),
(125, 'colony', 'You pry plates from scree and lash a dead pine trunk—heavy, treacherous going.', 16, 20, 0, 0, 0, -24, -12, -12, -8, 6, 0, '0', 1, 54, 5, 'https://watershiptown.pet-sim.online/images/scout.png', 'mountain', 'any', 0, 0, 0, 'yes', 'no', 0),
(126, 'loner', 'Powder hushes your steps; you gather scrub willow and carve clean ice.', 6, 0, 0, 0, 12, -12, -6, -6, 0, 6, 0, '0', 1, 72, 1, 'https://watershiptown.pet-sim.online/images/scout.png', 'snowy', 'winter', 0, 0, 0, 'yes', 'no', 0),
(127, 'colony', 'Crusted wind cuts while you strip a frozen fir and sled stone over the ice.', 12, 16, 0, 0, 0, -24, -12, -10, -10, 4, 1, 'Frost nip', 1, 52, 5, 'https://watershiptown.pet-sim.online/images/scout.png', 'snowy', 'winter', 0, 0, 0, 'yes', 'no', 0),
(128, 'loner', 'You comb tide lines for wrack—light driftwood and a few shell-stones.', 8, 4, 0, 0, 4, -10, -8, -6, 0, 7, 0, '0', 1, 76, 1, 'https://watershiptown.pet-sim.online/images/scout.png', 'beach', 'any', 0, 0, 0, 'yes', 'no', 0),
(129, 'colony', 'Surge surf bucks your haul; you wrench beams from a ruined pier.', 18, 10, 0, 0, 2, -22, -12, -10, -6, 6, 0, '0', 1, 58, 5, 'https://watershiptown.pet-sim.online/images/scout.png', 'beach', 'any', 0, 0, 0, 'yes', 'no', 0),
(130, 'loner', 'You ease through a quiet parlor, prying trim and pocketing loose bricks.', 10, 6, 0, 0, 0, -12, -6, -6, 0, 5, 0, '0', 1, 70, 1, 'https://watershiptown.pet-sim.online/images/scout.png', 'abandoned_house', 'any', 0, 0, 0, 'yes', 'no', 0),
(131, 'colony', 'A stair groans and drops you a step—splinters everywhere—but the boards are good.', 18, 12, 0, 0, 0, -20, -10, -10, -8, 3, 1, 'Splintered pad', 1, 56, 2, 'https://watershiptown.pet-sim.online/images/scout.png', 'abandoned_house', 'any', 0, 0, 0, 'yes', 'no', 0),
(132, 'loner', 'Hay dust tickles while you kick free light planks from the loft.', 12, 4, 0, 4, 0, -12, -6, -8, 0, 6, 0, '0', 1, 74, 2, 'https://watershiptown.pet-sim.online/images/scout.png', 'old_barn', 'any', 0, 0, 0, 'yes', 'no', 0),
(133, 'colony', 'You lever a ridge beam loose and stack it with bundled thatch—massive carry.', 24, 6, 0, 6, 0, -22, -10, -12, -6, 10, 0, '0', 1, 60, 1, 'https://watershiptown.pet-sim.online/images/scout.png', 'old_barn', 'any', 0, 0, 0, 'yes', 'no', 0),
(134, 'loner', 'Cool air steadies you; you chip neat blocks off a soft seam.', 0, 14, 0, 0, 0, -14, -8, -8, 0, 4, 0, '0', 1, 68, 2, 'https://watershiptown.pet-sim.online/images/scout.png', 'deserted_cave', 'any', 0, 0, 0, 'yes', 'no', 0),
(135, 'colony', 'Your lamp pops; a pebble fall grazes you as you sled rubble into slabs.', 0, 26, 0, 0, 0, -26, -12, -12, -10, 2, 1, 'Rock bruise', 1, 50, 1, 'https://watershiptown.pet-sim.online/images/scout.png', 'deserted_cave', 'any', 0, 0, 0, 'yes', 'no', 0),
(136, 'loner', 'Mossy windfall: you nose through leaf-litter and bundle minty shoots.', 10, 0, 0, 12, 4, -8, -6, -6, 0, 7, 0, '0', 1, 76, 0, 'https://watershiptown.pet-sim.online/images/scout.png', 'forest', 'spring', 0, 0, 0, 'yes', 'no', 0),
(137, 'loner', 'Thorn-thicket lane: you snag herbs and a stout branch, earning a few scratches.', 12, 0, 0, 10, 2, -16, -10, -10, -2, 4, 1, 'Scratches', 1, 64, 3, 'https://watershiptown.pet-sim.online/images/scout.png', 'forest', 'any', 0, 0, 0, 'yes', 'no', 0),
(138, 'colony', 'Rot log haul: the team flips trunks for fat bundles; spores sting your eyes.', 22, 0, 0, 14, 6, -24, -14, -12, -8, 3, 1, 'Infected scratch', 1, 52, 5, 'https://watershiptown.pet-sim.online/images/scout.png', 'forest', 'any', 0, 0, 0, 'yes', 'no', 0),
(139, 'loner', 'Shaded dune hollow: a trickle seeps; you chip a few stones and sip carefully.', 0, 10, 0, 0, 6, -10, -8, -6, 0, 3, 0, '0', 1, 74, 1, 'https://watershiptown.pet-sim.online/images/scout.png', 'desert', 'any', 0, 0, 0, 'yes', 'no', 0),
(140, 'loner', 'Prickly ravine: skirt spines, push loose rock, and find a cool pocket of water.', 6, 8, 0, 0, 6, -16, -10, -8, -2, 2, 0, '0', 1, 62, 3, 'https://watershiptown.pet-sim.online/images/scout.png', 'desert', 'any', 0, 0, 0, 'yes', 'no', 0),
(141, 'colony', 'Dust devil chase: heat shimmers while you drag driftwood and scree.', 10, 14, 0, 0, 4, -26, -18, -12, -10, -2, 1, 'Heat exhaustion', 1, 50, 5, 'https://watershiptown.pet-sim.online/images/scout.png', 'desert', 'summer', 0, 0, 0, 'yes', 'no', 0),
(142, 'loner', 'Cattail verge: you pull stalks and scoop clean seep from a root pocket.', 4, 0, 0, 10, 12, -10, -6, -6, 0, 6, 0, '0', 1, 78, 1, 'https://watershiptown.pet-sim.online/images/scout.png', 'swamp', 'summer', 0, 0, 0, 'yes', 'no', 0),
(143, 'loner', 'Wicker bend: willow bark and fen herbs are plentiful but footing is slick.', 8, 0, 0, 14, 10, -18, -8, -10, -3, 5, 1, 'Leech bites', 1, 60, 3, 'https://watershiptown.pet-sim.online/images/scout.png', 'swamp', 'any', 0, 0, 0, 'yes', 'no', 0),
(144, 'colony', 'Deep bog run: heavy bundles slosh as cold mud tugs at your legs.', 12, 0, 0, 18, 16, -24, -10, -12, -10, 4, 1, 'Bog fever', 1, 48, 5, 'https://watershiptown.pet-sim.online/images/scout.png', 'swamp', 'any', 0, 0, 0, 'yes', 'no', 0),
(145, 'loner', 'Sheltered ledge: neat slate and a resinous limb sit out of the wind.', 6, 14, 0, 0, 0, -12, -8, -8, 0, 5, 0, '0', 1, 72, 2, 'https://watershiptown.pet-sim.online/images/scout.png', 'mountain', 'any', 0, 0, 0, 'yes', 'no', 0),
(146, 'loner', 'Goat track: you pry tighter stone plates and trim a hardy bough.', 8, 18, 0, 0, 0, -18, -10, -10, -4, 4, 0, '0', 1, 60, 3, 'https://watershiptown.pet-sim.online/images/scout.png', 'mountain', 'any', 0, 0, 0, 'yes', 'no', 0),
(147, 'colony', 'Ridge cut: you lever slabs and lash a dead pine—long, brutal carry.', 12, 26, 0, 0, 0, -26, -12, -12, -10, 3, 1, 'Rock bruise', 1, 50, 5, 'https://watershiptown.pet-sim.online/images/scout.png', 'mountain', 'any', 0, 0, 0, 'yes', 'no', 0),
(148, 'loner', 'Ice shelf: you carve blocks and snap scrub willow for the den.', 6, 0, 0, 0, 12, -12, -6, -6, 0, 6, 0, '0', 1, 76, 1, 'https://watershiptown.pet-sim.online/images/scout.png', 'snowy', 'winter', 0, 0, 0, 'yes', 'no', 0),
(149, 'loner', 'Wind crust: you strip bark and gather wind-polished stones from a drift edge.', 10, 12, 0, 0, 0, -18, -10, -8, -4, 3, 0, '0', 1, 62, 3, 'https://watershiptown.pet-sim.online/images/scout.png', 'snowy', 'winter', 0, 0, 0, 'yes', 'no', 0),
(150, 'colony', 'Whiteout push: you sled stone and fir under biting gusts.', 14, 16, 0, 0, 8, -24, -12, -12, -12, 2, 1, 'Frostbite', 1, 48, 5, 'https://watershiptown.pet-sim.online/images/scout.png', 'snowy', 'winter', 0, 0, 0, 'yes', 'no', 0),
(151, 'loner', 'Kelp wrack: you gather driftwood, shell-stone, and a briny mouthful.', 10, 6, 0, 0, 6, -10, -8, -6, 0, 7, 0, '0', 1, 80, 1, 'https://watershiptown.pet-sim.online/images/scout.png', 'beach', 'any', 0, 0, 0, 'yes', 'no', 0),
(152, 'loner', 'Jetty climb: barnacles nip while you free weathered planks and pebbles.', 12, 10, 0, 0, 8, -16, -10, -8, -2, 5, 0, '0', 1, 64, 2, 'https://watershiptown.pet-sim.online/images/scout.png', 'beach', 'any', 0, 0, 0, 'yes', 'no', 0),
(153, 'colony', 'Pier bones: you wrench beams from a broken span as waves shoulder you.', 18, 12, 0, 0, 6, -22, -12, -10, -8, 4, 1, 'Salt rash', 1, 52, 5, 'https://watershiptown.pet-sim.online/images/scout.png', 'beach', 'any', 0, 0, 0, 'yes', 'no', 0),
(154, 'loner', 'Sun room: loose trim and bricks are easy pickings in the dusty light.', 12, 6, 0, 0, 0, -12, -6, -6, 0, 5, 0, '0', 1, 74, 1, 'https://watershiptown.pet-sim.online/images/scout.png', 'abandoned_house', 'any', 0, 0, 0, 'yes', 'no', 0),
(155, 'loner', 'Crawlspace: you shimmy under joists for stout boards; careful, nails.', 14, 10, 0, 0, 0, -18, -8, -10, -3, 3, 1, 'Splintered pad', 1, 60, 3, 'https://watershiptown.pet-sim.online/images/scout.png', 'abandoned_house', 'any', 0, 0, 0, 'yes', 'no', 0),
(156, 'colony', 'Tilted stairwell: the tread snaps; you grab a bundle anyway, heart racing.', 22, 14, 0, 0, 0, -24, -12, -12, -8, 2, 1, 'Nail cut', 1, 50, 5, 'https://watershiptown.pet-sim.online/images/scout.png', 'abandoned_house', 'any', 0, 0, 0, 'yes', 'no', 0),
(157, 'loner', 'Hay loft: you kick free light planks and snag a few herb bundles from the eaves.', 14, 4, 0, 6, 0, -12, -6, -8, 0, 6, 0, '0', 1, 78, 2, 'https://watershiptown.pet-sim.online/images/scout.png', 'old_barn', 'any', 0, 0, 0, 'yes', 'no', 0),
(158, 'loner', 'Feed alley: you pry slats and tie a tidy thatch roll.', 18, 6, 0, 6, 0, -18, -8, -10, -3, 5, 0, '0', 1, 62, 3, 'https://watershiptown.pet-sim.online/images/scout.png', 'old_barn', 'any', 0, 0, 0, 'yes', 'no', 0),
(159, 'colony', 'Ridge beam drop: the team lowers a heavy spar; ropes burn and teeth grit.', 26, 8, 0, 8, 0, -26, -12, -12, -8, 8, 1, 'Rope burn', 1, 50, 5, 'https://watershiptown.pet-sim.online/images/scout.png', 'old_barn', 'any', 0, 0, 0, 'yes', 'no', 0),
(160, 'loner', 'Echo chamber: you carve soft stone blocks where the ceiling sits high.', 0, 16, 0, 0, 0, -14, -8, -8, 0, 4, 0, '0', 1, 72, 2, 'https://watershiptown.pet-sim.online/images/scout.png', 'deserted_cave', 'any', 0, 0, 0, 'yes', 'no', 0),
(161, 'loner', 'Drip seam: mineral ribs split clean; the air is cool and steady.', 0, 20, 0, 0, 0, -18, -10, -10, -4, 3, 0, '0', 1, 62, 3, 'https://watershiptown.pet-sim.online/images/scout.png', 'deserted_cave', 'any', 0, 0, 0, 'yes', 'no', 0),
(162, 'colony', 'Dark squeeze: a pebble slide bruises you while you sled rubble into slabs.', 0, 28, 0, 0, 0, -26, -12, -12, -10, 2, 1, 'Rock bruise', 1, 50, 5, 'https://watershiptown.pet-sim.online/images/scout.png', 'deserted_cave', 'any', 0, 0, 0, 'yes', 'no', 0),
(163, 'loner', 'Spring blowdown: fresh windthrow litters the path with easy branches and wild garlic.', 16, 0, 0, 14, 6, -14, -8, -8, 0, 8, 0, '0', 1, 70, 2, 'https://watershiptown.pet-sim.online/images/scout.png', 'forest', 'spring', 0, 0, 0, 'yes', 'no', 0),
(164, 'loner', 'Autumn snag: you strip a fallen oak and nip peppery mushrooms along the way.', 18, 0, 0, 12, 4, -18, -10, -10, -2, 7, 0, '0', 1, 60, 3, 'https://watershiptown.pet-sim.online/images/scout.png', 'forest', 'fall', 0, 0, 0, 'yes', 'no', 0),
(165, 'colony', 'Winter haul: a trunk jam across the creek becomes beams with a grueling drag.', 26, 0, 0, 10, 3, -26, -12, -12, -8, 4, 1, 'Strained shoulder', 1, 48, 5, 'https://watershiptown.pet-sim.online/images/scout.png', 'forest', 'winter', 0, 0, 0, 'yes', 'no', 0),
(166, 'loner', 'Monsoon swale: washed gravel yields good stone and a pooled sip of water.', 0, 16, 0, 0, 8, -12, -8, -8, 0, 4, 0, '0', 1, 72, 2, 'https://watershiptown.pet-sim.online/images/scout.png', 'desert', 'summer', 0, 0, 0, 'yes', 'no', 0),
(167, 'loner', 'Night chill trek: you pry scree plates; frost keeps thirst tame—for now.', 0, 18, 0, 0, 4, -16, -6, -8, -2, 3, 0, '0', 1, 66, 2, 'https://watershiptown.pet-sim.online/images/scout.png', 'desert', 'winter', 0, 0, 0, 'yes', 'no', 0),
(168, 'colony', 'Salt-pan push: glare and heat bite as you drag drift-limbs across crunching flats.', 12, 14, 0, 0, 6, -24, -16, -12, -8, -2, 1, 'Heat exhaustion', 1, 50, 2, 'https://watershiptown.pet-sim.online/images/scout.png', 'desert', 'any', 0, 0, 0, 'yes', 'no', 0),
(169, 'loner', 'Spring bloom: cattail hearts and mint crowd the shallows; you bundle them clean.', 6, 0, 0, 16, 12, -12, -6, -8, 0, 9, 0, '0', 1, 74, 1, 'https://watershiptown.pet-sim.online/images/scout.png', 'swamp', 'spring', 0, 0, 0, 'yes', 'no', 0),
(170, 'loner', 'Autumn peat edge: willow switches and resin-rich roots come up with effort.', 10, 0, 0, 12, 8, -18, -8, -10, -2, 5, 0, '0', 1, 62, 3, 'https://watershiptown.pet-sim.online/images/scout.png', 'swamp', 'fall', 0, 0, 0, 'yes', 'no', 0),
(171, 'colony', 'Summer mire run: waist-deep sludge tugs your legs as leeches nip at your flanks.', 14, 0, 0, 18, 10, -24, -10, -12, -10, 2, 1, 'Leech bites', 1, 48, 5, 'https://watershiptown.pet-sim.online/images/scout.png', 'swamp', 'summer', 0, 0, 0, 'yes', 'no', 0),
(172, 'loner', 'Spring thaw fall: a boulder spill gifts squared plates and a stout fir limb.', 10, 20, 0, 0, 0, -16, -10, -10, -2, 4, 0, '0', 1, 66, 3, 'https://watershiptown.pet-sim.online/images/scout.png', 'mountain', 'spring', 0, 0, 0, 'yes', 'no', 0),
(173, 'loner', 'Autumn ridge: resinous knots and sharp slate ride the wind-scoured crest.', 8, 18, 0, 0, 0, -18, -10, -10, -4, 3, 0, '0', 1, 60, 3, 'https://watershiptown.pet-sim.online/images/scout.png', 'mountain', 'fall', 0, 0, 0, 'yes', 'no', 0),
(174, 'colony', 'Summer quarry face: the team levers a seam—backbreaking but rich.', 12, 28, 0, 0, 0, -26, -12, -12, -10, 2, 1, 'Rock bruise', 1, 50, 5, 'https://watershiptown.pet-sim.online/images/scout.png', 'mountain', 'summer', 0, 0, 0, 'yes', 'no', 0),
(175, 'loner', 'Late-winter drip: you cut blocks from a softened bank and peel bark from hardy willow.', 8, 0, 0, 0, 10, -12, -6, -6, 0, 6, 0, '0', 1, 76, 1, 'https://watershiptown.pet-sim.online/images/scout.png', 'snowy', 'winter', 0, 0, 0, 'yes', 'no', 0),
(176, 'loner', 'Spring crust: sap-sweet twigs and wind-polished pebbles lie on the firm snow.', 10, 10, 0, 0, 0, -16, -8, -8, -2, 5, 0, '0', 1, 66, 2, 'https://watershiptown.pet-sim.online/images/scout.png', 'snowy', 'spring', 0, 0, 0, 'yes', 'no', 0),
(177, 'colony', 'Blizzard tail: you lash spruce and ice-brick while gusts knuckle your ears.', 16, 12, 0, 0, 8, -24, -12, -12, -12, 2, 1, 'Frostbite', 1, 48, 5, 'https://watershiptown.pet-sim.online/images/scout.png', 'snowy', 'winter', 0, 0, 0, 'yes', 'no', 0),
(178, 'loner', 'Storm wrack: a fat tangle of kelp hides good driftwood and brine pools.', 16, 8, 0, 0, 8, -12, -8, -8, 0, 8, 0, '0', 1, 78, 2, 'https://watershiptown.pet-sim.online/images/scout.png', 'beach', 'fall', 0, 0, 0, 'yes', 'no', 0),
(179, 'loner', 'Low tide seam: you pry smooth pebbles under a long sunbeam, snagging planks nearby.', 14, 12, 0, 0, 6, -16, -10, -8, -2, 6, 0, '0', 1, 64, 2, 'https://watershiptown.pet-sim.online/images/scout.png', 'beach', 'any', 0, 0, 0, 'yes', 'no', 0),
(180, 'colony', 'King tide salvage: waves snap at your heels as you shoulder beams off the sandbar.', 20, 12, 0, 0, 6, -22, -12, -12, -8, 4, 1, 'Salt rash', 1, 52, 5, 'https://watershiptown.pet-sim.online/images/scout.png', 'beach', 'any', 0, 0, 0, 'yes', 'no', 0),
(181, 'loner', 'Back porch shed: loose planks and a stack of old bricks lie in easy reach.', 16, 10, 0, 0, 0, -12, -6, -6, 0, 6, 0, '0', 1, 74, 1, 'https://watershiptown.pet-sim.online/images/scout.png', 'abandoned_house', 'any', 0, 0, 0, 'yes', 'no', 0),
(182, 'loner', 'Garden ruin: trellis wood and volunteer herbs crowd a crumbling bed.', 14, 6, 0, 12, 0, -16, -6, -8, -2, 8, 0, '0', 1, 66, 2, 'https://watershiptown.pet-sim.online/images/scout.png', 'abandoned_house', 'spring', 0, 0, 0, 'yes', 'no', 0),
(183, 'colony', 'Hallway collapse: you brace the joist, wrench boards, and dodge raining plaster.', 24, 14, 0, 0, 0, -24, -12, -12, -8, 2, 1, 'Nail cut', 1, 50, 5, 'https://watershiptown.pet-sim.online/images/scout.png', 'abandoned_house', 'any', 0, 0, 0, 'yes', 'no', 0),
(184, 'loner', 'Stall run: you rip straight slats and collect thyme sprigs from sunny cracks.', 20, 6, 0, 8, 0, -14, -6, -8, 0, 7, 0, '0', 1, 76, 2, 'https://watershiptown.pet-sim.online/images/scout.png', 'old_barn', 'summer', 0, 0, 0, 'yes', 'no', 0),
(185, 'loner', 'Loft ladder: careful steps win you long planks and a nest of dry thatch.', 18, 6, 0, 6, 0, -18, -8, -10, -2, 6, 0, '0', 1, 64, 3, 'https://watershiptown.pet-sim.online/images/scout.png', 'old_barn', 'any', 0, 0, 0, 'yes', 'no', 0),
(186, 'colony', 'Sill beam pry: the crew frees a massive runner; splinters bite deep.', 28, 10, 0, 8, 0, -26, -12, -12, -10, 2, 1, 'Splintered pad', 1, 50, 5, 'https://watershiptown.pet-sim.online/images/scout.png', 'old_barn', 'any', 0, 0, 0, 'yes', 'no', 0),
(187, 'loner', 'Shard pocket: breakaway ribs give tidy blocks; cool drip eases your tongue.', 0, 18, 0, 0, 6, -14, -8, -8, 0, 4, 0, '0', 1, 70, 2, 'https://watershiptown.pet-sim.online/images/scout.png', 'deserted_cave', 'any', 0, 0, 0, 'yes', 'no', 0),
(188, 'loner', 'Calcite ramp: you wedge plates from a creamy vein and stash them by the mouth.', 0, 22, 0, 0, 0, -18, -10, -10, -2, 3, 0, '0', 1, 62, 3, 'https://watershiptown.pet-sim.online/images/scout.png', 'deserted_cave', 'any', 0, 0, 0, 'yes', 'no', 0),
(189, 'colony', 'Echo chute: gravel sloughs—no one panics—and soon a sled groans under the haul.', 0, 30, 0, 0, 0, -26, -12, -12, -10, 3, 1, 'Rock bruise', 1, 50, 5, 'https://watershiptown.pet-sim.online/images/scout.png', 'deserted_cave', 'any', 0, 0, 0, 'yes', 'no', 0),
(190, 'loner', 'Forest carrion cache: a fox left scraps; you salvage carefully with a grimace.', 0, 0, 6, 6, 0, -10, -6, -6, -2, -2, 1, 'Queasy belly', 1, 58, 2, 'https://watershiptown.pet-sim.online/images/scout.png', 'forest', 'any', 0, 0, 0, 'yes', 'no', 0),
(191, 'loner', 'Beach tideline mussels: you pry a few and wedge driftwood while gulls complain.', 8, 6, 4, 0, 4, -12, -8, -8, 0, 6, 0, '0', 1, 62, 2, 'https://watershiptown.pet-sim.online/images/scout.png', 'beach', 'any', 0, 0, 0, 'yes', 'no', 0),
(192, 'loner', 'Snowy trap spring: an old snare yields a small hare—plus solid twigs nearby.', 6, 0, 6, 0, 0, -14, -8, -8, -2, 5, 0, '0', 1, 56, 3, 'https://watershiptown.pet-sim.online/images/scout.png', 'snowy', 'winter', 0, 0, 0, 'yes', 'no', 0),
(193, 'loner', 'Spring surge: glades explode with ramps and mint; windfall limbs from last storm pile high.', 22, 0, 0, 24, 8, -22, -6, -10, 0, 10, 0, '0', 1, 10, 3, 'https://watershiptown.pet-sim.online/images/scout.png', 'forest', 'spring', 0, 0, 0, 'yes', 'no', 0),
(194, 'loner', 'Mirage crossing: rich talus seam found, but the sun wrings you dry.', 0, 26, 0, 0, 4, -24, 12, 6, -4, -6, 0, '0', 1, 8, 5, 'https://watershiptown.pet-sim.online/images/scout.png', 'desert', 'summer', 0, 0, 0, 'yes', 'no', 0),
(195, 'colony', 'Blooming mire: cattails, pennywort, and willow bark everywhere—watch the leeches.', 10, 0, 0, 26, 12, -18, -6, -10, -4, 6, 1, 'Swamp itch', 1, 9, 4, 'https://watershiptown.pet-sim.online/images/scout.png', 'swamp', 'spring', 0, 0, 0, 'yes', 'no', 0),
(196, 'colony', 'Rockfall seam: a fresh slide exposes perfect plates; prybars sing, paws ache.', 8, 32, 0, 0, 0, -26, 6, -8, -10, 4, 1, 'Rock bruise', 1, 10, 5, 'https://watershiptown.pet-sim.online/images/scout.png', 'mountain', 'summer', 0, 0, 0, 'yes', 'no', 0),
(197, 'loner', 'Thaw window: sappy twigs and meltwater rills—move fast before the crust gives.', 14, 10, 0, 0, 10, -16, -4, -6, -2, 6, 0, '0', 1, 11, 2, 'https://watershiptown.pet-sim.online/images/scout.png', 'snowy', 'spring', 0, 0, 0, 'yes', 'no', 0),
(198, 'colony', 'Storm salvage: a rare beam cache rides the wrack; salt spray stings your tongue.', 26, 12, 0, 0, 6, -22, 8, -10, -4, 5, 0, '0', 1, 9, 4, 'https://watershiptown.pet-sim.online/images/scout.png', 'beach', 'any', 0, 0, 0, 'yes', 'no', 0),
(199, 'loner', 'Attic jackpot: long, dry floorboards and brick stacks—mind the nails and dust.', 28, 12, 0, 0, 0, -22, 2, -8, -6, 3, 1, 'Dust cough', 1, 8, 4, 'https://watershiptown.pet-sim.online/images/scout.png', 'abandoned_house', 'any', 0, 0, 0, 'yes', 'no', 0),
(200, 'loner', 'Hay motherlode: straight slats, herb sprigs in the rafters, and dry thatch by the armful.', 22, 8, 0, 12, 0, -18, -4, -10, 0, 8, 0, '0', 1, 10, 3, 'https://watershiptown.pet-sim.online/images/scout.png', 'old_barn', 'summer', 0, 0, 0, 'yes', 'no', 0),
(201, 'colony', 'Crystal chamber: sediment ribs cleave to blocks; echoes sharpen your nerves.', 0, 34, 0, 0, 0, -26, 10, -8, -6, 4, 0, '0', 1, 8, 5, 'https://watershiptown.pet-sim.online/images/scout.png', 'deserted_cave', 'any', 0, 0, 0, 'yes', 'no', 0),
(202, 'loner', 'Mast windfall: while gathering beams you uncover herb clusters under the leaves.', 24, 6, 0, 18, 4, -20, -6, -10, -2, 9, 0, '0', 1, 12, 3, 'https://watershiptown.pet-sim.online/images/scout.png', 'forest', 'fall', 0, 0, 0, 'yes', 'no', 0),
(203, 'loner', 'Cold clarity: frigid air steadies your paws; shale plates lift clean from the slope.', 0, 24, 0, 0, 4, -18, 4, -8, -2, 5, 0, '0', 1, 11, 3, 'https://watershiptown.pet-sim.online/images/scout.png', 'desert', 'winter', 0, 0, 0, 'yes', 'no', 0),
(204, 'colony', 'Peat spine: a raised strand gives solid footing for heavy willow and medicine haul.', 12, 0, 0, 22, 8, -20, -6, -10, -4, 6, 0, '0', 1, 10, 4, 'https://watershiptown.pet-sim.online/images/scout.png', 'swamp', 'fall', 0, 0, 0, 'yes', 'no', 0),
(205, 'loner', 'Avalanche porch: edge of the slide reveals firm ledges and squared boulders.', 6, 28, 0, 0, 0, -22, 6, -8, -8, 3, 0, '0', 1, 9, 5, 'https://watershiptown.pet-sim.online/images/scout.png', 'mountain', 'spring', 0, 0, 0, 'yes', 'no', 0),
(206, 'colony', 'Blue ice shelf: knee-buckling pull yields straight spruce and clean ice blocks.', 18, 10, 0, 0, 12, -24, 6, -10, -10, 4, 1, 'Frostnip', 1, 8, 5, 'https://watershiptown.pet-sim.online/images/scout.png', 'snowy', 'winter', 0, 0, 0, 'yes', 'no', 0),
(207, 'loner', 'River mouth bonanza: freshet dumps pebbles and timber along a lucky splitbar.', 22, 16, 0, 0, 8, -20, -4, -10, -2, 8, 0, '0', 1, 12, 3, 'https://watershiptown.pet-sim.online/images/scout.png', 'beach', 'spring', 0, 0, 0, 'yes', 'no', 0),
(208, 'loner', 'Cellar cache: stacked pavers and paneled doors—musty air nips your lungs.', 20, 16, 0, 0, 0, -20, 2, -8, -6, 3, 1, 'Musty lungs', 1, 9, 4, 'https://watershiptown.pet-sim.online/images/scout.png', 'abandoned_house', 'fall', 0, 0, 0, 'yes', 'no', 0),
(209, 'colony', 'Ridge beam haul: the whole frame groans as you free a colossal runner.', 30, 10, 0, 8, 0, -26, -4, -12, -10, 3, 1, 'Strained shoulder', 1, 8, 5, 'https://watershiptown.pet-sim.online/images/scout.png', 'old_barn', 'any', 0, 0, 0, 'yes', 'no', 0),
(210, 'loner', 'Chimney pocket: hidden pocket of scree-sized blocks—perfect for quick walls.', 0, 26, 0, 0, 0, -18, 6, -8, -4, 4, 0, '0', 1, 11, 4, 'https://watershiptown.pet-sim.online/images/scout.png', 'deserted_cave', 'any', 0, 0, 0, 'yes', 'no', 0);

-- --------------------------------------------------------

--
-- Table structure for table `scout_logs`
--

CREATE TABLE `scout_logs` (
  `id` int(11) NOT NULL,
  `pet_id` int(11) NOT NULL,
  `user_id` int(11) NOT NULL,
  `date` date NOT NULL,
  `scouts_used` int(11) DEFAULT 1,
  `event_id` int(11) DEFAULT NULL
) ENGINE=InnoDB DEFAULT CHARSET=latin1 COLLATE=latin1_swedish_ci;

--
-- Dumping data for table `scout_logs`
--

INSERT INTO `scout_logs` (`id`, `pet_id`, `user_id`, `date`, `scouts_used`, `event_id`) VALUES
(1, 1, 3, '2025-10-09', 1, 181),
(2, 1, 3, '2025-10-09', 1, 143),
(3, 1, 3, '2025-10-09', 1, 46),
(4, 1, 3, '2025-10-09', 1, 4),
(5, 1, 3, '2025-10-09', 1, 172),
(6, 56, 13, '2025-10-09', 1, 158),
(7, 56, 13, '2025-10-09', 1, 62),
(8, 56, 13, '2025-10-09', 1, 135),
(9, 58, 13, '2025-10-09', 1, 179),
(10, 58, 13, '2025-10-09', 1, 188),
(11, 58, 13, '2025-10-09', 1, 126),
(12, 58, 13, '2025-10-09', 1, 65),
(13, 58, 13, '2025-10-09', 1, 183),
(14, 5, 5, '2025-10-09', 1, 175),
(15, 7, 6, '2025-10-09', 1, 105),
(16, 7, 6, '2025-10-09', 1, 74),
(17, 7, 6, '2025-10-09', 1, 121),
(18, 71, 11, '2025-10-10', 1, 69),
(19, 71, 11, '2025-10-10', 1, 160),
(20, 71, 11, '2025-10-10', 1, 54),
(21, 71, 11, '2025-10-10', 1, 185),
(22, 71, 11, '2025-10-10', 1, 115),
(23, 71, 11, '2025-10-10', 1, 144),
(24, 73, 11, '2025-10-10', 1, 79),
(25, 73, 11, '2025-10-10', 1, 83),
(26, 73, 11, '2025-10-10', 1, 27),
(27, 73, 11, '2025-10-10', 1, 185),
(28, 73, 11, '2025-10-10', 1, 110),
(29, 73, 11, '2025-10-10', 1, 63),
(30, 54, 13, '2025-10-10', 1, 73),
(31, 54, 13, '2025-10-10', 1, 132),
(32, 54, 13, '2025-10-10', 1, 108),
(33, 54, 13, '2025-10-10', 1, 98),
(34, 54, 13, '2025-10-10', 1, 73),
(35, 54, 13, '2025-10-10', 1, 50),
(36, 54, 13, '2025-10-10', 1, 152),
(37, 54, 13, '2025-10-10', 1, 159),
(38, 79, 11, '2025-10-10', 1, 137),
(39, 79, 11, '2025-10-10', 1, 145),
(40, 79, 11, '2025-10-10', 1, 120),
(41, 79, 11, '2025-10-10', 1, 191),
(42, 79, 11, '2025-10-10', 1, 131),
(43, 79, 11, '2025-10-10', 1, 80),
(44, 47, 6, '2025-10-10', 1, 139),
(45, 47, 6, '2025-10-10', 1, 169),
(46, 47, 6, '2025-10-10', 1, 169),
(47, 47, 6, '2025-10-10', 1, 147),
(48, 47, 6, '2025-10-10', 1, 32),
(49, 47, 6, '2025-10-10', 1, 37),
(50, 47, 6, '2025-10-10', 1, 169),
(51, 47, 6, '2025-10-10', 1, 66),
(52, 88, 18, '2025-10-10', 1, 65),
(53, 88, 18, '2025-10-10', 1, 118),
(54, 88, 18, '2025-10-10', 1, 173),
(55, 88, 18, '2025-10-10', 1, 50),
(56, 88, 18, '2025-10-10', 1, 148),
(57, 88, 18, '2025-10-10', 1, 158),
(58, 33, 10, '2025-10-11', 1, 69),
(59, 33, 10, '2025-10-11', 1, 170),
(60, 33, 10, '2025-10-11', 1, 141),
(61, 33, 10, '2025-10-11', 1, 96),
(62, 33, 10, '2025-10-11', 1, 50),
(63, 33, 10, '2025-10-11', 1, 133),
(64, 101, 22, '2025-10-11', 1, 4),
(65, 101, 22, '2025-10-11', 1, 150),
(66, 101, 22, '2025-10-11', 1, 107),
(67, 101, 22, '2025-10-11', 1, 104),
(68, 101, 22, '2025-10-11', 1, 49),
(69, 101, 22, '2025-10-11', 1, 187),
(70, 101, 22, '2025-10-11', 1, 157),
(71, 7, 6, '2025-10-12', 1, 167),
(72, 7, 6, '2025-10-12', 1, 51),
(73, 247, 23, '2025-10-12', 1, 184),
(74, 247, 23, '2025-10-12', 1, 133),
(75, 247, 23, '2025-10-12', 1, 89),
(76, 247, 23, '2025-10-12', 1, 121),
(77, 47, 6, '2025-10-13', 1, 72),
(78, 47, 6, '2025-10-13', 1, 111),
(79, 47, 6, '2025-10-13', 1, 137),
(80, 7, 6, '2025-10-13', 1, 112),
(81, 7, 6, '2025-10-14', 1, 58),
(82, 7, 6, '2025-10-14', 1, 74),
(83, 7, 6, '2025-10-14', 1, 27),
(84, 33, 10, '2025-10-15', 1, 157),
(85, 33, 10, '2025-10-15', 1, 161),
(86, 33, 10, '2025-10-15', 1, 49),
(87, 33, 10, '2025-10-15', 1, 184),
(88, 33, 10, '2025-10-15', 1, 73),
(89, 33, 10, '2025-10-15', 1, 96),
(90, 33, 10, '2025-10-15', 1, 169),
(91, 33, 10, '2025-10-15', 1, 104),
(92, 47, 6, '2025-10-15', 1, 24),
(93, 47, 6, '2025-10-15', 1, 108),
(94, 47, 6, '2025-10-15', 1, 85),
(95, 47, 6, '2025-10-15', 1, 98),
(96, 46, 11, '2025-10-16', 1, 175),
(97, 46, 11, '2025-10-16', 1, 157),
(98, 46, 11, '2025-10-16', 1, 187),
(99, 46, 11, '2025-10-16', 1, 108),
(100, 46, 11, '2025-10-16', 1, 33),
(101, 46, 11, '2025-10-16', 1, 174),
(102, 73, 11, '2025-10-16', 1, 1),
(103, 73, 11, '2025-10-16', 1, 39),
(104, 73, 11, '2025-10-16', 1, 76),
(105, 73, 11, '2025-10-16', 1, 151),
(106, 73, 11, '2025-10-16', 1, 51),
(107, 73, 11, '2025-10-16', 1, 104),
(108, 73, 11, '2025-10-16', 1, 71),
(109, 79, 11, '2025-10-16', 1, 75),
(110, 79, 11, '2025-10-16', 1, 157),
(111, 79, 11, '2025-10-16', 1, 148),
(112, 79, 11, '2025-10-16', 1, 67),
(113, 79, 11, '2025-10-16', 1, 173),
(114, 79, 11, '2025-10-16', 1, 30),
(115, 47, 6, '2025-10-17', 1, 204),
(116, 47, 6, '2025-10-17', 1, 29),
(117, 47, 6, '2025-10-17', 1, 112),
(118, 47, 6, '2025-10-19', 1, 167),
(119, 47, 6, '2025-10-19', 1, 176),
(120, 47, 6, '2025-10-19', 1, 68),
(121, 47, 6, '2025-10-19', 1, 166),
(122, 47, 6, '2025-10-19', 1, 196),
(123, 47, 6, '2025-10-19', 1, 76),
(124, 47, 6, '2025-10-19', 1, 124),
(125, 47, 6, '2025-10-19', 1, 150),
(126, 7, 6, '2025-10-19', 1, 83),
(127, 69, 11, '2025-10-23', 1, 57),
(128, 33, 10, '2025-10-24', 1, 62),
(129, 33, 10, '2025-10-24', 1, 131),
(130, 33, 10, '2025-10-24', 1, 179),
(131, 33, 10, '2025-10-24', 1, 179),
(132, 33, 10, '2025-10-24', 1, 163),
(133, 46, 11, '2025-10-25', 1, 49),
(134, 46, 11, '2025-10-25', 1, 67),
(135, 46, 11, '2025-10-25', 1, 151),
(136, 46, 11, '2025-10-25', 1, 173),
(137, 46, 11, '2025-10-25', 1, 144),
(138, 73, 11, '2025-10-25', 1, 95),
(139, 73, 11, '2025-10-25', 1, 94),
(140, 73, 11, '2025-10-25', 1, 203),
(141, 73, 11, '2025-10-25', 1, 132),
(142, 73, 11, '2025-10-25', 1, 192),
(143, 73, 11, '2025-10-25', 1, 108),
(144, 73, 11, '2025-10-25', 1, 179),
(145, 73, 11, '2025-10-25', 1, 44),
(146, 265, 11, '2025-10-25', 1, 172),
(147, 46, 11, '2025-10-31', 1, 65),
(148, 46, 11, '2025-10-31', 1, 124),
(149, 46, 11, '2025-10-31', 1, 136),
(150, 46, 11, '2025-10-31', 1, 48),
(151, 46, 11, '2025-10-31', 1, 139),
(152, 46, 11, '2025-10-31', 1, 84),
(153, 46, 11, '2025-10-31', 1, 127),
(154, 95, 15, '2025-10-31', 1, 164),
(155, 95, 15, '2025-10-31', 1, 172),
(156, 95, 15, '2025-10-31', 1, 55),
(157, 95, 15, '2025-10-31', 1, 169),
(158, 95, 15, '2025-10-31', 1, 39),
(159, 95, 15, '2025-10-31', 1, 163),
(160, 95, 15, '2025-10-31', 1, 104),
(161, 95, 15, '2025-10-31', 1, 147),
(162, 69, 11, '2025-11-01', 1, 138),
(163, 69, 11, '2025-11-01', 1, 34),
(164, 71, 11, '2025-11-01', 1, 125),
(165, 71, 11, '2025-11-01', 1, 168),
(166, 71, 11, '2025-11-01', 1, 29),
(167, 71, 11, '2025-11-01', 1, 100),
(168, 71, 11, '2025-11-01', 1, 53),
(169, 71, 11, '2025-11-01', 1, 50),
(170, 47, 6, '2025-11-01', 1, 147),
(171, 47, 6, '2025-11-01', 1, 58),
(172, 47, 6, '2025-11-01', 1, 29),
(173, 47, 6, '2025-11-01', 1, 191),
(174, 47, 6, '2025-11-01', 1, 145),
(175, 47, 6, '2025-11-01', 1, 128),
(176, 47, 6, '2025-11-01', 1, 187),
(177, 47, 6, '2025-11-01', 1, 85),
(178, 47, 6, '2025-11-01', 1, 69),
(179, 340, 29, '2025-11-02', 1, 79),
(180, 340, 29, '2025-11-02', 1, 119),
(181, 340, 29, '2025-11-02', 1, 163),
(182, 340, 29, '2025-11-02', 1, 29),
(183, 340, 29, '2025-11-02', 1, 69),
(184, 47, 6, '2025-11-04', 1, 173),
(185, 47, 6, '2025-11-04', 1, 147),
(186, 47, 6, '2025-11-04', 1, 184),
(187, 46, 11, '2025-11-05', 1, 89),
(188, 46, 11, '2025-11-05', 1, 160),
(189, 46, 11, '2025-11-05', 1, 140),
(190, 46, 11, '2025-11-05', 1, 81),
(191, 46, 11, '2025-11-05', 1, 92),
(192, 280, 15, '2025-11-05', 1, 2),
(193, 280, 15, '2025-11-05', 1, 53),
(194, 280, 15, '2025-11-05', 1, 176),
(195, 280, 15, '2025-11-05', 1, 153),
(196, 95, 15, '2025-11-05', 1, 112),
(197, 95, 15, '2025-11-05', 1, 85),
(198, 95, 15, '2025-11-05', 1, 100),
(199, 95, 15, '2025-11-05', 1, 47),
(200, 95, 15, '2025-11-05', 1, 62),
(201, 95, 15, '2025-11-05', 1, 102),
(202, 505, 31, '2025-11-27', 1, 84),
(203, 505, 31, '2025-11-27', 1, 47),
(204, 505, 31, '2025-11-27', 1, 53),
(205, 505, 31, '2025-11-27', 1, 142),
(206, 505, 31, '2025-11-27', 1, 195),
(207, 7, 6, '2025-11-28', 1, 73),
(208, 47, 6, '2025-11-28', 1, 49),
(209, 47, 6, '2025-11-28', 1, 187),
(210, 47, 6, '2025-11-28', 1, 166),
(211, 47, 6, '2025-11-28', 1, 49),
(212, 26, 9, '2025-11-29', 1, 152),
(213, 26, 9, '2025-11-29', 1, 94),
(214, 26, 9, '2025-11-29', 1, 82),
(215, 26, 9, '2025-11-29', 1, 145),
(216, 26, 9, '2025-11-29', 1, 123),
(217, 26, 9, '2025-11-29', 1, 78),
(218, 505, 31, '2025-11-29', 1, 136),
(219, 505, 31, '2025-11-29', 1, 166),
(220, 505, 31, '2025-11-29', 1, 167),
(221, 505, 31, '2025-11-29', 1, 138),
(222, 515, 31, '2025-11-29', 1, 3),
(223, 515, 31, '2025-11-29', 1, 128),
(224, 515, 31, '2025-11-29', 1, 106),
(225, 514, 31, '2025-11-29', 1, 130),
(226, 514, 31, '2025-11-29', 1, 97),
(227, 509, 31, '2025-11-29', 1, 33),
(228, 509, 31, '2025-11-29', 1, 111),
(229, 509, 31, '2025-11-29', 1, 146),
(230, 509, 31, '2025-11-29', 1, 54),
(231, 509, 31, '2025-11-29', 1, 161),
(232, 509, 31, '2025-11-29', 1, 112),
(233, 505, 31, '2025-12-01', 1, 36),
(234, 514, 31, '2025-12-01', 1, 140),
(235, 514, 31, '2025-12-01', 1, 147),
(236, 514, 31, '2025-12-01', 1, 29),
(237, 514, 31, '2025-12-01', 1, 151),
(238, 505, 31, '2025-12-01', 1, 164),
(239, 505, 31, '2025-12-01', 1, 120),
(240, 509, 31, '2025-12-01', 1, 171),
(241, 505, 31, '2025-12-02', 1, 169),
(242, 515, 31, '2025-12-03', 1, 31),
(243, 515, 31, '2025-12-03', 1, 151),
(244, 515, 31, '2025-12-03', 1, 145),
(245, 515, 31, '2025-12-03', 1, 185),
(246, 515, 31, '2025-12-03', 1, 174),
(247, 515, 31, '2025-12-03', 1, 131),
(248, 514, 31, '2025-12-03', 1, 176),
(249, 514, 31, '2025-12-03', 1, 176),
(250, 514, 31, '2025-12-03', 1, 198),
(251, 514, 31, '2025-12-03', 1, 72),
(252, 514, 31, '2025-12-03', 1, 93),
(253, 514, 31, '2025-12-03', 1, 99),
(254, 505, 31, '2025-12-04', 1, 153),
(255, 505, 31, '2025-12-04', 1, 67),
(256, 505, 31, '2025-12-04', 1, 154),
(257, 505, 31, '2025-12-04', 1, 95),
(258, 505, 31, '2025-12-05', 1, 143),
(259, 506, 31, '2025-12-06', 1, 157),
(260, 506, 31, '2025-12-06', 1, 149),
(261, 545, 31, '2025-12-06', 1, 180),
(262, 515, 31, '2025-12-06', 1, 79),
(263, 505, 31, '2025-12-13', 1, 80),
(264, 506, 31, '2025-12-13', 1, 137),
(265, 586, 31, '2025-12-14', 1, 51),
(266, 586, 31, '2025-12-14', 1, 155),
(267, 505, 31, '2025-12-15', 1, 92),
(268, 505, 31, '2025-12-15', 1, 167),
(269, 505, 31, '2025-12-15', 1, 150),
(270, 506, 31, '2025-12-15', 1, 156),
(271, 586, 31, '2025-12-15', 1, 129),
(272, 566, 31, '2025-12-15', 1, 82),
(273, 566, 31, '2025-12-15', 1, 148),
(274, 566, 31, '2025-12-15', 1, 179),
(275, 566, 31, '2025-12-15', 1, 79),
(276, 566, 31, '2025-12-15', 1, 106),
(277, 566, 31, '2025-12-15', 1, 92),
(278, 566, 31, '2025-12-15', 1, 184),
(279, 545, 31, '2025-12-15', 1, 80),
(280, 64, 6, '2025-12-15', 1, 65),
(281, 242, 6, '2025-12-16', 1, 112),
(282, 242, 6, '2025-12-16', 1, 126),
(283, 242, 6, '2025-12-16', 1, 133),
(284, 242, 6, '2025-12-16', 1, 101),
(285, 242, 6, '2025-12-16', 1, 70),
(286, 242, 6, '2025-12-16', 1, 175);

-- --------------------------------------------------------

--
-- Table structure for table `settings`
--

CREATE TABLE `settings` (
  `id` int(11) NOT NULL,
  `name` varchar(100) NOT NULL,
  `value` varchar(255) NOT NULL DEFAULT '',
  `registration_open` tinyint(1) NOT NULL DEFAULT 1
) ENGINE=InnoDB DEFAULT CHARSET=utf8mb4 COLLATE=utf8mb4_general_ci;

--
-- Dumping data for table `settings`
--

INSERT INTO `settings` (`id`, `name`, `value`, `registration_open`) VALUES
(1, 'maintenance_mode', '0', 1);

-- --------------------------------------------------------

--
-- Table structure for table `shops`
--

CREATE TABLE `shops` (
  `id` int(11) NOT NULL,
  `name` varchar(100) NOT NULL,
  `description` text DEFAULT NULL,
  `is_active` tinyint(1) DEFAULT 1
) ENGINE=InnoDB DEFAULT CHARSET=utf8mb4 COLLATE=utf8mb4_unicode_ci;

--
-- Dumping data for table `shops`
--

INSERT INTO `shops` (`id`, `name`, `description`, `is_active`) VALUES
(4, 'Tokens', 'Buy Tokens Here!', 1);

-- --------------------------------------------------------

--
-- Table structure for table `shop_items`
--

CREATE TABLE `shop_items` (
  `id` int(11) NOT NULL,
  `name` varchar(100) NOT NULL,
  `image` varchar(255) DEFAULT NULL,
  `price` int(11) NOT NULL,
  `type` varchar(50) DEFAULT 'general'
) ENGINE=InnoDB DEFAULT CHARSET=utf8mb4 COLLATE=utf8mb4_unicode_ci;

-- --------------------------------------------------------

--
-- Table structure for table `sleeping_den`
--

CREATE TABLE `sleeping_den` (
  `id` int(10) UNSIGNED NOT NULL,
  `pet_id` int(10) UNSIGNED NOT NULL,
  `user_id` int(10) UNSIGNED NOT NULL,
  `colony_id` int(10) UNSIGNED DEFAULT NULL,
  `planned_hours` tinyint(3) UNSIGNED NOT NULL,
  `start_at` datetime NOT NULL,
  `wake_at` datetime NOT NULL,
  `end_at` datetime DEFAULT NULL,
  `status` enum('sleeping','woke','cancelled') NOT NULL DEFAULT 'sleeping',
  `restored_energy` int(10) UNSIGNED DEFAULT 0,
  `restored_mood` int(10) UNSIGNED DEFAULT 0,
  `exp_gain` int(10) UNSIGNED DEFAULT 0
) ENGINE=InnoDB DEFAULT CHARSET=latin1 COLLATE=latin1_swedish_ci;

--
-- Dumping data for table `sleeping_den`
--

INSERT INTO `sleeping_den` (`id`, `pet_id`, `user_id`, `colony_id`, `planned_hours`, `start_at`, `wake_at`, `end_at`, `status`, `restored_energy`, `restored_mood`, `exp_gain`) VALUES
(1, 1, 3, 10, 4, '2025-10-08 15:51:57', '2025-10-08 19:51:57', '2025-10-08 22:19:57', 'woke', 40, 40, 20),
(2, 14, 8, 15, 8, '2025-10-08 15:56:33', '2025-10-08 23:56:33', '2025-10-09 01:05:55', 'woke', 80, 80, 40),
(3, 16, 8, 15, 8, '2025-10-08 15:56:37', '2025-10-08 23:56:37', '2025-10-09 01:05:55', 'woke', 80, 80, 40),
(4, 13, 8, 15, 3, '2025-10-08 15:56:42', '2025-10-08 18:56:42', '2025-10-09 01:05:55', 'woke', 30, 30, 15),
(5, 9, 7, 14, 1, '2025-10-08 15:58:18', '2025-10-08 16:58:18', NULL, 'sleeping', 0, 0, 0),
(6, 3, 4, 11, 4, '2025-10-08 15:58:35', '2025-10-08 19:58:35', '2025-10-13 15:37:29', 'woke', 40, 40, 20),
(7, 18, 7, 14, 1, '2025-10-08 16:08:45', '2025-10-08 17:08:45', NULL, 'sleeping', 0, 0, 0),
(8, 7, 6, 13, 8, '2025-10-09 01:30:13', '2025-10-09 09:30:13', '2025-10-09 23:10:36', 'woke', 80, 80, 40),
(9, 38, 6, 13, 8, '2025-10-09 01:30:24', '2025-10-09 09:30:24', '2025-10-09 23:10:36', 'woke', 80, 80, 40),
(10, 40, 6, 13, 8, '2025-10-09 01:30:33', '2025-10-09 09:30:33', '2025-10-09 23:10:36', 'woke', 80, 80, 40),
(11, 39, 6, 13, 8, '2025-10-09 01:30:40', '2025-10-09 09:30:40', '2025-10-09 23:10:36', 'woke', 80, 80, 40),
(12, 33, 10, 17, 4, '2025-10-09 01:45:14', '2025-10-09 05:45:14', '2025-10-10 07:48:04', 'woke', 20, 20, 16),
(13, 43, 6, 13, 8, '2025-10-09 01:50:45', '2025-10-09 09:50:45', '2025-10-09 23:10:36', 'woke', 80, 80, 40),
(14, 45, 6, 13, 1, '2025-10-09 01:50:51', '2025-10-09 02:50:51', '2025-10-10 00:09:53', 'woke', 10, 10, 5),
(15, 45, 6, 13, 1, '2025-10-09 01:50:56', '2025-10-09 02:50:56', '2025-10-10 00:09:42', 'woke', 10, 10, 5),
(16, 45, 6, 13, 1, '2025-10-09 01:51:03', '2025-10-09 02:51:03', '2025-10-09 23:36:27', 'woke', 10, 10, 5),
(17, 45, 6, 13, 1, '2025-10-09 01:51:07', '2025-10-09 02:51:07', '2025-10-09 23:10:36', 'woke', 10, 10, 5),
(18, 44, 6, 13, 1, '2025-10-09 01:51:13', '2025-10-09 02:51:13', '2025-10-10 16:13:21', 'woke', 10, 10, 5),
(19, 50, 11, 18, 8, '2025-10-09 04:46:41', '2025-10-09 12:46:41', '2025-10-09 18:29:34', 'woke', 80, 80, 40),
(20, 46, 11, 18, 8, '2025-10-09 04:52:43', '2025-10-09 12:52:43', '2025-10-09 18:29:34', 'woke', 80, 80, 40),
(21, 49, 12, 19, 1, '2025-10-09 05:08:14', '2025-10-09 06:08:14', '2025-10-10 06:48:11', 'woke', 10, 10, 5),
(22, 49, 12, 19, 1, '2025-10-09 05:08:19', '2025-10-09 06:08:19', '2025-10-10 06:41:44', 'woke', 10, 10, 5),
(23, 49, 12, 19, 1, '2025-10-09 05:08:23', '2025-10-09 06:08:23', '2025-10-10 06:40:36', 'woke', 10, 10, 5),
(24, 1, 3, 10, 3, '2025-10-09 12:18:30', '2025-10-09 15:18:30', '2025-10-10 01:14:37', 'woke', 30, 30, 15),
(25, 58, 13, 20, 1, '2025-10-09 17:53:58', '2025-10-09 18:53:58', '2025-10-10 07:37:01', 'woke', 10, 10, 5),
(26, 58, 13, 20, 8, '2025-10-09 17:54:05', '2025-10-10 01:54:05', '2025-10-10 04:23:50', 'woke', 80, 80, 40),
(27, 56, 13, 20, 6, '2025-10-09 17:54:18', '2025-10-09 23:54:18', '2025-10-10 04:23:50', 'woke', 60, 60, 30),
(28, 44, 6, 13, 1, '2025-10-09 22:10:36', '2025-10-09 23:10:36', '2025-10-10 16:03:57', 'woke', 10, 10, 5),
(29, 44, 6, 13, 1, '2025-10-09 22:36:27', '2025-10-09 23:36:27', '2025-10-10 16:03:51', 'woke', 10, 10, 5),
(30, 7, 6, 13, 6, '2025-10-09 23:09:52', '2025-10-10 05:09:52', '2025-10-10 16:03:49', 'woke', 60, 60, 30),
(31, 47, 6, 13, 8, '2025-10-09 23:09:59', '2025-10-10 07:09:59', '2025-10-10 16:03:50', 'woke', 80, 80, 40),
(32, 38, 6, 13, 8, '2025-10-09 23:10:03', '2025-10-10 07:10:03', '2025-10-10 16:03:50', 'woke', 80, 80, 40),
(33, 39, 6, 13, 8, '2025-10-09 23:10:09', '2025-10-10 07:10:09', '2025-10-10 16:03:50', 'woke', 80, 80, 40),
(34, 64, 6, 13, 8, '2025-10-09 23:10:17', '2025-10-10 07:10:17', '2025-10-10 16:03:50', 'woke', 80, 80, 40),
(35, 62, 6, 13, 8, '2025-10-09 23:10:23', '2025-10-10 07:10:23', '2025-10-10 16:03:50', 'woke', 80, 80, 40),
(36, 53, 11, 18, 2, '2025-10-09 23:13:51', '2025-10-10 01:13:51', '2025-10-10 03:27:27', 'woke', 20, 20, 10),
(37, 50, 11, 18, 8, '2025-10-09 23:42:53', '2025-10-10 07:42:53', '2025-10-10 09:26:08', 'woke', 80, 80, 40),
(38, 1, 3, 10, 5, '2025-10-10 00:14:45', '2025-10-10 05:14:45', '2025-10-13 00:00:28', 'woke', 50, 50, 25),
(39, 15, 3, 10, 5, '2025-10-10 00:14:50', '2025-10-10 05:14:50', '2025-10-13 00:00:29', 'woke', 50, 50, 25),
(40, 53, 11, 18, 8, '2025-10-10 05:13:20', '2025-10-10 13:13:20', '2025-10-10 17:21:35', 'woke', 80, 80, 40),
(41, 71, 11, 18, 1, '2025-10-10 05:13:25', '2025-10-10 06:13:25', '2025-10-10 17:26:41', 'woke', 10, 10, 5),
(42, 71, 11, 18, 8, '2025-10-10 05:13:44', '2025-10-10 13:13:44', '2025-10-10 17:21:35', 'woke', 80, 80, 40),
(43, 68, 11, 18, 8, '2025-10-10 05:30:34', '2025-10-10 13:30:34', '2025-10-10 17:21:35', 'woke', 80, 80, 40),
(44, 67, 11, 18, 8, '2025-10-10 05:30:38', '2025-10-10 13:30:38', '2025-10-10 17:21:35', 'woke', 80, 80, 40),
(45, 73, 11, 18, 1, '2025-10-10 05:30:41', '2025-10-10 06:30:41', '2025-10-10 17:26:41', 'woke', 10, 10, 5),
(46, 73, 11, 18, 8, '2025-10-10 05:30:47', '2025-10-10 13:30:47', '2025-10-10 17:21:35', 'woke', 80, 80, 40),
(47, 69, 11, 18, 8, '2025-10-10 05:30:55', '2025-10-10 13:30:55', '2025-10-10 17:21:34', 'woke', 80, 80, 40),
(48, 49, 12, 19, 8, '2025-10-10 05:48:17', '2025-10-10 13:48:17', '2025-10-10 20:05:35', 'woke', 80, 80, 40),
(49, 75, 12, 19, 4, '2025-10-10 05:48:29', '2025-10-10 09:48:29', '2025-10-10 20:05:35', 'woke', 20, 20, 16),
(50, 51, 12, 19, 8, '2025-10-10 05:48:34', '2025-10-10 13:48:34', '2025-10-10 20:05:35', 'woke', 80, 80, 40),
(51, 78, 15, 18, 1, '2025-10-10 06:12:56', '2025-10-10 07:12:56', '2025-10-10 20:14:53', 'woke', 10, 10, 5),
(52, 78, 15, 18, 1, '2025-10-10 06:13:07', '2025-10-10 07:13:07', '2025-10-10 20:14:43', 'woke', 10, 10, 5),
(53, 78, 15, 18, 8, '2025-10-10 06:13:14', '2025-10-10 14:13:14', '2025-10-10 20:14:36', 'woke', 80, 80, 40),
(54, 77, 15, 18, 8, '2025-10-10 06:13:19', '2025-10-10 14:13:19', '2025-10-10 20:14:36', 'woke', 80, 80, 40),
(55, 54, 13, 20, 8, '2025-10-10 06:37:11', '2025-10-10 14:37:11', '2025-10-10 16:48:31', 'woke', 80, 80, 40),
(56, 33, 10, 17, 4, '2025-10-10 06:48:11', '2025-10-10 10:48:11', '2025-10-11 12:21:21', 'woke', 20, 20, 16),
(57, 79, 11, 18, 8, '2025-10-10 08:49:54', '2025-10-10 16:49:54', '2025-10-11 05:02:29', 'woke', 80, 80, 40),
(58, 50, 11, 18, 8, '2025-10-10 08:50:06', '2025-10-10 16:50:06', '2025-10-10 20:03:29', 'woke', 80, 80, 40),
(59, 14, 8, 15, 8, '2025-10-10 10:59:37', '2025-10-10 18:59:37', '2025-10-13 01:27:27', 'woke', 80, 80, 40),
(60, 16, 8, 15, 8, '2025-10-10 11:01:53', '2025-10-10 19:01:53', '2025-10-13 01:27:27', 'woke', 80, 80, 40),
(61, 83, 8, 83, 5, '2025-10-10 11:01:56', '2025-10-10 16:01:56', '2025-10-13 01:27:27', 'woke', 50, 50, 25),
(62, 13, 8, 15, 8, '2025-10-10 11:02:00', '2025-10-10 19:02:00', '2025-10-13 01:27:27', 'woke', 80, 80, 40),
(63, 82, 8, 82, 7, '2025-10-10 11:02:06', '2025-10-10 18:02:06', '2025-10-13 01:27:27', 'woke', 70, 70, 35),
(64, 7, 6, 13, 8, '2025-10-10 15:03:56', '2025-10-10 23:03:56', '2025-10-12 02:42:37', 'woke', 80, 80, 40),
(65, 56, 13, 20, 8, '2025-10-10 15:48:58', '2025-10-10 23:48:58', '2025-10-11 02:52:43', 'woke', 80, 80, 40),
(66, 70, 13, 20, 8, '2025-10-10 15:49:11', '2025-10-10 23:49:11', '2025-10-11 02:52:44', 'woke', 80, 80, 40),
(67, 58, 13, 20, 8, '2025-10-10 15:49:18', '2025-10-10 23:49:18', '2025-10-11 02:52:44', 'woke', 80, 80, 40),
(68, 88, 18, 22, 8, '2025-10-10 16:02:42', '2025-10-11 00:02:42', NULL, 'sleeping', 0, 0, 0),
(69, 79, 11, 18, 8, '2025-10-10 16:27:05', '2025-10-11 00:27:05', '2025-10-11 03:10:37', 'woke', 80, 80, 40),
(70, 81, 11, 18, 8, '2025-10-10 19:03:38', '2025-10-11 03:03:38', '2025-10-11 05:02:28', 'woke', 80, 80, 40),
(71, 69, 11, 18, 8, '2025-10-10 19:03:43', '2025-10-11 03:03:43', '2025-10-11 05:02:29', 'woke', 80, 80, 40),
(72, 71, 11, 18, 8, '2025-10-10 19:03:50', '2025-10-11 03:03:50', '2025-10-11 05:02:29', 'woke', 80, 80, 40),
(73, 80, 11, 18, 8, '2025-10-10 19:03:55', '2025-10-11 03:03:55', '2025-10-11 05:02:30', 'woke', 80, 80, 40),
(74, 51, 12, 19, 8, '2025-10-10 19:05:48', '2025-10-11 03:05:48', '2025-10-11 20:14:29', 'woke', 80, 80, 40),
(75, 75, 12, 19, 4, '2025-10-10 19:06:04', '2025-10-10 23:06:04', '2025-10-11 20:14:29', 'woke', 20, 20, 16),
(76, 77, 15, 18, 1, '2025-10-10 19:14:53', '2025-10-10 20:14:53', '2025-10-13 19:46:55', 'woke', 10, 10, 5),
(77, 77, 15, 18, 8, '2025-10-10 19:24:34', '2025-10-11 03:24:34', '2025-10-11 20:49:46', 'woke', 80, 80, 40),
(78, 58, 13, 20, 2, '2025-10-11 01:54:09', '2025-10-11 03:54:09', '2025-10-12 08:33:25', 'woke', 20, 20, 10),
(79, 56, 13, 20, 2, '2025-10-11 01:54:13', '2025-10-11 03:54:13', '2025-10-12 08:33:23', 'woke', 20, 20, 10),
(80, 70, 13, 20, 2, '2025-10-11 01:54:22', '2025-10-11 03:54:22', '2025-10-12 08:33:24', 'woke', 20, 20, 10),
(81, 33, 10, 17, 4, '2025-10-11 11:21:25', '2025-10-11 15:21:25', '2025-10-12 00:27:58', 'woke', 20, 20, 16),
(82, 75, 12, 19, 4, '2025-10-11 19:14:44', '2025-10-11 23:14:44', '2025-10-13 23:34:29', 'woke', 20, 20, 16),
(83, 49, 12, 19, 8, '2025-10-11 19:14:48', '2025-10-12 03:14:48', '2025-10-13 23:34:29', 'woke', 80, 80, 40),
(84, 101, 22, 25, 8, '2025-10-11 20:46:08', '2025-10-12 04:46:08', NULL, 'sleeping', 0, 0, 0),
(85, 33, 10, 17, 4, '2025-10-11 23:28:01', '2025-10-12 03:28:01', '2025-10-14 09:26:11', 'woke', 20, 20, 16),
(86, 47, 6, 13, 8, '2025-10-12 01:42:44', '2025-10-12 09:42:44', '2025-10-13 13:59:11', 'woke', 80, 80, 40),
(87, 38, 6, 13, 4, '2025-10-12 01:42:52', '2025-10-12 05:42:52', '2025-10-13 13:59:11', 'woke', 40, 40, 20),
(88, 33, 10, 17, 4, '2025-10-12 02:44:03', '2025-10-12 06:44:03', '2025-10-13 01:45:19', 'woke', 20, 20, 16),
(89, 54, 13, 20, 8, '2025-10-12 07:33:38', '2025-10-12 15:33:38', '2025-10-13 14:33:56', 'woke', 80, 80, 40),
(90, 98, 13, 20, 8, '2025-10-12 07:33:43', '2025-10-12 15:33:43', '2025-10-13 14:33:56', 'woke', 80, 80, 40),
(91, 97, 13, 20, 8, '2025-10-12 07:33:49', '2025-10-12 15:33:49', '2025-10-13 14:33:56', 'woke', 80, 80, 40),
(92, 70, 13, 20, 8, '2025-10-12 07:33:55', '2025-10-12 15:33:55', '2025-10-13 14:33:56', 'woke', 80, 80, 40),
(93, 247, 23, 26, 1, '2025-10-12 19:11:47', '2025-10-12 20:11:47', NULL, 'sleeping', 0, 0, 0),
(94, 1, 3, 10, 4, '2025-10-12 23:00:43', '2025-10-13 03:00:43', '2025-10-13 10:46:24', 'woke', 40, 40, 20),
(95, 15, 3, 10, 4, '2025-10-12 23:00:49', '2025-10-13 03:00:49', '2025-10-13 10:46:24', 'woke', 40, 40, 20),
(96, 12, 8, 15, 8, '2025-10-13 00:32:49', '2025-10-13 08:32:49', NULL, 'sleeping', 0, 0, 0),
(97, 14, 8, 15, 8, '2025-10-13 00:32:51', '2025-10-13 08:32:51', NULL, 'sleeping', 0, 0, 0),
(98, 16, 8, 15, 8, '2025-10-13 00:32:54', '2025-10-13 08:32:54', NULL, 'sleeping', 0, 0, 0),
(99, 13, 8, 15, 8, '2025-10-13 00:32:58', '2025-10-13 08:32:58', NULL, 'sleeping', 0, 0, 0),
(100, 33, 10, 17, 4, '2025-10-13 00:45:23', '2025-10-13 04:45:23', '2025-10-14 09:25:42', 'woke', 20, 20, 16),
(101, 7, 6, 13, 2, '2025-10-13 13:03:23', '2025-10-13 15:03:23', '2025-10-14 14:50:53', 'woke', 20, 20, 10),
(102, 54, 13, 20, 2, '2025-10-13 13:34:06', '2025-10-13 15:34:06', NULL, 'sleeping', 0, 0, 0),
(103, 98, 13, 20, 2, '2025-10-13 13:34:10', '2025-10-13 15:34:10', NULL, 'sleeping', 0, 0, 0),
(104, 56, 13, 20, 3, '2025-10-13 13:34:17', '2025-10-13 16:34:17', NULL, 'sleeping', 0, 0, 0),
(105, 58, 13, 20, 8, '2025-10-13 13:34:22', '2025-10-13 21:34:22', NULL, 'sleeping', 0, 0, 0),
(106, 97, 13, 20, 2, '2025-10-13 13:34:27', '2025-10-13 15:34:27', NULL, 'sleeping', 0, 0, 0),
(107, 21, 4, 11, 5, '2025-10-13 14:37:43', '2025-10-13 19:37:43', '2025-10-14 09:03:36', 'woke', 50, 50, 25),
(108, 7, 6, 13, 1, '2025-10-14 13:53:21', '2025-10-14 14:53:21', '2025-10-15 04:13:39', 'woke', 10, 10, 5),
(109, 7, 6, 13, 1, '2025-10-14 15:32:27', '2025-10-14 16:32:27', '2025-10-15 00:49:25', 'woke', 10, 10, 5),
(110, 7, 6, 13, 1, '2025-10-14 16:07:07', '2025-10-14 17:07:07', '2025-10-14 18:30:28', 'woke', 10, 10, 5),
(111, 15, 3, 10, 1, '2025-10-14 16:14:47', '2025-10-14 17:14:47', '2025-10-14 22:28:58', 'woke', 10, 10, 5),
(112, 15, 3, 10, 1, '2025-10-14 17:27:16', '2025-10-14 18:27:16', '2025-10-14 22:28:49', 'woke', 10, 10, 5),
(113, 15, 3, 10, 1, '2025-10-14 17:27:28', '2025-10-14 18:27:28', '2025-10-14 22:28:44', 'woke', 10, 10, 5),
(114, 15, 3, 10, 2, '2025-10-14 17:27:39', '2025-10-14 19:27:39', '2025-10-14 22:25:56', 'woke', 20, 20, 10),
(115, 47, 6, 13, 1, '2025-10-14 17:30:28', '2025-10-14 18:30:28', '2025-10-14 19:46:39', 'woke', 10, 10, 5),
(116, 7, 6, 13, 2, '2025-10-14 17:30:32', '2025-10-14 19:30:32', '2025-10-15 00:49:21', 'woke', 20, 20, 10),
(117, 77, 15, 18, 8, '2025-10-15 05:18:13', '2025-10-15 13:18:13', '2025-10-31 21:25:21', 'woke', 80, 80, 40),
(118, 33, 10, 17, 4, '2025-10-15 10:53:52', '2025-10-15 14:53:52', '2025-10-17 23:57:33', 'woke', 20, 20, 16),
(119, 47, 6, 13, 5, '2025-10-15 13:31:22', '2025-10-15 18:31:22', '2025-10-16 02:09:03', 'woke', 50, 50, 25),
(120, 7, 6, 13, 5, '2025-10-15 13:31:37', '2025-10-15 18:31:37', '2025-10-16 02:09:03', 'woke', 50, 50, 25),
(121, 46, 11, 18, 8, '2025-10-16 06:29:46', '2025-10-16 14:29:46', '2025-10-16 18:24:24', 'woke', 80, 80, 40),
(122, 96, 11, 18, 1, '2025-10-16 06:29:48', '2025-10-16 07:29:48', '2025-10-17 00:06:34', 'woke', 10, 10, 5),
(123, 96, 11, 18, 8, '2025-10-16 06:29:53', '2025-10-16 14:29:53', '2025-10-16 18:24:24', 'woke', 80, 80, 40),
(124, 81, 11, 18, 8, '2025-10-16 06:30:00', '2025-10-16 14:30:00', '2025-10-16 18:24:24', 'woke', 80, 80, 40),
(125, 69, 11, 18, 1, '2025-10-16 06:30:03', '2025-10-16 07:30:03', '2025-10-17 00:06:34', 'woke', 10, 10, 5),
(126, 74, 11, 18, 1, '2025-10-16 06:30:06', '2025-10-16 07:30:06', '2025-10-17 00:06:34', 'woke', 5, 5, 4),
(127, 71, 11, 18, 1, '2025-10-16 06:30:10', '2025-10-16 07:30:10', '2025-10-17 00:06:34', 'woke', 10, 10, 5),
(128, 80, 11, 18, 1, '2025-10-16 06:30:16', '2025-10-16 07:30:16', '2025-10-16 08:49:25', 'woke', 10, 10, 5),
(129, 50, 11, 18, 1, '2025-10-16 06:30:19', '2025-10-16 07:30:19', '2025-10-16 08:49:25', 'woke', 10, 10, 5),
(130, 79, 11, 18, 1, '2025-10-16 06:30:22', '2025-10-16 07:30:22', '2025-10-16 08:51:34', 'woke', 10, 10, 5),
(131, 79, 11, 18, 1, '2025-10-16 06:30:27', '2025-10-16 07:30:27', '2025-10-16 08:49:25', 'woke', 10, 10, 5),
(132, 69, 11, 18, 8, '2025-10-16 06:30:37', '2025-10-16 14:30:37', '2025-10-16 18:24:24', 'woke', 80, 80, 40),
(133, 74, 11, 18, 4, '2025-10-16 06:30:49', '2025-10-16 10:30:49', '2025-10-16 18:24:24', 'woke', 20, 20, 16),
(134, 71, 11, 18, 8, '2025-10-16 06:30:54', '2025-10-16 14:30:54', '2025-10-16 18:24:24', 'woke', 80, 80, 40),
(135, 3, 4, 11, 1, '2025-10-16 08:04:37', '2025-10-16 09:04:37', '2025-10-16 12:15:57', 'woke', 10, 10, 5),
(136, 21, 4, 11, 1, '2025-10-16 08:04:42', '2025-10-16 09:04:42', '2025-10-16 12:15:58', 'woke', 10, 10, 5),
(137, 21, 4, 11, 1, '2025-10-16 11:16:16', '2025-10-16 12:16:16', '2025-10-17 14:08:11', 'woke', 10, 10, 5),
(138, 3, 4, 11, 1, '2025-10-16 11:16:19', '2025-10-16 12:16:19', '2025-10-17 14:08:11', 'woke', 10, 10, 5),
(139, 47, 6, 13, 7, '2025-10-17 00:17:44', '2025-10-17 07:17:44', '2025-10-17 15:28:11', 'woke', 70, 70, 35),
(140, 33, 10, 17, 4, '2025-10-17 22:59:23', '2025-10-18 02:59:23', '2025-10-19 22:16:28', 'woke', 20, 20, 16),
(141, 73, 11, 18, 8, '2025-10-19 09:22:47', '2025-10-19 17:22:47', '2025-10-20 09:06:48', 'woke', 80, 80, 40),
(142, 81, 11, 18, 8, '2025-10-19 09:22:55', '2025-10-19 17:22:55', '2025-10-20 09:06:48', 'woke', 80, 80, 40),
(143, 7, 6, 13, 8, '2025-10-19 13:06:32', '2025-10-19 21:06:32', '2025-10-20 00:26:36', 'woke', 80, 80, 40),
(144, 47, 6, 13, 4, '2025-10-19 13:06:41', '2025-10-19 17:06:41', '2025-10-20 00:26:38', 'woke', 40, 40, 20),
(145, 48, 6, 13, 7, '2025-10-19 13:06:47', '2025-10-19 20:06:47', '2025-10-20 00:26:39', 'woke', 70, 70, 35),
(146, 38, 6, 13, 8, '2025-10-19 13:06:53', '2025-10-19 21:06:53', '2025-10-20 00:26:40', 'woke', 80, 80, 40),
(147, 39, 6, 13, 8, '2025-10-19 13:07:01', '2025-10-19 21:07:01', '2025-10-20 00:26:41', 'woke', 80, 80, 40),
(148, 35, 6, 13, 7, '2025-10-19 13:07:11', '2025-10-19 20:07:11', '2025-10-20 00:26:42', 'woke', 70, 70, 35),
(149, 63, 6, 13, 8, '2025-10-19 13:07:23', '2025-10-19 21:07:23', '2025-10-20 00:26:43', 'woke', 80, 80, 40),
(150, 36, 6, 13, 7, '2025-10-19 13:07:30', '2025-10-19 20:07:30', '2025-10-20 00:26:45', 'woke', 70, 70, 35),
(151, 40, 6, 13, 8, '2025-10-19 13:07:36', '2025-10-19 21:07:36', '2025-10-20 00:26:46', 'woke', 80, 80, 40),
(152, 43, 6, 13, 8, '2025-10-19 13:07:42', '2025-10-19 21:07:42', '2025-10-20 00:26:47', 'woke', 80, 80, 40),
(153, 44, 6, 13, 8, '2025-10-19 13:07:51', '2025-10-19 21:07:51', '2025-10-20 00:26:50', 'woke', 80, 80, 40),
(154, 62, 6, 13, 8, '2025-10-19 13:08:05', '2025-10-19 21:08:05', '2025-10-20 00:26:49', 'woke', 80, 80, 40),
(155, 64, 6, 13, 6, '2025-10-19 13:08:16', '2025-10-19 19:08:16', '2025-10-20 00:26:48', 'woke', 60, 60, 30),
(156, 33, 10, 17, 4, '2025-10-19 21:17:11', '2025-10-20 01:17:11', '2025-10-21 05:17:08', 'woke', 20, 20, 16),
(157, 47, 6, 13, 8, '2025-10-19 23:28:57', '2025-10-20 07:28:57', '2025-10-20 14:34:14', 'woke', 80, 80, 40),
(158, 33, 10, 17, 4, '2025-10-21 04:17:18', '2025-10-21 08:17:18', '2025-10-24 10:59:48', 'woke', 20, 20, 16),
(159, 43, 6, 13, 8, '2025-10-21 23:46:04', '2025-10-22 07:46:04', '2025-10-22 16:15:26', 'woke', 80, 80, 40),
(160, 46, 11, 18, 8, '2025-10-23 18:55:14', '2025-10-24 02:55:14', '2025-10-25 03:15:39', 'woke', 80, 80, 40),
(161, 96, 11, 18, 8, '2025-10-23 18:55:21', '2025-10-24 02:55:21', '2025-10-25 03:15:39', 'woke', 80, 80, 40),
(162, 33, 10, 17, 4, '2025-10-24 10:00:41', '2025-10-24 14:00:41', '2025-10-29 07:19:29', 'woke', 20, 20, 16),
(163, 79, 11, 18, 8, '2025-10-25 02:15:51', '2025-10-25 10:15:51', '2025-10-31 20:28:29', 'woke', 80, 80, 40),
(164, 46, 11, 18, 8, '2025-10-25 02:17:47', '2025-10-25 10:17:47', '2025-10-31 20:28:28', 'woke', 80, 80, 40),
(165, 69, 11, 18, 8, '2025-10-25 02:18:19', '2025-10-25 10:18:19', '2025-10-31 20:28:28', 'woke', 80, 80, 40),
(166, 71, 11, 18, 8, '2025-10-25 02:18:41', '2025-10-25 10:18:41', '2025-10-31 20:28:28', 'woke', 80, 80, 40),
(167, 67, 11, 18, 8, '2025-10-25 02:18:53', '2025-10-25 10:18:53', '2025-10-31 20:28:29', 'woke', 80, 80, 40),
(168, 53, 11, 18, 8, '2025-10-25 02:18:59', '2025-10-25 10:18:59', '2025-10-31 20:28:29', 'woke', 80, 80, 40),
(169, 73, 11, 18, 8, '2025-10-25 02:20:06', '2025-10-25 10:20:06', '2025-10-31 20:28:29', 'woke', 80, 80, 40),
(170, 7, 6, 13, 6, '2025-10-25 21:58:31', '2025-10-26 03:58:31', '2025-10-26 17:27:13', 'woke', 60, 60, 30),
(171, 47, 6, 13, 4, '2025-10-25 21:58:35', '2025-10-26 01:58:35', '2025-10-26 17:27:13', 'woke', 40, 40, 20),
(172, 38, 6, 13, 3, '2025-10-25 21:58:43', '2025-10-26 00:58:43', '2025-10-26 17:27:14', 'woke', 30, 30, 15),
(173, 39, 6, 13, 3, '2025-10-25 21:58:48', '2025-10-26 00:58:48', '2025-10-26 17:27:14', 'woke', 30, 30, 15),
(174, 33, 10, 17, 4, '2025-10-29 06:19:34', '2025-10-29 10:19:34', '2025-11-03 21:24:40', 'woke', 20, 20, 16),
(175, 7, 6, 13, 8, '2025-10-30 01:35:03', '2025-10-30 09:35:03', '2025-11-01 15:17:49', 'woke', 80, 80, 40),
(176, 47, 6, 13, 1, '2025-10-30 01:35:06', '2025-10-30 02:35:06', '2025-11-01 15:17:58', 'woke', 10, 10, 5),
(177, 48, 6, 13, 2, '2025-10-30 01:35:13', '2025-10-30 03:35:13', '2025-11-01 15:17:49', 'woke', 20, 20, 10),
(178, 47, 6, 13, 2, '2025-10-30 01:35:17', '2025-10-30 03:35:17', '2025-11-01 15:17:49', 'woke', 20, 20, 10),
(179, 38, 6, 13, 2, '2025-10-30 01:35:23', '2025-10-30 03:35:23', '2025-11-01 15:17:49', 'woke', 20, 20, 10),
(180, 35, 6, 13, 8, '2025-10-30 01:35:28', '2025-10-30 09:35:28', '2025-11-01 15:17:49', 'woke', 80, 80, 40),
(181, 39, 6, 13, 8, '2025-10-30 01:35:34', '2025-10-30 09:35:34', '2025-11-01 15:17:49', 'woke', 80, 80, 40),
(182, 63, 6, 13, 8, '2025-10-30 01:35:38', '2025-10-30 09:35:38', '2025-11-01 15:17:50', 'woke', 80, 80, 40),
(183, 36, 6, 13, 8, '2025-10-30 01:35:44', '2025-10-30 09:35:44', '2025-11-01 15:17:50', 'woke', 80, 80, 40),
(184, 66, 6, 13, 8, '2025-10-30 01:35:52', '2025-10-30 09:35:52', '2025-11-01 15:17:51', 'woke', 80, 80, 40),
(185, 44, 6, 13, 8, '2025-10-30 01:36:01', '2025-10-30 09:36:01', '2025-11-01 15:17:51', 'woke', 80, 80, 40),
(186, 62, 6, 13, 8, '2025-10-30 01:36:08', '2025-10-30 09:36:08', '2025-11-01 15:17:51', 'woke', 80, 80, 40),
(187, 226, 6, 13, 8, '2025-10-30 01:36:13', '2025-10-30 09:36:13', '2025-11-01 15:17:50', 'woke', 80, 80, 40),
(188, 225, 6, 13, 8, '2025-10-30 01:36:19', '2025-10-30 09:36:19', '2025-11-01 15:17:50', 'woke', 80, 80, 40),
(189, 205, 6, 13, 7, '2025-10-30 01:36:24', '2025-10-30 08:36:24', '2025-11-01 15:17:50', 'woke', 70, 70, 35),
(190, 40, 6, 13, 8, '2025-10-30 01:36:30', '2025-10-30 09:36:30', '2025-11-01 15:17:50', 'woke', 80, 80, 40),
(191, 43, 6, 13, 6, '2025-10-30 01:36:36', '2025-10-30 07:36:36', '2025-11-01 15:17:50', 'woke', 60, 60, 30),
(192, 224, 6, 13, 8, '2025-10-30 01:37:20', '2025-10-30 09:37:20', '2025-11-01 15:17:51', 'woke', 80, 80, 40),
(193, 50, 11, 18, 8, '2025-10-31 19:28:46', '2025-11-01 03:28:46', '2025-11-01 06:38:54', 'woke', 80, 80, 40),
(194, 46, 11, 18, 8, '2025-10-31 19:42:58', '2025-11-01 03:42:58', '2025-11-01 06:38:52', 'woke', 80, 80, 40),
(195, 49, 12, 19, 8, '2025-10-31 19:51:15', '2025-11-01 03:51:15', NULL, 'sleeping', 0, 0, 0),
(196, 75, 12, 19, 4, '2025-10-31 19:51:24', '2025-10-31 23:51:24', NULL, 'sleeping', 0, 0, 0),
(197, 76, 12, 19, 4, '2025-10-31 19:51:28', '2025-10-31 23:51:28', NULL, 'sleeping', 0, 0, 0),
(198, 51, 12, 19, 8, '2025-10-31 19:51:33', '2025-11-01 03:51:33', NULL, 'sleeping', 0, 0, 0),
(199, 77, 15, 18, 8, '2025-10-31 20:25:30', '2025-11-01 04:25:30', '2025-11-06 00:38:49', 'woke', 80, 80, 40),
(200, 95, 15, 18, 8, '2025-10-31 20:34:20', '2025-11-01 04:34:20', '2025-11-06 00:38:49', 'woke', 80, 80, 40),
(201, 47, 6, 13, 8, '2025-11-01 14:32:54', '2025-11-01 22:32:54', '2025-11-03 00:19:58', 'woke', 80, 80, 40),
(202, 7, 6, 13, 8, '2025-11-04 21:41:45', '2025-11-05 05:41:45', '2025-11-06 21:52:14', 'woke', 80, 80, 40),
(203, 47, 6, 13, 8, '2025-11-04 21:41:49', '2025-11-05 05:41:49', '2025-11-06 21:52:14', 'woke', 80, 80, 40),
(204, 303, 6, 13, 8, '2025-11-04 21:42:08', '2025-11-05 05:42:08', '2025-11-06 21:52:14', 'woke', 80, 80, 40),
(205, 226, 6, 13, 8, '2025-11-04 21:42:14', '2025-11-05 05:42:14', '2025-11-06 21:52:15', 'woke', 80, 80, 40),
(206, 333, 6, 13, 8, '2025-11-04 21:42:25', '2025-11-05 05:42:25', '2025-11-06 21:52:15', 'woke', 80, 80, 40),
(207, 96, 11, 18, 8, '2025-11-05 03:22:04', '2025-11-05 11:22:04', '2025-11-08 01:54:25', 'woke', 80, 80, 40),
(208, 71, 11, 18, 8, '2025-11-05 03:23:02', '2025-11-05 11:23:02', '2025-11-08 01:54:27', 'woke', 80, 80, 40),
(209, 3, 4, 11, 4, '2025-11-05 09:58:32', '2025-11-05 13:58:32', '2025-11-06 23:25:41', 'woke', 40, 40, 20),
(210, 3, 4, 11, 4, '2025-11-05 19:36:18', '2025-11-05 23:36:18', '2025-11-06 23:25:22', 'woke', 40, 40, 20),
(211, 281, 15, 18, 8, '2025-11-05 23:38:57', '2025-11-06 07:38:57', NULL, 'sleeping', 0, 0, 0),
(212, 282, 15, 18, 8, '2025-11-05 23:39:05', '2025-11-06 07:39:05', NULL, 'sleeping', 0, 0, 0),
(213, 283, 15, 18, 8, '2025-11-05 23:44:38', '2025-11-06 07:44:38', NULL, 'sleeping', 0, 0, 0),
(214, 280, 15, 18, 8, '2025-11-05 23:45:35', '2025-11-06 07:45:35', NULL, 'sleeping', 0, 0, 0),
(215, 46, 11, 18, 8, '2025-11-08 00:56:57', '2025-11-08 08:56:57', '2025-12-16 01:06:18', 'woke', 80, 80, 40),
(216, 7, 6, 13, 8, '2025-11-13 21:10:11', '2025-11-14 05:10:11', '2025-11-28 17:33:25', 'woke', 80, 80, 40),
(217, 47, 6, 13, 8, '2025-11-13 21:10:15', '2025-11-14 05:10:15', '2025-11-28 17:33:25', 'woke', 80, 80, 40),
(218, 505, 31, 29, 3, '2025-11-27 10:36:04', '2025-11-27 13:36:04', '2025-11-28 06:57:38', 'woke', 30, 30, 15),
(219, 515, 31, 29, 1, '2025-11-27 11:40:00', '2025-11-27 12:40:00', '2025-11-29 04:30:31', 'woke', 10, 10, 5),
(220, 515, 31, 29, 1, '2025-11-27 11:40:54', '2025-11-27 12:40:54', '2025-11-28 06:57:39', 'woke', 10, 10, 5),
(221, 47, 6, 13, 8, '2025-11-28 16:38:33', '2025-11-29 00:38:33', '2025-11-29 13:15:02', 'woke', 80, 80, 40),
(222, 7, 6, 13, 8, '2025-11-28 16:38:40', '2025-11-29 00:38:40', '2025-11-29 13:15:02', 'woke', 80, 80, 40),
(223, 26, 9, 16, 1, '2025-11-29 04:52:29', '2025-11-29 05:52:29', NULL, 'sleeping', 0, 0, 0),
(224, 509, 31, 29, 8, '2025-11-29 14:22:30', '2025-11-29 22:22:30', '2025-11-29 23:23:50', 'woke', 80, 80, 40),
(225, 507, 31, 29, 8, '2025-11-29 14:22:34', '2025-11-29 22:22:34', '2025-11-29 23:23:50', 'woke', 80, 80, 40),
(226, 505, 31, 29, 8, '2025-11-29 22:24:09', '2025-11-30 06:24:09', '2025-12-01 04:37:49', 'woke', 80, 80, 40),
(227, 508, 31, 29, 8, '2025-12-01 04:04:54', '2025-12-01 12:04:54', '2025-12-01 17:01:00', 'woke', 80, 80, 40),
(228, 513, 31, 29, 7, '2025-12-01 04:04:55', '2025-12-01 11:04:55', '2025-12-01 17:01:00', 'woke', 70, 70, 35),
(229, 517, 31, 29, 1, '2025-12-01 04:04:57', '2025-12-01 05:04:57', '2025-12-01 17:01:00', 'woke', 10, 10, 5),
(230, 512, 31, 29, 8, '2025-12-01 04:04:59', '2025-12-01 12:04:59', '2025-12-01 17:01:00', 'woke', 80, 80, 40),
(231, 511, 31, 29, 1, '2025-12-01 04:05:01', '2025-12-01 05:05:01', '2025-12-01 06:39:10', 'woke', 10, 10, 5),
(232, 545, 31, 29, 1, '2025-12-01 04:05:03', '2025-12-01 05:05:03', '2025-12-01 06:39:11', 'woke', 10, 10, 5),
(233, 546, 31, 29, 1, '2025-12-01 04:05:05', '2025-12-01 05:05:05', '2025-12-01 06:39:10', 'woke', 10, 10, 5),
(234, 518, 31, 29, 1, '2025-12-01 04:05:06', '2025-12-01 05:05:06', '2025-12-01 06:39:09', 'woke', 10, 10, 5),
(235, 520, 31, 29, 1, '2025-12-01 04:05:07', '2025-12-01 05:05:07', '2025-12-01 06:39:07', 'woke', 10, 10, 5),
(236, 519, 31, 29, 1, '2025-12-01 04:05:08', '2025-12-01 05:05:08', '2025-12-01 06:39:06', 'woke', 10, 10, 5),
(237, 516, 31, 29, 1, '2025-12-01 04:05:10', '2025-12-01 05:05:10', '2025-12-01 06:38:51', 'woke', 10, 10, 5),
(238, 506, 31, 29, 1, '2025-12-01 04:05:11', '2025-12-01 05:05:11', '2025-12-01 06:39:00', 'woke', 10, 10, 5),
(239, 514, 31, 29, 1, '2025-12-01 04:05:12', '2025-12-01 05:05:12', '2025-12-01 06:39:03', 'woke', 10, 10, 5),
(240, 515, 31, 29, 1, '2025-12-01 04:05:15', '2025-12-01 05:05:15', '2025-12-01 06:39:01', 'woke', 10, 10, 5),
(241, 507, 31, 29, 1, '2025-12-01 04:05:17', '2025-12-01 05:05:17', '2025-12-01 06:39:04', 'woke', 10, 10, 5),
(242, 509, 31, 29, 1, '2025-12-01 04:05:20', '2025-12-01 05:05:20', '2025-12-01 06:39:02', 'woke', 10, 10, 5),
(243, 521, 31, 29, 1, '2025-12-01 04:05:23', '2025-12-01 05:05:23', '2025-12-01 06:39:13', 'woke', 10, 10, 5),
(244, 545, 31, 29, 1, '2025-12-01 04:05:25', '2025-12-01 05:05:25', '2025-12-01 06:38:54', 'woke', 10, 10, 5),
(245, 510, 31, 29, 1, '2025-12-01 04:05:27', '2025-12-01 05:05:27', '2025-12-01 06:39:05', 'woke', 10, 10, 5),
(246, 517, 31, 29, 1, '2025-12-01 04:05:28', '2025-12-01 05:05:28', '2025-12-01 06:39:12', 'woke', 10, 10, 5),
(247, 511, 31, 29, 1, '2025-12-01 04:05:29', '2025-12-01 05:05:29', '2025-12-01 06:38:53', 'woke', 10, 10, 5),
(248, 517, 31, 29, 1, '2025-12-01 04:07:41', '2025-12-01 05:07:41', '2025-12-01 06:38:58', 'woke', 10, 10, 5),
(249, 521, 31, 29, 1, '2025-12-01 04:07:45', '2025-12-01 05:07:45', '2025-12-01 06:38:59', 'woke', 10, 10, 5),
(250, 518, 31, 29, 1, '2025-12-01 04:07:47', '2025-12-01 05:07:47', '2025-12-01 06:38:49', 'woke', 10, 10, 5),
(251, 520, 31, 29, 1, '2025-12-01 04:07:49', '2025-12-01 05:07:49', '2025-12-01 06:38:48', 'woke', 10, 10, 5),
(252, 546, 31, 29, 1, '2025-12-01 04:07:51', '2025-12-01 05:07:51', '2025-12-01 06:38:52', 'woke', 10, 10, 5),
(253, 507, 31, 29, 1, '2025-12-01 04:07:52', '2025-12-01 05:07:52', '2025-12-01 06:38:45', 'woke', 10, 10, 5),
(254, 514, 31, 29, 1, '2025-12-01 04:07:54', '2025-12-01 05:07:54', '2025-12-01 06:38:44', 'woke', 10, 10, 5),
(255, 519, 31, 29, 1, '2025-12-01 04:07:56', '2025-12-01 05:07:56', '2025-12-01 06:38:47', 'woke', 10, 10, 5),
(256, 515, 31, 29, 1, '2025-12-01 04:07:58', '2025-12-01 05:07:58', '2025-12-01 06:38:40', 'woke', 10, 10, 5),
(257, 506, 31, 29, 1, '2025-12-01 04:07:59', '2025-12-01 05:07:59', '2025-12-01 06:38:40', 'woke', 10, 10, 5),
(258, 510, 31, 29, 1, '2025-12-01 04:08:00', '2025-12-01 05:08:00', '2025-12-01 06:38:46', 'woke', 10, 10, 5),
(259, 509, 31, 29, 1, '2025-12-01 04:08:01', '2025-12-01 05:08:01', '2025-12-01 06:38:42', 'woke', 10, 10, 5),
(260, 505, 31, 29, 8, '2025-12-01 16:01:09', '2025-12-02 00:01:09', '2025-12-02 01:15:53', 'woke', 80, 80, 40),
(261, 515, 31, 29, 8, '2025-12-01 16:01:18', '2025-12-02 00:01:18', '2025-12-02 01:15:53', 'woke', 80, 80, 40),
(262, 514, 31, 29, 8, '2025-12-01 16:01:29', '2025-12-02 00:01:29', '2025-12-02 01:15:53', 'woke', 80, 80, 40),
(263, 505, 31, 29, 8, '2025-12-02 05:12:11', '2025-12-02 13:12:11', '2025-12-03 07:08:57', 'woke', 80, 80, 40),
(264, 509, 31, 29, 1, '2025-12-03 18:06:20', '2025-12-03 19:06:20', '2025-12-04 05:11:26', 'woke', 10, 10, 5),
(265, 505, 31, 29, 8, '2025-12-04 15:42:41', '2025-12-04 23:42:41', '2025-12-05 02:47:16', 'woke', 80, 80, 40),
(266, 545, 31, 29, 4, '2025-12-04 15:42:48', '2025-12-04 19:42:48', '2025-12-05 02:47:16', 'woke', 40, 40, 20),
(267, 515, 31, 29, 8, '2025-12-04 15:42:52', '2025-12-04 23:42:52', '2025-12-05 02:47:16', 'woke', 80, 80, 40),
(268, 506, 31, 29, 1, '2025-12-04 15:42:56', '2025-12-04 16:42:56', '2025-12-05 02:54:31', 'woke', 10, 10, 5),
(269, 506, 31, 29, 1, '2025-12-04 15:43:02', '2025-12-04 16:43:02', '2025-12-05 02:47:16', 'woke', 10, 10, 5),
(270, 509, 31, 29, 6, '2025-12-04 15:43:08', '2025-12-04 21:43:08', '2025-12-05 02:47:17', 'woke', 60, 60, 30),
(271, 514, 31, 29, 8, '2025-12-04 15:43:15', '2025-12-04 23:43:15', '2025-12-05 02:47:17', 'woke', 80, 80, 40),
(272, 507, 31, 29, 8, '2025-12-04 15:43:21', '2025-12-04 23:43:21', '2025-12-05 02:47:17', 'woke', 80, 80, 40),
(273, 510, 31, 29, 1, '2025-12-04 15:43:25', '2025-12-04 16:43:25', '2025-12-05 02:54:32', 'woke', 10, 10, 5),
(274, 510, 31, 29, 1, '2025-12-04 15:43:28', '2025-12-04 16:43:28', '2025-12-05 02:47:17', 'woke', 10, 10, 5),
(275, 519, 31, 29, 4, '2025-12-04 15:43:36', '2025-12-04 19:43:36', '2025-12-05 02:47:18', 'woke', 40, 40, 20),
(276, 518, 31, 29, 4, '2025-12-04 15:43:41', '2025-12-04 19:43:41', '2025-12-05 02:47:19', 'woke', 40, 40, 20),
(277, 520, 31, 29, 4, '2025-12-04 15:43:51', '2025-12-04 19:43:51', '2025-12-05 02:47:18', 'woke', 40, 40, 20),
(278, 516, 31, 29, 4, '2025-12-04 15:43:58', '2025-12-04 19:43:58', '2025-12-05 02:47:20', 'woke', 40, 40, 20),
(279, 521, 31, 29, 4, '2025-12-04 15:44:10', '2025-12-04 19:44:10', '2025-12-05 02:47:21', 'woke', 40, 40, 20),
(280, 508, 31, 29, 4, '2025-12-04 15:44:16', '2025-12-04 19:44:16', '2025-12-05 02:47:21', 'woke', 40, 40, 20),
(281, 517, 31, 29, 4, '2025-12-04 15:44:24', '2025-12-04 19:44:24', '2025-12-05 02:47:21', 'woke', 40, 40, 20),
(282, 513, 31, 29, 4, '2025-12-04 15:44:30', '2025-12-04 19:44:30', '2025-12-05 02:47:20', 'woke', 40, 40, 20),
(283, 512, 31, 29, 4, '2025-12-04 15:44:36', '2025-12-04 19:44:36', '2025-12-05 02:47:20', 'woke', 40, 40, 20),
(284, 546, 31, 29, 4, '2025-12-04 15:44:40', '2025-12-04 19:44:40', '2025-12-05 02:47:20', 'woke', 40, 40, 20),
(285, 511, 31, 29, 1, '2025-12-04 15:44:49', '2025-12-04 16:44:49', '2025-12-05 02:47:20', 'woke', 10, 10, 5),
(286, 7, 6, 13, 8, '2025-12-05 13:10:55', '2025-12-05 21:10:55', '2025-12-06 12:56:04', 'woke', 80, 80, 40),
(287, 47, 6, 13, 8, '2025-12-05 13:11:01', '2025-12-05 21:11:01', '2025-12-06 12:56:05', 'woke', 80, 80, 40),
(288, 38, 6, 13, 8, '2025-12-05 13:11:06', '2025-12-05 21:11:06', '2025-12-06 12:56:05', 'woke', 80, 80, 40),
(289, 39, 6, 13, 8, '2025-12-05 13:11:13', '2025-12-05 21:11:13', '2025-12-06 12:56:05', 'woke', 80, 80, 40),
(290, 63, 6, 13, 8, '2025-12-05 13:11:20', '2025-12-05 21:11:20', '2025-12-06 12:56:05', 'woke', 80, 80, 40),
(291, 36, 6, 13, 8, '2025-12-05 13:11:27', '2025-12-05 21:11:27', '2025-12-06 12:56:05', 'woke', 80, 80, 40),
(292, 40, 6, 13, 8, '2025-12-05 13:11:34', '2025-12-05 21:11:34', '2025-12-06 12:56:05', 'woke', 80, 80, 40),
(293, 43, 6, 13, 8, '2025-12-05 13:11:40', '2025-12-05 21:11:40', '2025-12-06 12:56:05', 'woke', 80, 80, 40),
(294, 44, 6, 13, 1, '2025-12-05 13:11:43', '2025-12-05 14:11:43', '2025-12-14 14:12:12', 'woke', 10, 10, 5),
(295, 44, 6, 13, 8, '2025-12-05 13:11:51', '2025-12-05 21:11:51', '2025-12-06 12:56:05', 'woke', 80, 80, 40),
(296, 62, 6, 13, 8, '2025-12-05 13:12:01', '2025-12-05 21:12:01', '2025-12-06 12:56:05', 'woke', 80, 80, 40),
(297, 505, 31, 29, 1, '2025-12-13 13:07:02', '2025-12-13 14:07:02', '2025-12-15 14:29:45', 'woke', 10, 10, 5),
(298, 505, 31, 29, 1, '2025-12-13 13:36:36', '2025-12-13 14:36:36', '2025-12-15 14:18:53', 'woke', 10, 10, 5),
(299, 505, 31, 29, 1, '2025-12-13 13:36:44', '2025-12-13 14:36:44', '2025-12-13 18:00:16', 'woke', 10, 10, 5),
(300, 506, 31, 29, 1, '2025-12-13 13:36:50', '2025-12-13 14:36:50', '2025-12-13 17:59:40', 'woke', 10, 10, 5),
(301, 505, 31, 29, 2, '2025-12-13 13:36:58', '2025-12-13 15:36:58', '2025-12-13 17:59:40', 'woke', 20, 20, 10),
(302, 505, 31, 29, 1, '2025-12-13 17:00:19', '2025-12-13 18:00:19', '2025-12-14 07:17:47', 'woke', 10, 10, 5),
(303, 505, 31, 29, 3, '2025-12-14 06:17:57', '2025-12-14 09:17:57', '2025-12-15 03:15:52', 'woke', 30, 30, 15),
(304, 48, 6, 13, 3, '2025-12-14 13:14:35', '2025-12-14 16:14:35', '2025-12-14 23:11:09', 'woke', 30, 30, 15),
(305, 42, 6, 13, 4, '2025-12-14 13:14:40', '2025-12-14 17:14:40', '2025-12-14 23:11:09', 'woke', 40, 40, 20),
(306, 7, 6, 13, 4, '2025-12-14 13:14:45', '2025-12-14 17:14:45', '2025-12-14 23:11:09', 'woke', 40, 40, 20),
(307, 64, 6, 13, 8, '2025-12-15 23:38:10', '2025-12-16 07:38:10', NULL, 'sleeping', 0, 0, 0),
(308, 7, 6, 13, 3, '2025-12-15 23:38:14', '2025-12-16 02:38:14', '2025-12-16 03:56:55', 'woke', 30, 30, 15),
(309, 47, 6, 13, 6, '2025-12-15 23:38:18', '2025-12-16 05:38:18', NULL, 'sleeping', 0, 0, 0),
(310, 44, 6, 13, 6, '2025-12-15 23:38:26', '2025-12-16 05:38:26', NULL, 'sleeping', 0, 0, 0),
(311, 63, 6, 13, 6, '2025-12-15 23:38:32', '2025-12-16 05:38:32', NULL, 'sleeping', 0, 0, 0),
(312, 46, 11, 18, 8, '2025-12-16 00:06:24', '2025-12-16 08:06:24', NULL, 'sleeping', 0, 0, 0),
(313, 242, 6, 13, 8, '2025-12-16 03:19:52', '2025-12-16 11:19:52', NULL, 'sleeping', 0, 0, 0),
(314, 505, 31, 29, 8, '2025-12-16 03:20:53', '2025-12-16 11:20:53', NULL, 'sleeping', 0, 0, 0),
(315, 506, 31, 29, 8, '2025-12-16 03:20:59', '2025-12-16 11:20:59', NULL, 'sleeping', 0, 0, 0),
(316, 586, 31, 29, 4, '2025-12-16 03:21:03', '2025-12-16 07:21:03', NULL, 'sleeping', 0, 0, 0),
(317, 585, 31, 29, 8, '2025-12-16 03:21:07', '2025-12-16 11:21:07', NULL, 'sleeping', 0, 0, 0),
(318, 566, 31, 29, 8, '2025-12-16 03:21:12', '2025-12-16 11:21:12', NULL, 'sleeping', 0, 0, 0),
(319, 531, 31, 29, 8, '2025-12-16 03:21:15', '2025-12-16 11:21:15', NULL, 'sleeping', 0, 0, 0),
(320, 542, 31, 29, 8, '2025-12-16 03:21:20', '2025-12-16 11:21:20', NULL, 'sleeping', 0, 0, 0),
(321, 545, 31, 29, 8, '2025-12-16 03:21:24', '2025-12-16 11:21:24', NULL, 'sleeping', 0, 0, 0),
(322, 567, 31, 29, 3, '2025-12-16 03:21:32', '2025-12-16 06:21:32', NULL, 'sleeping', 0, 0, 0),
(323, 522, 31, 29, 4, '2025-12-16 03:21:36', '2025-12-16 07:21:36', NULL, 'sleeping', 0, 0, 0),
(324, 539, 31, 29, 4, '2025-12-16 03:21:41', '2025-12-16 07:21:41', NULL, 'sleeping', 0, 0, 0),
(325, 509, 31, 29, 2, '2025-12-16 03:22:38', '2025-12-16 05:22:38', NULL, 'sleeping', 0, 0, 0),
(326, 514, 31, 29, 8, '2025-12-16 03:22:43', '2025-12-16 11:22:43', NULL, 'sleeping', 0, 0, 0),
(327, 535, 31, 29, 3, '2025-12-16 03:22:48', '2025-12-16 06:22:48', NULL, 'sleeping', 0, 0, 0),
(328, 529, 31, 29, 3, '2025-12-16 03:22:52', '2025-12-16 06:22:52', NULL, 'sleeping', 0, 0, 0),
(329, 526, 31, 29, 1, '2025-12-16 03:23:20', '2025-12-16 04:23:20', NULL, 'sleeping', 0, 0, 0),
(330, 530, 31, 29, 5, '2025-12-16 03:23:25', '2025-12-16 08:23:25', NULL, 'sleeping', 0, 0, 0),
(331, 526, 31, 29, 3, '2025-12-16 03:23:29', '2025-12-16 06:23:29', NULL, 'sleeping', 0, 0, 0),
(332, 510, 31, 29, 4, '2025-12-16 03:23:34', '2025-12-16 07:23:34', NULL, 'sleeping', 0, 0, 0),
(333, 541, 31, 29, 3, '2025-12-16 03:23:39', '2025-12-16 06:23:39', NULL, 'sleeping', 0, 0, 0),
(334, 524, 31, 29, 5, '2025-12-16 03:23:44', '2025-12-16 08:23:44', NULL, 'sleeping', 0, 0, 0),
(335, 528, 31, 29, 8, '2025-12-16 03:23:53', '2025-12-16 11:23:53', NULL, 'sleeping', 0, 0, 0),
(336, 536, 31, 29, 4, '2025-12-16 03:23:59', '2025-12-16 07:23:59', NULL, 'sleeping', 0, 0, 0),
(337, 533, 31, 29, 1, '2025-12-16 03:24:03', '2025-12-16 04:24:03', NULL, 'sleeping', 0, 0, 0),
(338, 533, 31, 29, 7, '2025-12-16 03:24:07', '2025-12-16 10:24:07', NULL, 'sleeping', 0, 0, 0),
(339, 525, 31, 29, 5, '2025-12-16 03:24:12', '2025-12-16 08:24:12', NULL, 'sleeping', 0, 0, 0),
(340, 518, 31, 29, 3, '2025-12-16 03:24:17', '2025-12-16 06:24:17', NULL, 'sleeping', 0, 0, 0),
(341, 569, 31, 29, 3, '2025-12-16 03:24:22', '2025-12-16 06:24:22', NULL, 'sleeping', 0, 0, 0),
(342, 537, 31, 29, 3, '2025-12-16 03:24:27', '2025-12-16 06:24:27', NULL, 'sleeping', 0, 0, 0),
(343, 516, 31, 29, 8, '2025-12-16 03:24:34', '2025-12-16 11:24:34', NULL, 'sleeping', 0, 0, 0),
(344, 548, 31, 29, 5, '2025-12-16 03:24:40', '2025-12-16 08:24:40', NULL, 'sleeping', 0, 0, 0),
(345, 550, 31, 29, 3, '2025-12-16 03:24:47', '2025-12-16 06:24:47', NULL, 'sleeping', 0, 0, 0),
(346, 549, 31, 29, 6, '2025-12-16 03:24:52', '2025-12-16 09:24:52', NULL, 'sleeping', 0, 0, 0),
(347, 532, 31, 29, 3, '2025-12-16 03:24:59', '2025-12-16 06:24:59', NULL, 'sleeping', 0, 0, 0),
(348, 534, 31, 29, 3, '2025-12-16 03:25:04', '2025-12-16 06:25:04', NULL, 'sleeping', 0, 0, 0),
(349, 571, 31, 29, 3, '2025-12-16 03:25:11', '2025-12-16 06:25:11', NULL, 'sleeping', 0, 0, 0),
(350, 511, 31, 29, 3, '2025-12-16 03:25:18', '2025-12-16 06:25:18', NULL, 'sleeping', 0, 0, 0),
(351, 563, 31, 29, 3, '2025-12-16 03:25:25', '2025-12-16 06:25:25', NULL, 'sleeping', 0, 0, 0),
(352, 527, 31, 29, 4, '2025-12-16 03:25:31', '2025-12-16 07:25:31', NULL, 'sleeping', 0, 0, 0),
(353, 544, 31, 29, 3, '2025-12-16 03:25:35', '2025-12-16 06:25:35', NULL, 'sleeping', 0, 0, 0),
(354, 523, 31, 29, 3, '2025-12-16 03:25:41', '2025-12-16 06:25:41', NULL, 'sleeping', 0, 0, 0),
(355, 521, 31, 29, 8, '2025-12-16 03:25:49', '2025-12-16 11:25:49', NULL, 'sleeping', 0, 0, 0),
(356, 551, 31, 29, 3, '2025-12-16 03:25:54', '2025-12-16 06:25:54', NULL, 'sleeping', 0, 0, 0),
(357, 543, 31, 29, 4, '2025-12-16 03:25:59', '2025-12-16 07:25:59', NULL, 'sleeping', 0, 0, 0),
(358, 564, 31, 29, 5, '2025-12-16 03:26:05', '2025-12-16 08:26:05', NULL, 'sleeping', 0, 0, 0),
(359, 565, 31, 29, 4, '2025-12-16 03:26:10', '2025-12-16 07:26:10', NULL, 'sleeping', 0, 0, 0),
(360, 552, 31, 29, 7, '2025-12-16 03:26:17', '2025-12-16 10:26:17', NULL, 'sleeping', 0, 0, 0),
(361, 512, 31, 29, 8, '2025-12-16 03:26:23', '2025-12-16 11:26:23', NULL, 'sleeping', 0, 0, 0),
(362, 513, 31, 29, 8, '2025-12-16 03:26:28', '2025-12-16 11:26:28', NULL, 'sleeping', 0, 0, 0),
(363, 508, 31, 29, 8, '2025-12-16 03:26:34', '2025-12-16 11:26:34', NULL, 'sleeping', 0, 0, 0),
(364, 517, 31, 29, 8, '2025-12-16 03:26:40', '2025-12-16 11:26:40', NULL, 'sleeping', 0, 0, 0),
(365, 540, 31, 29, 7, '2025-12-16 03:26:46', '2025-12-16 10:26:46', NULL, 'sleeping', 0, 0, 0),
(366, 538, 31, 29, 6, '2025-12-16 03:26:54', '2025-12-16 09:26:54', NULL, 'sleeping', 0, 0, 0),
(367, 575, 31, 29, 2, '2025-12-16 03:27:00', '2025-12-16 05:27:00', NULL, 'sleeping', 0, 0, 0);

-- --------------------------------------------------------

--
-- Table structure for table `sparring_logs`
--

CREATE TABLE `sparring_logs` (
  `id` int(11) NOT NULL,
  `user_id` int(11) NOT NULL,
  `pet_name` varchar(100) DEFAULT NULL,
  `game` varchar(50) DEFAULT NULL,
  `won` tinyint(1) DEFAULT NULL,
  `reward` int(11) DEFAULT 0,
  `battle_time` datetime DEFAULT current_timestamp()
) ENGINE=InnoDB DEFAULT CHARSET=utf8mb4 COLLATE=utf8mb4_unicode_ci;

--
-- Dumping data for table `sparring_logs`
--

INSERT INTO `sparring_logs` (`id`, `user_id`, `pet_name`, `game`, `won`, `reward`, `battle_time`) VALUES
(1, 3, 'Rutherford', 'battle', 0, 0, '2025-10-10 01:00:06'),
(2, 7, 'Shadow', 'battle', 1, 0, '2025-10-10 01:00:06'),
(3, 6, 'Battle', 'battle', 1, 8, '2025-10-10 01:12:00'),
(4, 4, 'Snowfire', 'battle', 0, 0, '2025-10-10 01:12:00'),
(5, 6, 'Battle', 'battle', 0, 0, '2025-10-10 01:12:02'),
(6, 3, 'Alpha', 'battle', 1, 0, '2025-10-10 01:12:02'),
(7, 6, 'Battle', 'battle', 1, 8, '2025-10-10 01:12:03'),
(8, 12, 'Ocean', 'battle', 0, 0, '2025-10-10 01:12:03'),
(9, 6, 'Battle', 'battle', 1, 3, '2025-10-10 01:12:03'),
(10, 7, 'Mist', 'battle', 0, 0, '2025-10-10 01:12:03'),
(11, 6, 'Battle', 'battle', 1, 4, '2025-10-10 01:12:04'),
(12, 9, 'bbb', 'battle', 0, 0, '2025-10-10 01:12:04'),
(13, 6, 'Battle', 'battle', 0, 0, '2025-10-10 01:12:04'),
(14, 7, 'Shade', 'battle', 1, 0, '2025-10-10 01:12:04'),
(15, 6, 'Battle', 'battle', 1, 8, '2025-10-10 01:12:06'),
(16, 7, 'Gem', 'battle', 0, 0, '2025-10-10 01:12:06'),
(17, 6, 'Battles', 'battle', 1, 5, '2025-10-10 01:12:10'),
(18, 3, 'Alpha', 'battle', 0, 0, '2025-10-10 01:12:10'),
(19, 6, 'Battles', 'battle', 1, 8, '2025-10-10 01:12:13'),
(20, 11, 'Snow', 'battle', 0, 0, '2025-10-10 01:12:13'),
(21, 6, 'Battles', 'battle', 0, 0, '2025-10-10 01:12:13'),
(22, 7, 'Gem', 'battle', 1, 0, '2025-10-10 01:12:13'),
(23, 6, 'Battles', 'battle', 1, 6, '2025-10-10 01:12:14'),
(24, 7, 'Shadow', 'battle', 0, 0, '2025-10-10 01:12:14'),
(25, 6, 'Battles', 'battle', 1, 5, '2025-10-10 01:12:15'),
(26, 7, 'Gem', 'battle', 0, 0, '2025-10-10 01:12:15'),
(27, 6, 'Battles', 'battle', 0, 0, '2025-10-10 01:12:16'),
(28, 7, 'Thunder', 'battle', 1, 0, '2025-10-10 01:12:16'),
(29, 6, 'Battles', 'battle', 0, 0, '2025-10-10 01:12:16'),
(30, 7, 'Thunder', 'battle', 1, 0, '2025-10-10 01:12:17'),
(31, 6, 'Feras', 'battle', 0, 0, '2025-10-10 01:12:30'),
(32, 3, 'Alpha', 'battle', 1, 0, '2025-10-10 01:12:31'),
(33, 6, 'Scotchy', 'battle', 1, 5, '2025-10-10 01:12:36'),
(34, 7, 'Luna', 'battle', 0, 0, '2025-10-10 01:12:36'),
(35, 6, 'Scotchy', 'battle', 1, 3, '2025-10-10 01:13:00'),
(36, 7, 'Forest', 'battle', 0, 0, '2025-10-10 01:13:00'),
(37, 6, 'Scotchy', 'battle', 1, 5, '2025-10-10 01:13:00'),
(38, 12, 'Ocean', 'battle', 0, 0, '2025-10-10 01:13:00'),
(39, 6, 'Scotchy', 'battle', 0, 0, '2025-10-10 01:13:01'),
(40, 7, 'Thunder', 'battle', 1, 0, '2025-10-10 01:13:01'),
(41, 6, '1', 'battle', 0, 0, '2025-10-10 01:13:03'),
(42, 7, 'Shade', 'battle', 1, 0, '2025-10-10 01:13:03'),
(43, 6, '1', 'battle', 0, 0, '2025-10-10 01:13:05'),
(44, 3, 'Alpha', 'battle', 1, 0, '2025-10-10 01:13:05'),
(45, 6, '1', 'battle', 1, 7, '2025-10-10 01:13:06'),
(46, 3, 'Alpha', 'battle', 0, 0, '2025-10-10 01:13:06'),
(47, 6, '1', 'battle', 0, 0, '2025-10-10 01:13:06'),
(48, 3, 'Alpha', 'battle', 1, 0, '2025-10-10 01:13:06'),
(49, 6, '1', 'battle', 0, 0, '2025-10-10 01:13:07'),
(50, 3, 'Rutherford', 'battle', 1, 0, '2025-10-10 01:13:07'),
(51, 6, '1', 'battle', 1, 5, '2025-10-10 01:13:07'),
(52, 4, 'Snowfire', 'battle', 0, 0, '2025-10-10 01:13:07'),
(53, 6, 'Reex', 'battle', 1, 4, '2025-10-10 01:13:10'),
(54, 12, 'Ocean', 'battle', 0, 0, '2025-10-10 01:13:10'),
(55, 6, 'Reex', 'battle', 1, 8, '2025-10-10 01:13:12'),
(56, 7, 'Shadow', 'battle', 0, 0, '2025-10-10 01:13:12'),
(57, 6, 'Reex', 'battle', 1, 6, '2025-10-10 01:13:13'),
(58, 4, 'Butch', 'battle', 0, 0, '2025-10-10 01:13:13'),
(59, 6, 'Reex', 'battle', 1, 3, '2025-10-10 01:13:14'),
(60, 12, 'Ocean', 'battle', 0, 0, '2025-10-10 01:13:14'),
(61, 6, 'Reex', 'battle', 1, 5, '2025-10-10 01:13:14'),
(62, 12, 'Solar eclipse', 'battle', 0, 0, '2025-10-10 01:13:14'),
(63, 6, 'Reex', 'battle', 1, 3, '2025-10-10 01:13:15'),
(64, 7, 'Thunder', 'battle', 0, 0, '2025-10-10 01:13:15'),
(65, 13, 'Mushroom', 'battle', 0, 0, '2025-10-10 07:42:45'),
(66, 7, 'Shadow', 'battle', 1, 0, '2025-10-10 07:42:45'),
(67, 13, 'Night', 'battle', 0, 0, '2025-10-10 07:43:01'),
(68, 9, 'bbb', 'battle', 1, 0, '2025-10-10 07:43:02'),
(69, 13, 'Sun', 'battle', 0, 0, '2025-10-10 07:43:16'),
(70, 4, 'Butch', 'battle', 1, 0, '2025-10-10 07:43:16'),
(71, 13, 'Seashell', 'battle', 0, 0, '2025-10-10 07:43:27'),
(72, 7, 'Shade', 'battle', 1, 0, '2025-10-10 07:43:27'),
(73, 13, 'Mushroom', 'battle', 0, 0, '2025-10-10 07:43:46'),
(74, 3, 'Rutherford', 'battle', 1, 0, '2025-10-10 07:43:46'),
(75, 13, 'Sun', 'battle', 0, 0, '2025-10-10 07:43:58'),
(76, 9, 'bbb', 'battle', 1, 0, '2025-10-10 07:43:58'),
(77, 13, 'Seashell', 'battle', 0, 0, '2025-10-10 07:44:13'),
(78, 3, 'Alpha', 'battle', 1, 0, '2025-10-10 07:44:14'),
(79, 6, 'Spark', 'battle', 1, 7, '2025-10-10 15:11:50'),
(80, 13, 'Night', 'battle', 0, 0, '2025-10-10 15:11:50'),
(81, 6, 'Spark', 'battle', 1, 3, '2025-10-10 15:11:54'),
(82, 7, 'Shade', 'battle', 0, 0, '2025-10-10 15:11:54'),
(83, 6, 'Spark', 'battle', 1, 8, '2025-10-10 15:11:55'),
(84, 13, 'Night', 'battle', 0, 0, '2025-10-10 15:11:55'),
(85, 6, 'Spark', 'battle', 1, 4, '2025-10-10 15:11:55'),
(86, 3, 'Alpha', 'battle', 0, 0, '2025-10-10 15:11:55'),
(87, 6, 'Spark', 'battle', 1, 5, '2025-10-10 15:11:56'),
(88, 13, 'Sun', 'battle', 0, 0, '2025-10-10 15:11:56'),
(89, 6, 'Spark', 'battle', 1, 4, '2025-10-10 15:11:57'),
(90, 13, 'Mushroom', 'battle', 0, 0, '2025-10-10 15:11:57'),
(91, 6, 'Spark', 'battle', 1, 6, '2025-10-10 15:11:58'),
(92, 13, 'Mushroom', 'battle', 0, 0, '2025-10-10 15:11:58'),
(93, 6, 'Spark', 'battle', 1, 5, '2025-10-10 15:12:19'),
(94, 7, 'Luna', 'battle', 0, 0, '2025-10-10 15:12:19'),
(95, 6, 'Spark', 'battle', 1, 3, '2025-10-10 15:12:23'),
(96, 13, 'Mushroom', 'battle', 0, 0, '2025-10-10 15:12:23'),
(97, 6, 'Spark', 'battle', 1, 8, '2025-10-10 15:12:24'),
(98, 13, 'Mushroom', 'battle', 0, 0, '2025-10-10 15:12:24'),
(99, 6, 'Spark', 'battle', 1, 7, '2025-10-10 15:12:24'),
(100, 13, 'Sun', 'battle', 0, 0, '2025-10-10 15:12:24'),
(101, 6, 'Spark', 'battle', 1, 6, '2025-10-10 15:12:24'),
(102, 3, 'Alpha', 'battle', 0, 0, '2025-10-10 15:12:24'),
(103, 6, 'Spark', 'battle', 1, 5, '2025-10-10 15:12:25'),
(104, 13, 'Sun', 'battle', 0, 0, '2025-10-10 15:12:25'),
(105, 6, 'Spark', 'battle', 1, 6, '2025-10-10 15:12:25'),
(106, 7, 'Luna', 'battle', 0, 0, '2025-10-10 15:12:25'),
(107, 6, 'Spark', 'battle', 1, 7, '2025-10-10 16:06:27'),
(108, 3, 'Alpha', 'battle', 0, 0, '2025-10-10 16:06:27'),
(109, 6, 'Spark', 'battle', 1, 3, '2025-10-10 16:06:30'),
(110, 13, 'Mushroom', 'battle', 0, 0, '2025-10-10 16:06:30'),
(111, 6, 'Spark', 'battle', 1, 3, '2025-10-10 16:06:31'),
(112, 13, 'Mushroom', 'battle', 0, 0, '2025-10-10 16:06:31'),
(113, 6, 'Spark', 'battle', 1, 7, '2025-10-10 16:06:31'),
(114, 13, 'Seashell', 'battle', 0, 0, '2025-10-10 16:06:31'),
(115, 6, 'Spark', 'battle', 1, 3, '2025-10-10 16:06:31'),
(116, 13, 'Seashell', 'battle', 0, 0, '2025-10-10 16:06:31'),
(117, 6, 'Spark', 'battle', 0, 0, '2025-10-10 16:06:32'),
(118, 3, 'Rutherford', 'battle', 1, 0, '2025-10-10 16:06:32'),
(119, 15, 'Snowball', 'battle', 1, 5, '2025-10-10 20:18:06'),
(120, 6, 'Feras', 'battle', 0, 0, '2025-10-10 20:18:06'),
(121, 15, 'Snowball', 'battle', 1, 7, '2025-10-10 20:18:15'),
(122, 17, 'fluffy', 'battle', 0, 0, '2025-10-10 20:18:15'),
(123, 15, 'Snowball', 'battle', 1, 3, '2025-10-10 20:18:20'),
(124, 4, 'Butch', 'battle', 0, 0, '2025-10-10 20:18:20'),
(125, 15, 'Snowball', 'battle', 1, 6, '2025-10-10 20:18:25'),
(126, 6, '1', 'battle', 0, 0, '2025-10-10 20:18:25'),
(127, 15, 'Snowball', 'battle', 1, 6, '2025-10-10 20:18:30'),
(128, 18, 'Charades', 'battle', 0, 0, '2025-10-10 20:18:30'),
(129, 15, 'Snowball', 'battle', 1, 3, '2025-10-10 20:18:35'),
(130, 6, 'Scotchy', 'battle', 0, 0, '2025-10-10 20:18:35'),
(131, 6, 'Spark', 'battle', 1, 6, '2025-10-11 15:37:12'),
(132, 13, 'Seashell', 'battle', 0, 0, '2025-10-11 15:37:12'),
(133, 6, 'Spark', 'battle', 1, 8, '2025-10-11 15:37:15'),
(134, 17, 'fluffy', 'battle', 0, 0, '2025-10-11 15:37:16'),
(135, 6, 'Spark', 'battle', 1, 8, '2025-10-11 15:37:16'),
(136, 18, 'Charades', 'battle', 0, 0, '2025-10-11 15:37:16'),
(137, 6, 'Spark', 'battle', 1, 6, '2025-10-11 15:37:18'),
(138, 3, 'Rutherford', 'battle', 0, 0, '2025-10-11 15:37:18'),
(139, 6, 'Spark', 'battle', 1, 7, '2025-10-11 15:37:19'),
(140, 3, 'Rutherford', 'battle', 0, 0, '2025-10-11 15:37:19'),
(141, 6, 'Spark', 'battle', 1, 3, '2025-10-11 15:37:20'),
(142, 4, 'Snowfire', 'battle', 0, 0, '2025-10-11 15:37:20'),
(143, 6, 'Scotchy', 'battle', 1, 7, '2025-10-11 15:37:30'),
(144, 15, 'Snowball', 'battle', 0, 0, '2025-10-11 15:37:30'),
(145, 6, 'Scotchy', 'battle', 1, 4, '2025-10-11 15:37:33'),
(146, 15, 'Snowball', 'battle', 0, 0, '2025-10-11 15:37:33'),
(147, 6, 'Scotchy', 'battle', 1, 6, '2025-10-11 15:37:33'),
(148, 3, 'Alpha', 'battle', 0, 0, '2025-10-11 15:37:33'),
(149, 6, 'Scotchy', 'battle', 1, 7, '2025-10-11 15:37:34'),
(150, 3, 'Rutherford', 'battle', 0, 0, '2025-10-11 15:37:34'),
(151, 6, 'Scotchy', 'battle', 1, 7, '2025-10-11 15:37:35'),
(152, 3, 'Alpha', 'battle', 0, 0, '2025-10-11 15:37:35'),
(153, 6, 'Scotchy', 'battle', 1, 4, '2025-10-11 15:37:35'),
(154, 3, 'Alpha', 'battle', 0, 0, '2025-10-11 15:37:35'),
(155, 6, 'Battle', 'battle', 1, 4, '2025-10-11 15:37:59'),
(156, 4, 'Butch', 'battle', 0, 0, '2025-10-11 15:37:59'),
(157, 6, 'Battle', 'battle', 1, 5, '2025-10-11 15:38:01'),
(158, 17, 'fluffy', 'battle', 0, 0, '2025-10-11 15:38:01'),
(159, 6, 'Battle', 'battle', 1, 7, '2025-10-11 15:38:01'),
(160, 17, 'fluffy', 'battle', 0, 0, '2025-10-11 15:38:01'),
(161, 6, 'Battle', 'battle', 1, 4, '2025-10-11 15:38:02'),
(162, 18, 'Brad', 'battle', 0, 0, '2025-10-11 15:38:02'),
(163, 6, 'Battle', 'battle', 1, 8, '2025-10-11 15:38:02'),
(164, 3, 'Alpha', 'battle', 0, 0, '2025-10-11 15:38:02'),
(165, 6, 'Battle', 'battle', 1, 6, '2025-10-11 15:38:02'),
(166, 3, 'Alpha', 'battle', 0, 0, '2025-10-11 15:38:02'),
(167, 6, 'Battle', 'battle', 1, 7, '2025-10-11 15:38:03'),
(168, 13, 'Seashell', 'battle', 0, 0, '2025-10-11 15:38:03'),
(169, 6, 'Battles', 'battle', 1, 4, '2025-10-11 15:38:08'),
(170, 4, 'Snowfire', 'battle', 0, 0, '2025-10-11 15:38:08'),
(171, 6, 'Battles', 'battle', 1, 7, '2025-10-11 15:38:10'),
(172, 3, 'Alpha', 'battle', 0, 0, '2025-10-11 15:38:10'),
(173, 6, 'Battles', 'battle', 1, 7, '2025-10-11 15:38:10'),
(174, 17, 'fluffy', 'battle', 0, 0, '2025-10-11 15:38:10'),
(175, 6, 'Battles', 'battle', 1, 5, '2025-10-11 15:38:10'),
(176, 18, 'Brad', 'battle', 0, 0, '2025-10-11 15:38:10'),
(177, 6, 'Battles', 'battle', 1, 5, '2025-10-11 15:38:11'),
(178, 15, 'Snowball', 'battle', 0, 0, '2025-10-11 15:38:11'),
(179, 6, 'Battles', 'battle', 1, 8, '2025-10-11 15:38:11'),
(180, 3, 'Alpha', 'battle', 0, 0, '2025-10-11 15:38:11'),
(181, 6, 'Battles', 'battle', 1, 6, '2025-10-11 15:38:11'),
(182, 13, 'Seashell', 'battle', 0, 0, '2025-10-11 15:38:11'),
(183, 6, 'Feral', 'battle', 1, 6, '2025-10-11 15:38:15'),
(184, 4, 'Snowfire', 'battle', 0, 0, '2025-10-11 15:38:15'),
(185, 6, 'Feral', 'battle', 1, 6, '2025-10-11 15:38:16'),
(186, 3, 'Alpha', 'battle', 0, 0, '2025-10-11 15:38:16'),
(187, 6, 'Feral', 'battle', 1, 3, '2025-10-11 15:38:17'),
(188, 4, 'Butch', 'battle', 0, 0, '2025-10-11 15:38:17'),
(189, 6, 'Feral', 'battle', 1, 3, '2025-10-11 15:38:17'),
(190, 17, 'fluffy', 'battle', 0, 0, '2025-10-11 15:38:17'),
(191, 6, 'Feral', 'battle', 1, 7, '2025-10-11 15:38:17'),
(192, 15, 'Snowball', 'battle', 0, 0, '2025-10-11 15:38:17'),
(193, 6, 'Feral', 'battle', 1, 7, '2025-10-11 15:38:18'),
(194, 3, 'Alpha', 'battle', 0, 0, '2025-10-11 15:38:18'),
(195, 6, 'Feras', 'battle', 1, 8, '2025-10-11 15:38:21'),
(196, 18, 'Brad', 'battle', 0, 0, '2025-10-11 15:38:21'),
(197, 6, 'Feras', 'battle', 1, 6, '2025-10-11 15:38:22'),
(198, 3, 'Alpha', 'battle', 0, 0, '2025-10-11 15:38:22'),
(199, 6, 'Feras', 'battle', 1, 3, '2025-10-11 15:38:22'),
(200, 3, 'Rutherford', 'battle', 0, 0, '2025-10-11 15:38:22'),
(201, 6, 'Feras', 'battle', 1, 4, '2025-10-11 15:38:22'),
(202, 18, 'Charades', 'battle', 0, 0, '2025-10-11 15:38:22'),
(203, 6, 'Feras', 'battle', 1, 5, '2025-10-11 15:38:23'),
(204, 3, 'Rutherford', 'battle', 0, 0, '2025-10-11 15:38:23'),
(205, 6, 'Feras', 'battle', 1, 3, '2025-10-11 15:38:23'),
(206, 4, 'Butch', 'battle', 0, 0, '2025-10-11 15:38:23'),
(207, 6, 'Feras', 'battle', 1, 4, '2025-10-11 15:38:23'),
(208, 15, 'Snowball', 'battle', 0, 0, '2025-10-11 15:38:23'),
(209, 6, 'Feras', 'battle', 1, 8, '2025-10-11 15:38:24'),
(210, 4, 'Snowfire', 'battle', 0, 0, '2025-10-11 15:38:24'),
(211, 6, '1', 'battle', 1, 5, '2025-10-11 15:38:26'),
(212, 3, 'Alpha', 'battle', 0, 0, '2025-10-11 15:38:26'),
(213, 6, '1', 'battle', 1, 6, '2025-10-11 15:38:27'),
(214, 18, 'Brad', 'battle', 0, 0, '2025-10-11 15:38:27'),
(215, 6, '1', 'battle', 1, 8, '2025-10-11 15:38:27'),
(216, 3, 'Rutherford', 'battle', 0, 0, '2025-10-11 15:38:27'),
(217, 6, '1', 'battle', 1, 5, '2025-10-11 15:38:28'),
(218, 3, 'Rutherford', 'battle', 0, 0, '2025-10-11 15:38:28'),
(219, 6, '1', 'battle', 1, 7, '2025-10-11 15:38:28'),
(220, 4, 'Snowfire', 'battle', 0, 0, '2025-10-11 15:38:28'),
(221, 6, '1', 'battle', 1, 8, '2025-10-11 15:38:28'),
(222, 15, 'Snowball', 'battle', 0, 0, '2025-10-11 15:38:28'),
(223, 6, '1', 'battle', 1, 8, '2025-10-11 15:38:29'),
(224, 15, 'Snowball', 'battle', 0, 0, '2025-10-11 15:38:29'),
(225, 6, 'Reex', 'battle', 1, 6, '2025-10-11 15:38:31'),
(226, 4, 'Butch', 'battle', 0, 0, '2025-10-11 15:38:31'),
(227, 6, 'Reex', 'battle', 1, 8, '2025-10-11 15:38:33'),
(228, 4, 'Butch', 'battle', 0, 0, '2025-10-11 15:38:33'),
(229, 6, 'Reex', 'battle', 1, 6, '2025-10-11 15:38:33'),
(230, 4, 'Snowfire', 'battle', 0, 0, '2025-10-11 15:38:33'),
(231, 6, 'Reex', 'battle', 1, 7, '2025-10-11 15:38:33'),
(232, 3, 'Rutherford', 'battle', 0, 0, '2025-10-11 15:38:33'),
(233, 6, 'Reex', 'battle', 1, 7, '2025-10-11 15:38:34'),
(234, 18, 'Charades', 'battle', 0, 0, '2025-10-11 15:38:34'),
(235, 6, 'Reex', 'battle', 1, 8, '2025-10-11 15:38:34'),
(236, 18, 'Brad', 'battle', 0, 0, '2025-10-11 15:38:34'),
(237, 6, 'Reex', 'battle', 1, 4, '2025-10-11 15:38:34'),
(238, 3, 'Rutherford', 'battle', 0, 0, '2025-10-11 15:38:34'),
(239, 3, 'Rutherford', 'battle', 0, 0, '2025-10-12 00:24:49'),
(240, 6, 'Feral', 'battle', 1, 0, '2025-10-12 00:24:49'),
(241, 3, 'Rutherford', 'battle', 1, 6, '2025-10-12 00:24:58'),
(242, 13, 'Seashell', 'battle', 0, 0, '2025-10-12 00:24:58'),
(243, 3, 'Rutherford', 'battle', 0, 0, '2025-10-12 00:25:03'),
(244, 6, '1', 'battle', 1, 0, '2025-10-12 00:25:03'),
(245, 3, 'Rutherford', 'battle', 0, 0, '2025-10-12 00:25:08'),
(246, 6, 'Feral', 'battle', 1, 0, '2025-10-12 00:25:08'),
(247, 3, 'Rutherford', 'battle', 0, 0, '2025-10-12 00:25:12'),
(248, 6, 'Scotchy', 'battle', 1, 0, '2025-10-12 00:25:12'),
(249, 3, 'Alpha', 'battle', 0, 0, '2025-10-12 00:25:16'),
(250, 6, 'Feral', 'battle', 1, 0, '2025-10-12 00:25:16'),
(251, 3, 'Alpha', 'battle', 0, 0, '2025-10-12 00:25:21'),
(252, 6, 'Battle', 'battle', 1, 0, '2025-10-12 00:25:21'),
(253, 3, 'Alpha', 'battle', 0, 0, '2025-10-12 00:25:26'),
(254, 6, 'Feras', 'battle', 1, 0, '2025-10-12 00:25:26'),
(255, 3, 'Alpha', 'battle', 0, 0, '2025-10-12 00:25:30'),
(256, 6, 'Reex', 'battle', 1, 0, '2025-10-12 00:25:30'),
(257, 3, 'Alpha', 'battle', 0, 0, '2025-10-12 00:25:36'),
(258, 6, '1', 'battle', 1, 0, '2025-10-12 00:25:36'),
(259, 6, '1', 'battle', 1, 8, '2025-10-12 02:38:54'),
(260, 14, 'Bullseye', 'battle', 0, 0, '2025-10-12 02:38:54'),
(261, 6, 'Feras', 'battle', 1, 4, '2025-10-12 02:42:58'),
(262, 3, 'Rutherford', 'battle', 0, 0, '2025-10-12 02:42:59'),
(263, 6, 'Feras', 'battle', 1, 5, '2025-10-12 02:43:07'),
(264, 4, 'Snowfire', 'battle', 0, 0, '2025-10-12 02:43:07'),
(265, 6, 'Feras', 'battle', 1, 4, '2025-10-12 02:43:09'),
(266, 3, 'Alpha', 'battle', 0, 0, '2025-10-12 02:43:09'),
(267, 6, 'Feras', 'battle', 1, 5, '2025-10-12 02:43:11'),
(268, 15, 'Snowball', 'battle', 0, 0, '2025-10-12 02:43:11'),
(269, 6, 'Feras', 'battle', 1, 4, '2025-10-12 02:43:13'),
(270, 18, 'Brad', 'battle', 0, 0, '2025-10-12 02:43:13'),
(271, 6, 'Feras', 'battle', 1, 3, '2025-10-12 02:43:15'),
(272, 3, 'Rutherford', 'battle', 0, 0, '2025-10-12 02:43:15'),
(273, 6, 'Feras', 'battle', 1, 3, '2025-10-12 02:43:17'),
(274, 14, 'Bullseye', 'battle', 0, 0, '2025-10-12 02:43:17'),
(275, 3, 'Titan', 'battle', 0, 0, '2025-10-13 15:29:07'),
(276, 6, 'Reex', 'battle', 1, 0, '2025-10-13 15:29:07'),
(277, 3, 'Alpha', 'battle', 1, 3, '2025-10-13 15:29:16'),
(278, 18, 'Charades', 'battle', 0, 0, '2025-10-13 15:29:16'),
(279, 25, 'Jack-in-the-Box', 'battle', 1, 7, '2025-10-14 17:23:35'),
(280, 4, 'Butch', 'battle', 0, 0, '2025-10-14 17:23:35'),
(281, 6, 'Battle', 'battle', 1, 8, '2025-10-16 02:09:38'),
(282, 4, 'Snowfire', 'battle', 0, 0, '2025-10-16 02:09:38'),
(283, 6, 'Battle', 'battle', 1, 8, '2025-10-16 02:09:42'),
(284, 23, 'Thicket', 'battle', 0, 0, '2025-10-16 02:09:42'),
(285, 6, 'Battle', 'battle', 1, 5, '2025-10-16 02:09:43'),
(286, 18, 'Charades', 'battle', 0, 0, '2025-10-16 02:09:43'),
(287, 6, 'Battle', 'battle', 1, 3, '2025-10-16 02:09:43'),
(288, 4, 'Butch', 'battle', 0, 0, '2025-10-16 02:09:43'),
(289, 6, 'Battle', 'battle', 1, 6, '2025-10-16 02:09:45'),
(290, 4, 'Snowfire', 'battle', 0, 0, '2025-10-16 02:09:45'),
(291, 6, 'Battle', 'battle', 1, 6, '2025-10-16 02:09:46'),
(292, 23, 'Thicket', 'battle', 0, 0, '2025-10-16 02:09:46'),
(293, 6, 'Battle', 'battle', 1, 3, '2025-10-16 02:09:47'),
(294, 4, 'Butch', 'battle', 0, 0, '2025-10-16 02:09:47'),
(295, 6, 'Battles', 'battle', 1, 6, '2025-10-16 02:09:52'),
(296, 4, 'Snowfire', 'battle', 0, 0, '2025-10-16 02:09:52'),
(297, 6, 'Battles', 'battle', 1, 5, '2025-10-16 02:09:54'),
(298, 23, 'Thicket', 'battle', 0, 0, '2025-10-16 02:09:54'),
(299, 6, 'Battles', 'battle', 1, 6, '2025-10-16 02:09:55'),
(300, 23, 'Thicket', 'battle', 0, 0, '2025-10-16 02:09:55'),
(301, 6, 'Battles', 'battle', 1, 5, '2025-10-16 02:09:56'),
(302, 18, 'Charades', 'battle', 0, 0, '2025-10-16 02:09:56'),
(303, 6, 'Battles', 'battle', 1, 3, '2025-10-16 02:09:57'),
(304, 23, 'Thicket', 'battle', 0, 0, '2025-10-16 02:09:57'),
(305, 6, 'Battles', 'battle', 1, 6, '2025-10-16 02:09:58'),
(306, 4, 'Butch', 'battle', 0, 0, '2025-10-16 02:09:58'),
(307, 6, 'Feral', 'battle', 1, 5, '2025-10-16 02:10:03'),
(308, 4, 'Snowfire', 'battle', 0, 0, '2025-10-16 02:10:04'),
(309, 6, 'Feral', 'battle', 1, 3, '2025-10-16 02:10:07'),
(310, 23, 'Thicket', 'battle', 0, 0, '2025-10-16 02:10:07'),
(311, 6, 'Feral', 'battle', 1, 7, '2025-10-16 02:10:08'),
(312, 4, 'Snowfire', 'battle', 0, 0, '2025-10-16 02:10:08'),
(313, 6, 'Feral', 'battle', 1, 6, '2025-10-16 02:10:09'),
(314, 4, 'Butch', 'battle', 0, 0, '2025-10-16 02:10:09'),
(315, 6, 'Feral', 'battle', 1, 3, '2025-10-16 02:10:09'),
(316, 4, 'Butch', 'battle', 0, 0, '2025-10-16 02:10:09'),
(317, 6, 'Feral', 'battle', 1, 6, '2025-10-16 02:10:10'),
(318, 4, 'Snowfire', 'battle', 0, 0, '2025-10-16 02:10:10'),
(319, 6, 'Feral', 'battle', 1, 3, '2025-10-16 02:10:10'),
(320, 4, 'Snowfire', 'battle', 0, 0, '2025-10-16 02:10:10'),
(321, 6, 'Feras', 'battle', 1, 5, '2025-10-16 02:10:14'),
(322, 4, 'Butch', 'battle', 0, 0, '2025-10-16 02:10:14'),
(323, 6, 'Battle', 'battle', 1, 3, '2025-10-17 01:16:54'),
(324, 11, 'Chocolate', 'battle', 0, 0, '2025-10-17 01:16:54'),
(325, 6, 'Battle', 'battle', 1, 7, '2025-10-17 01:16:57'),
(326, 11, 'Nugget', 'battle', 0, 0, '2025-10-17 01:16:57'),
(327, 6, 'Battle', 'battle', 1, 7, '2025-10-17 01:16:58'),
(328, 11, 'Rain Snow', 'battle', 0, 0, '2025-10-17 01:16:58'),
(329, 6, 'Battle', 'battle', 1, 7, '2025-10-17 01:16:59'),
(330, 11, 'Chicken', 'battle', 0, 0, '2025-10-17 01:16:59'),
(331, 6, 'Battle', 'battle', 1, 3, '2025-10-17 01:16:59'),
(332, 11, 'Bluetooth', 'battle', 0, 0, '2025-10-17 01:16:59'),
(333, 6, 'Battle', 'battle', 1, 3, '2025-10-17 01:17:00'),
(334, 11, 'Chicken', 'battle', 0, 0, '2025-10-17 01:17:00'),
(335, 6, 'Battle', 'battle', 1, 8, '2025-10-17 01:17:00'),
(336, 11, 'Rain Snow', 'battle', 0, 0, '2025-10-17 01:17:00'),
(337, 6, 'Battles', 'battle', 1, 5, '2025-10-17 01:17:03'),
(338, 11, 'Bluetooth', 'battle', 0, 0, '2025-10-17 01:17:03'),
(339, 6, 'Battles', 'battle', 1, 8, '2025-10-17 01:17:04'),
(340, 11, 'Chocolate', 'battle', 0, 0, '2025-10-17 01:17:04'),
(341, 6, 'Battles', 'battle', 1, 6, '2025-10-17 01:17:04'),
(342, 11, 'Nugget', 'battle', 0, 0, '2025-10-17 01:17:04'),
(343, 6, 'Battles', 'battle', 1, 4, '2025-10-17 01:17:04'),
(344, 11, 'Bluetooth', 'battle', 0, 0, '2025-10-17 01:17:04'),
(345, 6, 'Battles', 'battle', 1, 6, '2025-10-17 01:17:05'),
(346, 11, 'Chocolate', 'battle', 0, 0, '2025-10-17 01:17:05'),
(347, 6, 'Battles', 'battle', 1, 4, '2025-10-17 01:17:06'),
(348, 11, 'Chocolate', 'battle', 0, 0, '2025-10-17 01:17:06'),
(349, 6, 'Feral', 'battle', 1, 8, '2025-10-17 01:17:09'),
(350, 11, 'Chicken', 'battle', 0, 0, '2025-10-17 01:17:09'),
(351, 6, 'Feral', 'battle', 1, 7, '2025-10-17 01:17:11'),
(352, 11, 'Nugget', 'battle', 0, 0, '2025-10-17 01:17:11'),
(353, 6, 'Feral', 'battle', 1, 6, '2025-10-17 01:17:11'),
(354, 11, 'Chicken', 'battle', 0, 0, '2025-10-17 01:17:11'),
(355, 6, 'Feral', 'battle', 1, 6, '2025-10-17 01:17:12'),
(356, 11, 'Bluetooth', 'battle', 0, 0, '2025-10-17 01:17:12'),
(357, 6, 'Feral', 'battle', 1, 6, '2025-10-17 01:17:13'),
(358, 11, 'Rain Snow', 'battle', 0, 0, '2025-10-17 01:17:13'),
(359, 6, 'Feral', 'battle', 0, 0, '2025-10-17 01:17:13'),
(360, 11, 'Snow', 'battle', 1, 0, '2025-10-17 01:17:13'),
(361, 6, 'Reex', 'battle', 0, 0, '2025-10-17 01:19:03'),
(362, 11, 'Nugget', 'battle', 1, 0, '2025-10-17 01:19:03'),
(363, 6, 'Reex', 'battle', 0, 0, '2025-10-17 01:19:09'),
(364, 11, 'Rain Snow', 'battle', 1, 0, '2025-10-17 01:19:09'),
(365, 6, 'Reex', 'battle', 1, 5, '2025-10-17 01:19:11'),
(366, 11, 'Bluetooth', 'battle', 0, 0, '2025-10-17 01:19:11'),
(367, 6, 'Reex', 'battle', 0, 0, '2025-10-17 01:19:12'),
(368, 11, 'Snow', 'battle', 1, 0, '2025-10-17 01:19:12'),
(369, 6, 'Reex', 'battle', 1, 7, '2025-10-17 01:19:14'),
(370, 11, 'Rain Snow', 'battle', 0, 0, '2025-10-17 01:19:14'),
(371, 6, 'Reex', 'battle', 1, 8, '2025-10-17 01:19:14'),
(372, 11, 'Bluetooth', 'battle', 0, 0, '2025-10-17 01:19:15'),
(373, 6, 'Spark', 'battle', 0, 0, '2025-10-18 00:41:08'),
(374, 11, 'Rainbow Cloud', 'battle', 1, 0, '2025-10-18 00:41:08'),
(375, 6, 'Spark', 'battle', 1, 3, '2025-10-18 00:41:21'),
(376, 11, 'Chocolate Chip', 'battle', 0, 0, '2025-10-18 00:41:21'),
(377, 6, 'Spark', 'battle', 1, 4, '2025-10-18 00:41:25'),
(378, 7, 'Crystal', 'battle', 0, 0, '2025-10-18 00:41:25'),
(379, 6, 'Spark', 'battle', 1, 7, '2025-10-18 00:41:27'),
(380, 11, 'Chicken', 'battle', 0, 0, '2025-10-18 00:41:27'),
(381, 6, 'Spark', 'battle', 0, 0, '2025-10-18 00:41:28'),
(382, 11, 'Rainbow Cloud', 'battle', 1, 0, '2025-10-18 00:41:28'),
(383, 6, 'Spark', 'battle', 1, 8, '2025-10-18 00:41:31'),
(384, 11, 'Rain Snow', 'battle', 0, 0, '2025-10-18 00:41:31'),
(385, 6, 'Spark', 'battle', 1, 7, '2025-10-18 00:41:32'),
(386, 11, 'Nugget', 'battle', 0, 0, '2025-10-18 00:41:32'),
(387, 11, 'Snowy', 'battle', 0, 0, '2025-10-23 19:46:02'),
(388, 6, 'Feral', 'battle', 1, 0, '2025-10-23 19:46:02'),
(389, 11, 'Snow', 'battle', 1, 5, '2025-10-23 19:46:17'),
(390, 6, 'Scotchy', 'battle', 0, 0, '2025-10-23 19:46:17'),
(391, 27, 'Rose', 'battle', 0, 0, '2025-10-25 21:47:30'),
(392, 11, 'Orange', 'battle', 1, 0, '2025-10-25 21:47:30'),
(393, 27, 'Rose', 'battle', 0, 0, '2025-10-25 21:47:40'),
(394, 6, 'Feral', 'battle', 1, 0, '2025-10-25 21:47:40'),
(395, 11, 'Snowy', 'battle', 0, 0, '2025-10-31 22:26:49'),
(396, 6, 'Pizzazz', 'battle', 1, 0, '2025-10-31 22:26:50'),
(397, 11, 'Newborn#883', 'battle', 0, 0, '2025-10-31 22:27:04'),
(398, 6, 'Sleep', 'battle', 1, 0, '2025-10-31 22:27:04'),
(399, 6, 'Spark', 'battle', 1, 7, '2025-11-04 13:16:03'),
(400, 11, 'Newborn#998', 'battle', 0, 0, '2025-11-04 13:16:03'),
(401, 6, 'Spark', 'battle', 1, 8, '2025-11-13 22:04:11'),
(402, 11, 'Newborn#998', 'battle', 0, 0, '2025-11-13 22:04:11'),
(403, 6, 'Spark', 'battle', 1, 4, '2025-11-13 22:04:14'),
(404, 11, 'Newborn#197', 'battle', 0, 0, '2025-11-13 22:04:14'),
(405, 6, 'Spark', 'battle', 1, 4, '2025-11-13 22:04:16'),
(406, 11, 'Chocolate Chip', 'battle', 0, 0, '2025-11-13 22:04:16'),
(407, 6, 'Spark', 'battle', 1, 7, '2025-11-13 22:04:17'),
(408, 11, 'Snow', 'battle', 0, 0, '2025-11-13 22:04:17'),
(409, 6, 'Spark', 'battle', 1, 6, '2025-11-13 22:04:18'),
(410, 11, 'Newborn#219', 'battle', 0, 0, '2025-11-13 22:04:18'),
(411, 6, 'Spark', 'battle', 1, 8, '2025-11-13 22:04:19'),
(412, 11, 'Snowy', 'battle', 0, 0, '2025-11-13 22:04:19'),
(413, 6, 'Battles', 'battle', 1, 3, '2025-11-13 22:04:28'),
(414, 11, 'Snow', 'battle', 0, 0, '2025-11-13 22:04:28'),
(415, 6, 'Battles', 'battle', 1, 5, '2025-11-13 22:04:31'),
(416, 11, 'Newborn#767', 'battle', 0, 0, '2025-11-13 22:04:31'),
(417, 6, 'Battles', 'battle', 1, 8, '2025-11-13 22:04:32'),
(418, 27, 'Rose', 'battle', 0, 0, '2025-11-13 22:04:32'),
(419, 6, 'Battles', 'battle', 1, 6, '2025-11-13 22:04:33'),
(420, 11, 'Nuggets', 'battle', 0, 0, '2025-11-13 22:04:33'),
(421, 6, 'Battles', 'battle', 1, 8, '2025-11-13 22:04:33'),
(422, 11, 'Newborn#375', 'battle', 0, 0, '2025-11-13 22:04:34'),
(423, 6, 'Battles', 'battle', 1, 7, '2025-11-13 22:04:35'),
(424, 11, 'Rain Snow', 'battle', 0, 0, '2025-11-13 22:04:35'),
(425, 6, 'Battle', 'battle', 1, 8, '2025-11-13 22:04:38'),
(426, 11, 'Newborn#767', 'battle', 0, 0, '2025-11-13 22:04:38'),
(427, 6, 'Battle', 'battle', 1, 3, '2025-11-13 22:04:41'),
(428, 11, 'Newborn#410', 'battle', 0, 0, '2025-11-13 22:04:41'),
(429, 6, 'Battle', 'battle', 1, 4, '2025-11-13 22:04:42'),
(430, 11, 'Newborn#307', 'battle', 0, 0, '2025-11-13 22:04:42'),
(431, 6, 'Battle', 'battle', 1, 7, '2025-11-13 22:04:43'),
(432, 11, 'Chocolate', 'battle', 0, 0, '2025-11-13 22:04:43'),
(433, 6, 'Battle', 'battle', 1, 4, '2025-11-13 22:04:45'),
(434, 11, 'Newborn#410', 'battle', 0, 0, '2025-11-13 22:04:45'),
(435, 6, 'Battle', 'battle', 0, 0, '2025-11-13 22:04:45'),
(436, 11, 'Orange', 'battle', 1, 0, '2025-11-13 22:04:45'),
(437, 6, 'Battle', 'battle', 1, 4, '2025-11-13 22:04:46'),
(438, 11, 'Newborn#753', 'battle', 0, 0, '2025-11-13 22:04:47'),
(439, 6, 'Feral', 'battle', 1, 7, '2025-11-13 22:04:49'),
(440, 11, 'Rainbow Cloud', 'battle', 0, 0, '2025-11-13 22:04:50'),
(441, 6, 'Feral', 'battle', 1, 8, '2025-11-13 22:04:56'),
(442, 11, 'Newborn#998', 'battle', 0, 0, '2025-11-13 22:04:56'),
(443, 6, 'Feral', 'battle', 1, 7, '2025-11-13 22:04:58'),
(444, 11, 'Newborn#882', 'battle', 0, 0, '2025-11-13 22:04:58'),
(445, 6, 'Feral', 'battle', 1, 6, '2025-11-13 22:04:59'),
(446, 11, 'Chocolate Chip', 'battle', 0, 0, '2025-11-13 22:04:59'),
(447, 6, 'Feral', 'battle', 1, 6, '2025-11-13 22:05:00'),
(448, 11, 'Nugget', 'battle', 0, 0, '2025-11-13 22:05:00'),
(449, 6, 'Feral', 'battle', 1, 5, '2025-11-13 22:05:02'),
(450, 11, 'Rainbow Cloud', 'battle', 0, 0, '2025-11-13 22:05:02'),
(451, 6, 'Feras', 'battle', 1, 6, '2025-11-13 22:05:08'),
(452, 11, 'Newborn#219', 'battle', 0, 0, '2025-11-13 22:05:08'),
(453, 6, 'Feras', 'battle', 0, 0, '2025-11-13 22:05:10'),
(454, 11, 'Chocolate Chip', 'battle', 1, 0, '2025-11-13 22:05:10'),
(455, 6, 'Feras', 'battle', 1, 4, '2025-11-13 22:05:11'),
(456, 11, 'Chocolate', 'battle', 0, 0, '2025-11-13 22:05:11'),
(457, 6, 'Feras', 'battle', 1, 8, '2025-11-13 22:05:11'),
(458, 11, 'Snows', 'battle', 0, 0, '2025-11-13 22:05:11'),
(459, 6, 'Feras', 'battle', 1, 6, '2025-11-13 22:05:12'),
(460, 27, 'Rose', 'battle', 0, 0, '2025-11-13 22:05:12'),
(461, 6, 'Feras', 'battle', 1, 6, '2025-11-13 22:05:15'),
(462, 11, 'Bluetooth', 'battle', 0, 0, '2025-11-13 22:05:15'),
(463, 6, 'Scotchy', 'battle', 1, 7, '2025-11-13 22:05:19'),
(464, 11, 'Snows', 'battle', 0, 0, '2025-11-13 22:05:19'),
(465, 6, 'Scotchy', 'battle', 1, 4, '2025-11-13 22:05:23'),
(466, 11, 'Newborn#197', 'battle', 0, 0, '2025-11-13 22:05:23'),
(467, 6, 'Scotchy', 'battle', 1, 5, '2025-11-13 22:05:24'),
(468, 11, 'Newborn#214', 'battle', 0, 0, '2025-11-13 22:05:24'),
(469, 6, 'Scotchy', 'battle', 1, 7, '2025-11-13 22:05:25'),
(470, 11, 'Newborn#214', 'battle', 0, 0, '2025-11-13 22:05:25'),
(471, 6, 'Scotchy', 'battle', 1, 4, '2025-11-13 22:05:25'),
(472, 11, 'Snow', 'battle', 0, 0, '2025-11-13 22:05:25'),
(473, 6, 'Scotchy', 'battle', 1, 3, '2025-11-13 22:05:25'),
(474, 11, 'Newborn#307', 'battle', 0, 0, '2025-11-13 22:05:25'),
(475, 6, 'Scotchy', 'battle', 1, 7, '2025-11-13 22:05:26'),
(476, 11, 'Nuggets', 'battle', 0, 0, '2025-11-13 22:05:26'),
(477, 6, '1', 'battle', 1, 6, '2025-11-13 22:05:28'),
(478, 11, 'Newborn#307', 'battle', 0, 0, '2025-11-13 22:05:28'),
(479, 6, '1', 'battle', 1, 8, '2025-11-13 22:05:30'),
(480, 7, 'Maple', 'battle', 0, 0, '2025-11-13 22:05:30'),
(481, 6, '1', 'battle', 1, 8, '2025-11-13 22:05:30'),
(482, 11, 'Rainbow Cloud', 'battle', 0, 0, '2025-11-13 22:05:30'),
(483, 6, '1', 'battle', 1, 3, '2025-11-13 22:05:31'),
(484, 11, 'Chocolate Chip', 'battle', 0, 0, '2025-11-13 22:05:31'),
(485, 6, '1', 'battle', 1, 6, '2025-11-13 22:05:31'),
(486, 11, 'Newborn#198', 'battle', 0, 0, '2025-11-13 22:05:31'),
(487, 6, '1', 'battle', 1, 4, '2025-11-13 22:05:32'),
(488, 11, 'Newborn#308', 'battle', 0, 0, '2025-11-13 22:05:32'),
(489, 6, 'Reex', 'battle', 0, 0, '2025-11-13 22:05:37'),
(490, 11, 'Berry', 'battle', 1, 0, '2025-11-13 22:05:37'),
(491, 6, 'Reex', 'battle', 1, 8, '2025-11-13 22:05:39'),
(492, 11, 'Newborn#883', 'battle', 0, 0, '2025-11-13 22:05:39'),
(493, 6, 'Reex', 'battle', 1, 8, '2025-11-13 22:05:39'),
(494, 11, 'Chocolate', 'battle', 0, 0, '2025-11-13 22:05:39'),
(495, 6, 'Reex', 'battle', 1, 8, '2025-11-13 22:05:40'),
(496, 11, 'Newborn#998', 'battle', 0, 0, '2025-11-13 22:05:40'),
(497, 6, 'Reex', 'battle', 0, 0, '2025-11-13 22:05:41'),
(498, 11, 'Berry', 'battle', 1, 0, '2025-11-13 22:05:41'),
(499, 6, 'Reex', 'battle', 0, 0, '2025-11-13 22:05:41'),
(500, 11, 'Snow', 'battle', 1, 0, '2025-11-13 22:05:41'),
(501, 31, 'Rocky', 'battle', 0, 0, '2025-12-01 04:52:40'),
(502, 6, 'Scotchy', 'battle', 1, 0, '2025-12-01 04:52:41'),
(503, 31, 'Rocky', 'battle', 1, 7, '2025-12-01 04:52:57'),
(504, 27, 'Rose', 'battle', 0, 0, '2025-12-01 04:52:57'),
(505, 31, 'Rocky', 'battle', 0, 0, '2025-12-01 04:56:29'),
(506, 11, 'Newborn#214', 'battle', 1, 0, '2025-12-01 04:56:30'),
(507, 31, 'Rocky', 'battle', 0, 0, '2025-12-01 04:56:36'),
(508, 11, 'Newborn#882', 'battle', 1, 0, '2025-12-01 04:56:36'),
(509, 31, 'Rocky', 'battle', 0, 0, '2025-12-01 04:56:45'),
(510, 11, 'Snows', 'battle', 1, 0, '2025-12-01 04:56:45'),
(511, 31, 'Rocky', 'battle', 0, 0, '2025-12-01 04:56:53'),
(512, 11, 'Newborn#368', 'battle', 1, 0, '2025-12-01 04:56:53'),
(513, 31, 'Rocky', 'battle', 0, 0, '2025-12-01 04:57:00'),
(514, 11, 'Newborn#307', 'battle', 1, 0, '2025-12-01 04:57:01'),
(515, 31, 'Consway', 'battle', 0, 0, '2025-12-01 04:58:47'),
(516, 11, 'Newborn#998', 'battle', 1, 0, '2025-12-01 04:58:48'),
(517, 31, 'Consway', 'battle', 0, 0, '2025-12-01 04:59:01'),
(518, 11, 'Newborn#368', 'battle', 1, 0, '2025-12-01 04:59:01'),
(519, 31, 'Consway', 'battle', 0, 0, '2025-12-01 04:59:10'),
(520, 6, 'Scotchy', 'battle', 1, 0, '2025-12-01 04:59:10'),
(521, 31, 'Consway', 'battle', 0, 0, '2025-12-01 04:59:22'),
(522, 11, 'Newborn#375', 'battle', 1, 0, '2025-12-01 04:59:23'),
(523, 31, 'Consway', 'battle', 0, 0, '2025-12-01 04:59:33'),
(524, 11, 'Newborn#219', 'battle', 1, 0, '2025-12-01 04:59:33'),
(525, 31, 'Consway', 'battle', 0, 0, '2025-12-01 04:59:41'),
(526, 11, 'Newborn#308', 'battle', 1, 0, '2025-12-01 04:59:41'),
(527, 31, 'Coal', 'battle', 0, 0, '2025-12-01 04:59:52'),
(528, 6, 'Pizzazz', 'battle', 1, 0, '2025-12-01 04:59:52'),
(529, 31, 'Coal', 'battle', 0, 0, '2025-12-01 05:00:11'),
(530, 11, 'Snowy', 'battle', 1, 0, '2025-12-01 05:00:12'),
(531, 31, 'Coal', 'battle', 0, 0, '2025-12-01 05:00:24'),
(532, 7, 'Crystal', 'battle', 1, 0, '2025-12-01 05:00:25'),
(533, 31, 'Coal', 'battle', 0, 0, '2025-12-01 05:00:33'),
(534, 6, 'Feral', 'battle', 1, 0, '2025-12-01 05:00:33'),
(535, 31, 'Coal', 'battle', 0, 0, '2025-12-01 05:00:41'),
(536, 11, 'Bluetooth', 'battle', 1, 0, '2025-12-01 05:00:41'),
(537, 31, 'Coal', 'battle', 0, 0, '2025-12-01 05:00:51'),
(538, 11, 'Snows', 'battle', 1, 0, '2025-12-01 05:00:54'),
(539, 31, 'Coal', 'battle', 0, 0, '2025-12-01 05:01:04'),
(540, 6, 'Scotchy', 'battle', 1, 0, '2025-12-01 05:01:04'),
(541, 31, 'Snow', 'battle', 0, 0, '2025-12-01 06:34:47'),
(542, 11, 'Chicken', 'battle', 1, 0, '2025-12-01 06:34:48'),
(543, 31, 'Snow', 'battle', 0, 0, '2025-12-01 06:35:03'),
(544, 11, 'Newborn#219', 'battle', 1, 0, '2025-12-01 06:35:03'),
(545, 31, 'Snow', 'battle', 0, 0, '2025-12-01 06:35:17'),
(546, 6, 'Reex', 'battle', 1, 0, '2025-12-01 06:35:18'),
(547, 31, 'Snow', 'battle', 0, 0, '2025-12-01 06:35:28'),
(548, 6, 'Battle', 'battle', 1, 0, '2025-12-01 06:35:28'),
(549, 31, 'Salt', 'battle', 0, 0, '2025-12-05 02:59:21'),
(550, 11, '🌿Minty🌿', 'battle', 1, 0, '2025-12-05 02:59:22'),
(551, 31, 'Salt', 'battle', 1, 5, '2025-12-05 03:03:39'),
(552, 11, 'Newborn#998', 'battle', 0, 0, '2025-12-05 03:03:39'),
(553, 31, 'Salt', 'battle', 1, 3, '2025-12-05 03:04:49'),
(554, 11, 'Newborn#998', 'battle', 0, 0, '2025-12-05 03:04:49'),
(555, 31, 'Snow', 'battle', 1, 4, '2025-12-05 03:04:55'),
(556, 11, 'Newborn#410', 'battle', 0, 0, '2025-12-05 03:04:55'),
(557, 31, 'Salt', 'battle', 0, 0, '2025-12-05 03:06:16'),
(558, 6, 'Feral', 'battle', 1, 0, '2025-12-05 03:06:16'),
(559, 31, 'Salt', 'battle', 0, 0, '2025-12-05 03:06:31'),
(560, 11, 'Chicken', 'battle', 1, 0, '2025-12-05 03:06:31'),
(561, 31, 'Salt', 'battle', 1, 3, '2025-12-05 03:06:44'),
(562, 11, 'Newborn#375', 'battle', 0, 0, '2025-12-05 03:06:44'),
(563, 31, 'Salt', 'battle', 0, 0, '2025-12-05 03:06:56'),
(564, 11, 'Chocolate Chip', 'battle', 1, 0, '2025-12-05 03:06:56'),
(565, 31, 'Snow', 'battle', 0, 0, '2025-12-05 03:07:04'),
(566, 6, 'Spark', 'battle', 1, 0, '2025-12-05 03:07:04'),
(567, 31, 'Snow', 'battle', 0, 0, '2025-12-05 03:07:34'),
(568, 6, 'Battles', 'battle', 1, 0, '2025-12-05 03:07:34'),
(569, 31, 'Rocky', 'battle', 0, 0, '2025-12-05 03:07:45'),
(570, 6, 'Reex', 'battle', 1, 0, '2025-12-05 03:07:45'),
(571, 31, 'Snow', 'battle', 1, 5, '2025-12-05 03:07:54'),
(572, 11, 'Berry', 'battle', 0, 0, '2025-12-05 03:07:55'),
(573, 31, 'Snow', 'battle', 0, 0, '2025-12-05 04:14:12'),
(574, 11, 'Snowy', 'battle', 1, 0, '2025-12-05 04:14:12'),
(575, 31, 'Snehulienka', 'battle', 0, 0, '2025-12-05 04:14:16'),
(576, 11, 'Snowy', 'battle', 1, 0, '2025-12-05 04:14:16'),
(577, 31, 'Snehulienka', 'battle', 0, 0, '2025-12-05 04:14:20'),
(578, 6, 'Sleep', 'battle', 1, 0, '2025-12-05 04:14:20'),
(579, 31, 'Snehulienka', 'battle', 0, 0, '2025-12-05 04:14:23'),
(580, 6, 'Battles', 'battle', 1, 0, '2025-12-05 04:14:23'),
(581, 31, 'Snehulienka', 'battle', 1, 8, '2025-12-05 04:14:28'),
(582, 11, 'Newborn#307', 'battle', 0, 0, '2025-12-05 04:14:28'),
(583, 31, 'Snehulienka', 'battle', 1, 4, '2025-12-05 04:14:35'),
(584, 11, 'Newborn#375', 'battle', 0, 0, '2025-12-05 04:14:35'),
(585, 31, 'Snehulienka', 'battle', 1, 4, '2025-12-05 04:14:39'),
(586, 11, 'Newborn#375', 'battle', 0, 0, '2025-12-05 04:14:39'),
(587, 31, 'Cold', 'battle', 0, 0, '2025-12-05 04:14:48'),
(588, 11, 'Snows', 'battle', 1, 0, '2025-12-05 04:14:48'),
(589, 31, 'Cold', 'battle', 0, 0, '2025-12-05 04:14:54'),
(590, 6, '1', 'battle', 1, 0, '2025-12-05 04:14:54'),
(591, 31, 'Cold', 'battle', 1, 6, '2025-12-05 04:15:00'),
(592, 25, 'Jack-in-the-Box', 'battle', 0, 0, '2025-12-05 04:15:00'),
(593, 31, 'Cold', 'battle', 1, 5, '2025-12-05 04:15:05'),
(594, 11, 'Newborn#368', 'battle', 0, 0, '2025-12-05 04:15:05'),
(595, 31, 'Cold', 'battle', 1, 4, '2025-12-05 04:15:09'),
(596, 25, 'Jack-in-the-Box', 'battle', 0, 0, '2025-12-05 04:15:10'),
(597, 31, 'Cold', 'battle', 1, 5, '2025-12-05 04:15:14'),
(598, 11, 'Newborn#219', 'battle', 0, 0, '2025-12-05 04:15:14'),
(599, 31, 'Rocky', 'battle', 0, 0, '2025-12-05 04:20:51'),
(600, 6, 'Feral', 'battle', 1, 0, '2025-12-05 04:20:52'),
(601, 31, 'Rocky', 'battle', 1, 5, '2025-12-05 04:21:03'),
(602, 11, 'Newborn#882', 'battle', 0, 0, '2025-12-05 04:21:03'),
(603, 31, 'Rocky', 'battle', 1, 5, '2025-12-05 04:21:09'),
(604, 11, 'Newborn#998', 'battle', 0, 0, '2025-12-05 04:21:09'),
(605, 31, 'Rocky', 'battle', 1, 4, '2025-12-05 04:21:14'),
(606, 11, 'Newborn#214', 'battle', 0, 0, '2025-12-05 04:21:14'),
(607, 31, 'Rocky', 'battle', 1, 6, '2025-12-05 04:21:19'),
(608, 11, 'Newborn#883', 'battle', 0, 0, '2025-12-05 04:21:19'),
(609, 31, 'Salt', 'battle', 0, 0, '2025-12-05 04:21:24'),
(610, 6, 'Scotchy', 'battle', 1, 0, '2025-12-05 04:21:24'),
(611, 31, 'Consway', 'battle', 0, 0, '2025-12-05 04:23:08'),
(612, 6, 'Battle', 'battle', 1, 0, '2025-12-05 04:23:08'),
(613, 31, 'Consway', 'battle', 1, 4, '2025-12-05 04:23:24'),
(614, 11, 'Newborn#198', 'battle', 0, 0, '2025-12-05 04:23:24'),
(615, 31, 'Consway', 'battle', 0, 0, '2025-12-05 04:23:27'),
(616, 11, 'Snowy', 'battle', 1, 0, '2025-12-05 04:23:27'),
(617, 31, 'Consway', 'battle', 1, 7, '2025-12-05 04:23:31'),
(618, 11, 'Newborn#197', 'battle', 0, 0, '2025-12-05 04:23:32'),
(619, 31, 'Consway', 'battle', 1, 5, '2025-12-05 04:23:36'),
(620, 11, 'Bluetooth', 'battle', 0, 0, '2025-12-05 04:23:36'),
(621, 31, 'Consway', 'battle', 1, 5, '2025-12-05 04:23:41'),
(622, 11, 'Chocolate', 'battle', 0, 0, '2025-12-05 04:23:41'),
(623, 31, 'Coal', 'battle', 0, 0, '2025-12-05 04:23:45'),
(624, 11, '🌿Minty🌿', 'battle', 1, 0, '2025-12-05 04:23:45'),
(625, 31, 'Coal', 'battle', 0, 0, '2025-12-05 04:23:48'),
(626, 11, 'Snowy', 'battle', 1, 0, '2025-12-05 04:23:48'),
(627, 31, 'Coal', 'battle', 0, 0, '2025-12-05 04:23:52'),
(628, 6, 'Sleep', 'battle', 1, 0, '2025-12-05 04:23:52'),
(629, 31, 'Coal', 'battle', 1, 7, '2025-12-05 04:23:56'),
(630, 25, 'Jack-in-the-Box', 'battle', 0, 0, '2025-12-05 04:23:56'),
(631, 31, 'Coal', 'battle', 0, 0, '2025-12-05 04:24:03'),
(632, 11, 'Snowy', 'battle', 1, 0, '2025-12-05 04:24:03'),
(633, 31, 'Coal', 'battle', 0, 0, '2025-12-05 04:24:12'),
(634, 11, 'Chicken', 'battle', 1, 0, '2025-12-05 04:24:12'),
(635, 31, 'Indigo', 'battle', 1, 7, '2025-12-05 04:24:16'),
(636, 11, 'Newborn#197', 'battle', 0, 0, '2025-12-05 04:24:16'),
(637, 31, 'Indigo', 'battle', 1, 5, '2025-12-05 04:24:19'),
(638, 27, 'Rose', 'battle', 0, 0, '2025-12-05 04:24:20'),
(639, 31, 'Indigo', 'battle', 0, 0, '2025-12-05 04:29:28'),
(640, 11, 'Nuggets', 'battle', 1, 0, '2025-12-05 04:29:28'),
(641, 31, 'Indigo', 'battle', 0, 0, '2025-12-05 04:29:31'),
(642, 11, 'Snow', 'battle', 1, 0, '2025-12-05 04:29:31'),
(643, 31, 'Indigo', 'battle', 0, 0, '2025-12-05 04:29:37'),
(644, 6, '1', 'battle', 1, 0, '2025-12-05 04:29:37'),
(645, 31, 'Indigo', 'battle', 1, 6, '2025-12-05 04:29:42'),
(646, 11, 'Newborn#273', 'battle', 0, 0, '2025-12-05 04:29:42'),
(647, 31, 'Snicker', 'battle', 1, 5, '2025-12-05 04:29:46'),
(648, 11, 'Newborn#219', 'battle', 0, 0, '2025-12-05 04:29:46'),
(649, 31, 'Snicker', 'battle', 0, 0, '2025-12-05 04:29:49'),
(650, 6, 'Fee', 'battle', 1, 0, '2025-12-05 04:29:50'),
(651, 31, 'Snicker', 'battle', 1, 8, '2025-12-05 04:29:53'),
(652, 11, 'Newborn#307', 'battle', 0, 0, '2025-12-05 04:29:53'),
(653, 31, 'Snicker', 'battle', 0, 0, '2025-12-05 04:29:57'),
(654, 6, 'Battle', 'battle', 1, 0, '2025-12-05 04:29:57'),
(655, 31, 'Snicker', 'battle', 0, 0, '2025-12-05 04:30:00'),
(656, 6, 'Pizzazz', 'battle', 1, 0, '2025-12-05 04:30:00'),
(657, 31, 'Snicker', 'battle', 0, 0, '2025-12-05 04:30:06'),
(658, 11, 'Nuggets', 'battle', 1, 0, '2025-12-05 04:30:06'),
(659, 31, 'Hera', 'battle', 1, 8, '2025-12-05 04:30:10'),
(660, 11, 'Newborn#214', 'battle', 0, 0, '2025-12-05 04:30:10'),
(661, 31, 'Hera', 'battle', 0, 0, '2025-12-05 04:30:15'),
(662, 6, 'Sleep', 'battle', 1, 0, '2025-12-05 04:30:15'),
(663, 31, 'Hera', 'battle', 1, 3, '2025-12-05 04:30:20'),
(664, 27, 'Rose', 'battle', 0, 0, '2025-12-05 04:30:20'),
(665, 31, 'Hera', 'battle', 0, 0, '2025-12-05 04:30:23'),
(666, 6, 'Fee', 'battle', 1, 0, '2025-12-05 04:30:23'),
(667, 31, 'Hera', 'battle', 1, 8, '2025-12-05 04:30:27'),
(668, 11, 'Newborn#753', 'battle', 0, 0, '2025-12-05 04:30:27'),
(669, 31, 'Hera', 'battle', 0, 0, '2025-12-05 04:30:34'),
(670, 11, 'Rain Snow', 'battle', 1, 0, '2025-12-05 04:30:34'),
(671, 31, 'Hera', 'battle', 0, 0, '2025-12-05 04:31:19'),
(672, 6, 'Fee', 'battle', 1, 0, '2025-12-05 04:31:20'),
(673, 31, 'Fluff', 'battle', 0, 0, '2025-12-05 04:31:23'),
(674, 11, 'Snows', 'battle', 1, 0, '2025-12-05 04:31:23'),
(675, 31, 'Fluff', 'battle', 0, 0, '2025-12-05 04:31:27'),
(676, 11, '🌿Minty🌿', 'battle', 1, 0, '2025-12-05 04:31:27'),
(677, 31, 'Fluff', 'battle', 1, 3, '2025-12-05 04:31:30'),
(678, 11, 'Newborn#882', 'battle', 0, 0, '2025-12-05 04:31:30'),
(679, 31, 'Fluff', 'battle', 0, 0, '2025-12-05 04:34:13'),
(680, 11, 'Tree', 'battle', 1, 0, '2025-12-05 04:34:13'),
(681, 31, 'Fluff', 'battle', 0, 0, '2025-12-05 04:34:19'),
(682, 11, 'Nuggets', 'battle', 1, 0, '2025-12-05 04:34:19'),
(683, 31, 'Fluff', 'battle', 1, 8, '2025-12-05 04:34:23'),
(684, 11, 'Newborn#767', 'battle', 0, 0, '2025-12-05 04:34:23'),
(685, 31, 'Flurry', 'battle', 1, 8, '2025-12-05 04:34:35'),
(686, 11, 'Newborn#767', 'battle', 0, 0, '2025-12-05 04:34:35'),
(687, 31, 'Flurry', 'battle', 1, 6, '2025-12-05 04:34:38'),
(688, 11, 'Newborn#197', 'battle', 0, 0, '2025-12-05 04:34:38'),
(689, 31, 'Flurry', 'battle', 0, 0, '2025-12-05 04:34:51'),
(690, 6, '1', 'battle', 1, 0, '2025-12-05 04:34:51'),
(691, 31, 'Flurry', 'battle', 0, 0, '2025-12-05 04:34:55'),
(692, 6, 'Fee', 'battle', 1, 0, '2025-12-05 04:34:55'),
(693, 31, 'Flurry', 'battle', 0, 0, '2025-12-05 04:34:58'),
(694, 11, 'Chocolate Chip', 'battle', 1, 0, '2025-12-05 04:34:58'),
(695, 31, 'Flurry', 'battle', 1, 4, '2025-12-05 04:35:01'),
(696, 11, 'Newborn#410', 'battle', 0, 0, '2025-12-05 04:35:01'),
(697, 31, 'Flurry', 'battle', 0, 0, '2025-12-05 04:35:07'),
(698, 6, 'Pizzazz', 'battle', 1, 0, '2025-12-05 04:35:07'),
(699, 31, 'Wellwind', 'battle', 0, 0, '2025-12-05 04:35:13'),
(700, 6, 'Scotchy', 'battle', 1, 0, '2025-12-05 04:35:13'),
(701, 31, 'Wellwind', 'battle', 0, 0, '2025-12-05 04:35:19'),
(702, 11, 'Nugget', 'battle', 1, 0, '2025-12-05 04:35:19'),
(703, 31, 'Wellwind', 'battle', 1, 8, '2025-12-05 04:35:23'),
(704, 11, 'Newborn#375', 'battle', 0, 0, '2025-12-05 04:35:23'),
(705, 31, 'Wellwind', 'battle', 0, 0, '2025-12-05 04:35:27'),
(706, 6, 'Battle', 'battle', 1, 0, '2025-12-05 04:35:27'),
(707, 31, 'Wellwind', 'battle', 1, 4, '2025-12-05 04:35:31'),
(708, 11, 'Newborn#308', 'battle', 0, 0, '2025-12-05 04:35:31'),
(709, 31, 'Wellwind', 'battle', 1, 8, '2025-12-05 04:35:36'),
(710, 11, 'Newborn#273', 'battle', 0, 0, '2025-12-05 04:35:36'),
(711, 31, 'Bubbles', 'battle', 1, 5, '2025-12-05 04:35:45'),
(712, 11, 'Newborn#753', 'battle', 0, 0, '2025-12-05 04:35:45'),
(713, 31, 'Bubbles', 'battle', 1, 6, '2025-12-05 04:35:54'),
(714, 7, 'Maple', 'battle', 0, 0, '2025-12-05 04:35:54'),
(715, 31, 'Bubbles', 'battle', 0, 0, '2025-12-05 04:36:00'),
(716, 11, 'Snow', 'battle', 1, 0, '2025-12-05 04:36:00'),
(717, 31, 'Bubbles', 'battle', 0, 0, '2025-12-05 04:36:18'),
(718, 6, 'Spark', 'battle', 1, 0, '2025-12-05 04:36:18'),
(719, 31, 'Bubbles', 'battle', 1, 8, '2025-12-05 04:36:23'),
(720, 11, 'Newborn#273', 'battle', 0, 0, '2025-12-05 04:36:23'),
(721, 31, 'Bubbles', 'battle', 0, 0, '2025-12-05 04:36:27'),
(722, 11, '🌿Minty🌿', 'battle', 1, 0, '2025-12-05 04:36:27'),
(723, 31, 'Mint', 'battle', 0, 0, '2025-12-05 04:36:31'),
(724, 11, 'Orange', 'battle', 1, 0, '2025-12-05 04:36:31'),
(725, 31, 'Mint', 'battle', 1, 5, '2025-12-05 04:36:36'),
(726, 11, 'Newborn#767', 'battle', 0, 0, '2025-12-05 04:36:36'),
(727, 31, 'Mint', 'battle', 1, 3, '2025-12-05 04:36:46'),
(728, 11, 'Newborn#308', 'battle', 0, 0, '2025-12-05 04:36:46'),
(729, 31, 'Mint', 'battle', 1, 5, '2025-12-05 04:36:53'),
(730, 11, 'Chicken', 'battle', 0, 0, '2025-12-05 04:36:53'),
(731, 31, 'Mint', 'battle', 1, 7, '2025-12-05 04:36:56'),
(732, 11, 'Newborn#368', 'battle', 0, 0, '2025-12-05 04:36:56'),
(733, 31, 'Mint', 'battle', 0, 0, '2025-12-05 04:37:00'),
(734, 6, 'Feras', 'battle', 1, 0, '2025-12-05 04:37:00'),
(735, 31, 'Indigo', 'battle', 0, 0, '2025-12-05 04:59:12'),
(736, 6, 'Battles', 'battle', 1, 0, '2025-12-05 04:59:12'),
(737, 31, 'Indigo', 'battle', 1, 6, '2025-12-05 04:59:17'),
(738, 11, 'Newborn#308', 'battle', 0, 0, '2025-12-05 04:59:17'),
(739, 31, 'Indigo', 'battle', 0, 0, '2025-12-05 04:59:22'),
(740, 6, 'Battles', 'battle', 1, 0, '2025-12-05 04:59:22'),
(741, 31, 'Indigo', 'battle', 0, 0, '2025-12-05 04:59:27'),
(742, 6, 'Feral', 'battle', 1, 0, '2025-12-05 04:59:27'),
(743, 31, 'Indigo', 'battle', 0, 0, '2025-12-05 04:59:31'),
(744, 6, 'Spark', 'battle', 1, 0, '2025-12-05 04:59:31'),
(745, 31, 'Indigo', 'battle', 1, 3, '2025-12-05 04:59:36'),
(746, 11, 'Newborn#753', 'battle', 0, 0, '2025-12-05 04:59:36'),
(747, 31, 'Mint', 'battle', 1, 4, '2025-12-15 03:22:53'),
(748, 18, 'Charades', 'battle', 0, 0, '2025-12-15 03:22:53'),
(749, 31, 'Erika', 'battle', 1, 7, '2025-12-15 03:23:03'),
(750, 11, 'Newborn#767', 'battle', 0, 0, '2025-12-15 03:23:03'),
(751, 31, 'Erika', 'battle', 0, 0, '2025-12-15 03:25:14'),
(752, 6, 'Fee', 'battle', 1, 0, '2025-12-15 03:25:14'),
(753, 31, 'Coal', 'battle', 0, 0, '2025-12-15 03:25:22'),
(754, 6, 'Fee', 'battle', 1, 0, '2025-12-15 03:25:22'),
(755, 31, 'Erika', 'battle', 1, 5, '2025-12-15 03:25:26'),
(756, 11, 'Chicken Nugget', 'battle', 0, 0, '2025-12-15 03:25:26'),
(757, 31, 'Erika', 'battle', 0, 0, '2025-12-15 03:25:29'),
(758, 6, 'Pizzazz', 'battle', 1, 0, '2025-12-15 03:25:29'),
(759, 31, 'Erika', 'battle', 0, 0, '2025-12-15 03:25:33'),
(760, 6, 'Feral', 'battle', 1, 0, '2025-12-15 03:25:33'),
(761, 31, 'Erika', 'battle', 1, 8, '2025-12-15 03:25:44'),
(762, 11, 'Chicken', 'battle', 0, 0, '2025-12-15 03:25:44'),
(763, 31, 'Mint', 'battle', 1, 3, '2025-12-15 03:25:55'),
(764, 11, '🌿Minty🌿', 'battle', 0, 0, '2025-12-15 03:25:55'),
(765, 31, 'Erika', 'battle', 1, 6, '2025-12-15 03:26:09'),
(766, 11, 'Newborn#753', 'battle', 0, 0, '2025-12-15 03:26:09'),
(767, 31, 'Snehulienka', 'battle', 1, 5, '2025-12-15 03:26:15'),
(768, 11, 'Newborn#883', 'battle', 0, 0, '2025-12-15 03:26:15'),
(769, 31, 'Snehulienka', 'battle', 1, 3, '2025-12-15 03:26:19'),
(770, 11, 'Rainbow Cloud', 'battle', 0, 0, '2025-12-15 03:26:19'),
(771, 31, 'Snehulienka', 'battle', 0, 0, '2025-12-15 03:26:22'),
(772, 6, 'Spark', 'battle', 1, 0, '2025-12-15 03:26:22'),
(773, 31, 'Snehulienka', 'battle', 1, 4, '2025-12-15 03:26:27'),
(774, 11, 'Newborn#767', 'battle', 0, 0, '2025-12-15 03:26:27'),
(775, 31, 'Snehulienka', 'battle', 1, 7, '2025-12-15 03:26:30'),
(776, 7, 'Crystal', 'battle', 0, 0, '2025-12-15 03:26:30'),
(777, 31, 'Snehulienka', 'battle', 1, 4, '2025-12-15 03:26:34'),
(778, 7, 'Crystal', 'battle', 0, 0, '2025-12-15 03:26:34'),
(779, 31, 'Snehulienka', 'battle', 1, 3, '2025-12-15 03:26:37'),
(780, 11, '🌿Minty🌿', 'battle', 0, 0, '2025-12-15 03:26:37'),
(781, 31, 'Rocky', 'battle', 0, 0, '2025-12-15 03:26:42'),
(782, 6, 'Pizzazz', 'battle', 1, 0, '2025-12-15 03:26:42'),
(783, 31, 'Rocky', 'battle', 0, 0, '2025-12-15 03:26:46'),
(784, 6, 'Pizzazz', 'battle', 1, 0, '2025-12-15 03:26:46'),
(785, 31, 'Rocky', 'battle', 1, 4, '2025-12-15 03:26:50'),
(786, 11, 'Rainbow Cloud', 'battle', 0, 0, '2025-12-15 03:26:50'),
(787, 31, 'Rocky', 'battle', 1, 3, '2025-12-15 03:26:53'),
(788, 11, 'Bluetooth', 'battle', 0, 0, '2025-12-15 03:26:53'),
(789, 31, 'Rocky', 'battle', 1, 3, '2025-12-15 03:26:58'),
(790, 11, 'Newborn#214', 'battle', 0, 0, '2025-12-15 03:26:58'),
(791, 31, 'Rocky', 'battle', 1, 6, '2025-12-15 03:27:02'),
(792, 11, 'Newborn#882', 'battle', 0, 0, '2025-12-15 03:27:02'),
(793, 31, 'Rocky', 'battle', 1, 4, '2025-12-15 03:27:06'),
(794, 11, 'Newborn#308', 'battle', 0, 0, '2025-12-15 03:27:06'),
(795, 31, 'Salt', 'battle', 1, 3, '2025-12-15 03:27:14'),
(796, 7, 'Maple', 'battle', 0, 0, '2025-12-15 03:27:14'),
(797, 31, 'Salt', 'battle', 0, 0, '2025-12-15 03:27:19'),
(798, 6, 'Battles', 'battle', 1, 0, '2025-12-15 03:27:19'),
(799, 31, 'Salt', 'battle', 0, 0, '2025-12-15 03:27:24'),
(800, 6, 'Reex', 'battle', 1, 0, '2025-12-15 03:27:24'),
(801, 31, 'Salt', 'battle', 1, 8, '2025-12-15 03:30:23'),
(802, 11, 'Chocolate', 'battle', 0, 0, '2025-12-15 03:30:23'),
(803, 31, 'Salt', 'battle', 0, 0, '2025-12-15 03:30:28'),
(804, 11, 'Rain Snow', 'battle', 1, 0, '2025-12-15 03:30:28'),
(805, 31, 'Salt', 'battle', 0, 0, '2025-12-15 03:30:32'),
(806, 11, 'Nuggets', 'battle', 1, 0, '2025-12-15 03:30:32'),
(807, 31, 'Consway', 'battle', 1, 4, '2025-12-15 03:30:57'),
(808, 7, 'Maple', 'battle', 0, 0, '2025-12-15 03:30:57'),
(809, 31, 'Consway', 'battle', 0, 0, '2025-12-15 03:31:01'),
(810, 6, '1', 'battle', 1, 0, '2025-12-15 03:31:01'),
(811, 31, 'Consway', 'battle', 1, 3, '2025-12-15 03:31:04'),
(812, 11, 'Newborn#197', 'battle', 0, 0, '2025-12-15 03:31:04'),
(813, 31, 'Consway', 'battle', 1, 5, '2025-12-15 03:31:08'),
(814, 7, 'Thunder', 'battle', 0, 0, '2025-12-15 03:31:08'),
(815, 31, 'Consway', 'battle', 0, 0, '2025-12-15 03:31:12'),
(816, 6, 'Battles', 'battle', 1, 0, '2025-12-15 03:31:12'),
(817, 31, 'Consway', 'battle', 0, 0, '2025-12-15 03:31:16'),
(818, 6, '1', 'battle', 1, 0, '2025-12-15 03:31:16'),
(819, 31, 'Consway', 'battle', 0, 0, '2025-12-15 03:31:19'),
(820, 6, 'Battle', 'battle', 1, 0, '2025-12-15 03:31:19'),
(821, 31, 'Coal', 'battle', 1, 3, '2025-12-15 03:31:24'),
(822, 11, 'Newborn#410', 'battle', 0, 0, '2025-12-15 03:31:24'),
(823, 31, 'Coal', 'battle', 0, 0, '2025-12-15 03:31:31'),
(824, 11, 'Nugget', 'battle', 1, 0, '2025-12-15 03:31:31'),
(825, 31, 'Coal', 'battle', 0, 0, '2025-12-15 03:31:36'),
(826, 11, 'Chicken Nugget', 'battle', 1, 0, '2025-12-15 03:31:36'),
(827, 31, 'Coal', 'battle', 0, 0, '2025-12-15 03:31:40'),
(828, 6, '1', 'battle', 1, 0, '2025-12-15 03:31:40'),
(829, 31, 'Coal', 'battle', 1, 7, '2025-12-15 03:31:46'),
(830, 11, 'Newborn#883', 'battle', 0, 0, '2025-12-15 03:31:46'),
(831, 31, 'Coal', 'battle', 1, 6, '2025-12-15 03:31:51'),
(832, 7, 'Maple', 'battle', 0, 0, '2025-12-15 03:31:51'),
(833, 31, 'Indigo', 'battle', 0, 0, '2025-12-15 03:31:55'),
(834, 11, 'Chicken Nugget', 'battle', 1, 0, '2025-12-15 03:31:55'),
(835, 31, 'Wellwind', 'battle', 1, 5, '2025-12-15 03:32:02'),
(836, 11, 'Newborn#198', 'battle', 0, 0, '2025-12-15 03:32:02'),
(837, 31, 'Indigo', 'battle', 1, 6, '2025-12-15 03:32:06'),
(838, 7, 'Crystal', 'battle', 0, 0, '2025-12-15 03:32:06'),
(839, 31, 'Indigo', 'battle', 0, 0, '2025-12-15 03:32:10'),
(840, 6, 'Battles', 'battle', 1, 0, '2025-12-15 03:32:10'),
(841, 31, 'Indigo', 'battle', 0, 0, '2025-12-15 03:32:14'),
(842, 6, 'Fee', 'battle', 1, 0, '2025-12-15 03:32:14'),
(843, 31, 'Indigo', 'battle', 0, 0, '2025-12-15 03:32:18'),
(844, 6, 'Feras', 'battle', 1, 0, '2025-12-15 03:32:18'),
(845, 31, 'Indigo', 'battle', 1, 6, '2025-12-15 03:37:27'),
(846, 25, 'Jack-in-the-Box', 'battle', 0, 0, '2025-12-15 03:37:27'),
(847, 31, 'Indigo', 'battle', 0, 0, '2025-12-15 03:37:31'),
(848, 6, '1', 'battle', 1, 0, '2025-12-15 03:37:31'),
(849, 31, 'Snicker', 'battle', 0, 0, '2025-12-15 03:37:35'),
(850, 6, 'Fee', 'battle', 1, 0, '2025-12-15 03:37:35'),
(851, 31, 'Snicker', 'battle', 0, 0, '2025-12-15 03:37:41'),
(852, 6, 'Base', 'battle', 1, 0, '2025-12-15 03:37:41'),
(853, 31, 'Snicker', 'battle', 1, 5, '2025-12-15 03:37:45'),
(854, 11, 'Newborn#753', 'battle', 0, 0, '2025-12-15 03:37:45'),
(855, 31, 'Snicker', 'battle', 0, 0, '2025-12-15 03:37:50'),
(856, 6, 'Feras', 'battle', 1, 0, '2025-12-15 03:37:50'),
(857, 31, 'Snicker', 'battle', 1, 6, '2025-12-15 03:37:56'),
(858, 11, 'Newborn#197', 'battle', 0, 0, '2025-12-15 03:37:56'),
(859, 31, 'Snicker', 'battle', 0, 0, '2025-12-15 03:38:31'),
(860, 6, 'Feral', 'battle', 1, 0, '2025-12-15 03:38:31'),
(861, 31, 'Snicker', 'battle', 0, 0, '2025-12-15 03:38:36');
INSERT INTO `sparring_logs` (`id`, `user_id`, `pet_name`, `game`, `won`, `reward`, `battle_time`) VALUES
(862, 6, 'Sleep', 'battle', 1, 0, '2025-12-15 03:38:36'),
(863, 31, 'Hera', 'battle', 0, 0, '2025-12-15 03:38:41'),
(864, 6, 'Sleep', 'battle', 1, 0, '2025-12-15 03:38:41'),
(865, 31, 'Hera', 'battle', 1, 7, '2025-12-15 03:38:45'),
(866, 11, 'Newborn#753', 'battle', 0, 0, '2025-12-15 03:38:45'),
(867, 31, 'Hera', 'battle', 0, 0, '2025-12-15 03:39:27'),
(868, 6, 'Sleep', 'battle', 1, 0, '2025-12-15 03:39:27'),
(869, 31, 'Hera', 'battle', 1, 7, '2025-12-15 03:39:31'),
(870, 11, 'Newborn#198', 'battle', 0, 0, '2025-12-15 03:39:31'),
(871, 31, 'Hera', 'battle', 1, 4, '2025-12-15 03:39:35'),
(872, 11, 'Newborn#375', 'battle', 0, 0, '2025-12-15 03:39:35'),
(873, 31, 'Hera', 'battle', 0, 0, '2025-12-15 03:39:39'),
(874, 6, 'Pizzazz', 'battle', 1, 0, '2025-12-15 03:39:39'),
(875, 31, 'Hera', 'battle', 1, 6, '2025-12-15 03:52:01'),
(876, 7, 'Crystal', 'battle', 0, 0, '2025-12-15 03:52:01'),
(877, 31, 'Fluff', 'battle', 1, 5, '2025-12-15 03:52:06'),
(878, 11, 'Newborn#198', 'battle', 0, 0, '2025-12-15 03:52:06'),
(879, 31, 'Fluff', 'battle', 1, 5, '2025-12-15 03:52:11'),
(880, 11, 'Orange', 'battle', 0, 0, '2025-12-15 03:52:11'),
(881, 31, 'Fluff', 'battle', 0, 0, '2025-12-15 03:52:15'),
(882, 6, 'Battle', 'battle', 1, 0, '2025-12-15 03:52:15'),
(883, 31, 'Fluff', 'battle', 1, 8, '2025-12-15 03:52:18'),
(884, 11, 'Newborn#273', 'battle', 0, 0, '2025-12-15 03:52:18'),
(885, 31, 'Fluff', 'battle', 1, 3, '2025-12-15 03:52:22'),
(886, 11, 'Orange', 'battle', 0, 0, '2025-12-15 03:52:22'),
(887, 31, 'Fluff', 'battle', 0, 0, '2025-12-15 03:52:26'),
(888, 6, 'Spark', 'battle', 1, 0, '2025-12-15 03:52:26'),
(889, 31, 'Fluff', 'battle', 1, 4, '2025-12-15 03:52:31'),
(890, 11, 'Newborn#882', 'battle', 0, 0, '2025-12-15 03:52:31'),
(891, 31, 'Flurry', 'battle', 0, 0, '2025-12-15 03:52:35'),
(892, 6, 'Base', 'battle', 1, 0, '2025-12-15 03:52:35'),
(893, 31, 'Flurry', 'battle', 0, 0, '2025-12-15 03:52:39'),
(894, 6, 'Sleep', 'battle', 1, 0, '2025-12-15 03:52:39'),
(895, 31, 'Flurry', 'battle', 0, 0, '2025-12-15 03:52:43'),
(896, 6, 'Pizzazz', 'battle', 1, 0, '2025-12-15 03:52:43'),
(897, 31, 'Flurry', 'battle', 1, 8, '2025-12-15 03:52:47'),
(898, 11, 'Newborn#368', 'battle', 0, 0, '2025-12-15 03:52:47'),
(899, 31, 'Flurry', 'battle', 1, 4, '2025-12-15 03:52:50'),
(900, 11, 'Rainbow Cloud', 'battle', 0, 0, '2025-12-15 03:52:50'),
(901, 31, 'Flurry', 'battle', 1, 8, '2025-12-15 03:52:54'),
(902, 7, 'Maple', 'battle', 0, 0, '2025-12-15 03:52:54'),
(903, 31, 'Flurry', 'battle', 0, 0, '2025-12-15 03:52:59'),
(904, 6, 'Base', 'battle', 1, 0, '2025-12-15 03:52:59'),
(905, 31, 'Wellwind', 'battle', 0, 0, '2025-12-15 03:53:02'),
(906, 6, 'Feral', 'battle', 1, 0, '2025-12-15 03:53:02'),
(907, 31, 'Wellwind', 'battle', 0, 0, '2025-12-15 03:53:06'),
(908, 6, 'Battle', 'battle', 1, 0, '2025-12-15 03:53:06'),
(909, 31, 'Wellwind', 'battle', 0, 0, '2025-12-15 03:53:10'),
(910, 6, 'Feral', 'battle', 1, 0, '2025-12-15 03:53:10'),
(911, 31, 'Wellwind', 'battle', 1, 4, '2025-12-15 03:53:15'),
(912, 11, 'Bluetooth', 'battle', 0, 0, '2025-12-15 03:53:15'),
(913, 31, 'Winter', 'battle', 0, 0, '2025-12-15 15:45:08'),
(914, 11, 'Nugget', 'battle', 1, 0, '2025-12-15 15:45:08'),
(915, 31, 'Winter', 'battle', 0, 0, '2025-12-15 15:45:13'),
(916, 11, 'Newborn#273', 'battle', 1, 0, '2025-12-15 15:45:13'),
(917, 31, 'Winter', 'battle', 1, 3, '2025-12-15 15:45:16'),
(918, 11, 'Newborn#883', 'battle', 0, 0, '2025-12-15 15:45:16'),
(919, 31, 'Winter', 'battle', 0, 0, '2025-12-15 15:45:21'),
(920, 11, 'Nugget', 'battle', 1, 0, '2025-12-15 15:45:21'),
(921, 31, 'Winter', 'battle', 0, 0, '2025-12-15 15:45:26'),
(922, 11, 'Chicken', 'battle', 1, 0, '2025-12-15 15:45:26'),
(923, 31, 'Winter', 'battle', 0, 0, '2025-12-15 15:47:20'),
(924, 11, 'Rainbow Cloud', 'battle', 1, 0, '2025-12-15 15:47:20'),
(925, 31, 'Winter', 'battle', 0, 0, '2025-12-15 15:47:25'),
(926, 11, 'Newborn#368', 'battle', 1, 0, '2025-12-15 15:47:25'),
(927, 31, 'Grey', 'battle', 0, 0, '2025-12-15 15:47:29'),
(928, 11, 'Chicken Nugget', 'battle', 1, 0, '2025-12-15 15:47:29'),
(929, 31, 'Grey', 'battle', 0, 0, '2025-12-15 15:47:32'),
(930, 11, 'Chicken Nugget', 'battle', 1, 0, '2025-12-15 15:47:32'),
(931, 31, 'Grey', 'battle', 1, 4, '2025-12-15 15:47:35'),
(932, 11, 'Newborn#198', 'battle', 0, 0, '2025-12-15 15:47:35'),
(933, 31, 'Grey', 'battle', 1, 7, '2025-12-15 15:47:39'),
(934, 7, 'Crystal', 'battle', 0, 0, '2025-12-15 15:47:39'),
(935, 31, 'Grey', 'battle', 0, 0, '2025-12-15 15:47:42'),
(936, 11, 'Newborn#273', 'battle', 1, 0, '2025-12-15 15:47:42'),
(937, 31, 'Grey', 'battle', 0, 0, '2025-12-15 15:47:45'),
(938, 11, 'Tree', 'battle', 1, 0, '2025-12-15 15:47:45'),
(939, 31, 'Bubbles', 'battle', 1, 8, '2025-12-15 15:47:49'),
(940, 25, 'Jack-in-the-Box', 'battle', 0, 0, '2025-12-15 15:47:49'),
(941, 31, 'Bubbles', 'battle', 0, 0, '2025-12-15 15:47:53'),
(942, 11, 'Nugget', 'battle', 1, 0, '2025-12-15 15:47:53'),
(943, 31, 'Bubbles', 'battle', 1, 4, '2025-12-15 15:47:56'),
(944, 11, 'Berry', 'battle', 0, 0, '2025-12-15 15:47:56'),
(945, 31, 'Bubbles', 'battle', 1, 3, '2025-12-15 15:48:00'),
(946, 11, 'Newborn#410', 'battle', 0, 0, '2025-12-15 15:48:00'),
(947, 31, 'Bubbles', 'battle', 1, 3, '2025-12-15 15:48:03'),
(948, 11, 'Bluetooth', 'battle', 0, 0, '2025-12-15 15:48:03'),
(949, 31, 'Mint', 'battle', 1, 5, '2025-12-15 15:48:08'),
(950, 11, 'Orange', 'battle', 0, 0, '2025-12-15 15:48:08'),
(951, 31, 'Mint', 'battle', 1, 5, '2025-12-15 15:48:11'),
(952, 11, 'Tree', 'battle', 0, 0, '2025-12-15 15:48:11'),
(953, 31, 'Mint', 'battle', 1, 6, '2025-12-15 15:48:16'),
(954, 11, 'Chicken Nugget', 'battle', 0, 0, '2025-12-15 15:48:16'),
(955, 31, 'Mint', 'battle', 1, 6, '2025-12-15 15:48:19'),
(956, 11, 'Berry', 'battle', 0, 0, '2025-12-15 15:48:19'),
(957, 31, 'Snow', 'battle', 0, 0, '2025-12-15 15:53:08'),
(958, 11, 'Orange', 'battle', 1, 0, '2025-12-15 15:53:08'),
(959, 31, 'Snow', 'battle', 1, 5, '2025-12-15 15:54:05'),
(960, 25, 'Jack-in-the-Box', 'battle', 0, 0, '2025-12-15 15:54:05'),
(961, 31, 'Snow', 'battle', 0, 0, '2025-12-15 15:54:09'),
(962, 11, 'Orange', 'battle', 1, 0, '2025-12-15 15:54:09'),
(963, 31, 'Snow', 'battle', 1, 3, '2025-12-15 15:54:13'),
(964, 11, 'Rain Snow', 'battle', 0, 0, '2025-12-15 15:54:13'),
(965, 31, 'Snow', 'battle', 0, 0, '2025-12-15 15:54:17'),
(966, 11, 'Rain Snow', 'battle', 1, 0, '2025-12-15 15:54:17'),
(967, 31, 'Snow', 'battle', 1, 4, '2025-12-15 15:54:21'),
(968, 11, 'Newborn#368', 'battle', 0, 0, '2025-12-15 15:54:21'),
(969, 31, 'Snow', 'battle', 1, 4, '2025-12-15 15:54:25'),
(970, 11, 'Newborn#198', 'battle', 0, 0, '2025-12-15 15:54:25'),
(971, 31, 'Apostle', 'battle', 1, 4, '2025-12-15 15:54:30'),
(972, 11, 'Newborn#883', 'battle', 0, 0, '2025-12-15 15:54:30'),
(973, 31, 'Apostle', 'battle', 0, 0, '2025-12-15 15:54:35'),
(974, 11, 'Chicken Nugget', 'battle', 1, 0, '2025-12-15 15:54:35'),
(975, 31, 'Apostle', 'battle', 1, 5, '2025-12-15 15:56:03'),
(976, 11, 'Chicken', 'battle', 0, 0, '2025-12-15 15:56:03'),
(977, 31, 'Apostle', 'battle', 1, 8, '2025-12-15 15:56:49'),
(978, 11, 'Newborn#410', 'battle', 0, 0, '2025-12-15 15:56:49'),
(979, 31, 'Apostle', 'battle', 1, 6, '2025-12-15 15:57:06'),
(980, 11, 'Chicken', 'battle', 0, 0, '2025-12-15 15:57:06'),
(981, 31, 'Apostle', 'battle', 1, 5, '2025-12-15 15:58:34'),
(982, 25, 'Jack-in-the-Box', 'battle', 0, 0, '2025-12-15 15:58:34'),
(983, 31, 'Apostle', 'battle', 1, 8, '2025-12-15 15:58:40'),
(984, 11, 'Bluetooth', 'battle', 0, 0, '2025-12-15 15:58:40'),
(985, 31, 'Erika', 'battle', 1, 4, '2025-12-15 15:59:01'),
(986, 25, 'Jack-in-the-Box', 'battle', 0, 0, '2025-12-15 15:59:01'),
(987, 31, 'Erika', 'battle', 1, 5, '2025-12-15 15:59:16'),
(988, 11, 'Rain Snow', 'battle', 0, 0, '2025-12-15 15:59:16'),
(989, 31, 'Erika', 'battle', 1, 6, '2025-12-15 15:59:21'),
(990, 11, 'Rain Snow', 'battle', 0, 0, '2025-12-15 15:59:21'),
(991, 31, 'Erika', 'battle', 1, 3, '2025-12-15 15:59:26'),
(992, 25, 'Jack-in-the-Box', 'battle', 0, 0, '2025-12-15 15:59:26'),
(993, 31, 'Erika', 'battle', 1, 4, '2025-12-15 16:00:09'),
(994, 11, 'Berry', 'battle', 0, 0, '2025-12-15 16:00:09'),
(995, 31, 'Erika', 'battle', 1, 5, '2025-12-15 16:00:14'),
(996, 11, 'Chocolate', 'battle', 0, 0, '2025-12-15 16:00:14'),
(997, 31, 'Erika', 'battle', 1, 4, '2025-12-15 16:00:19'),
(998, 11, 'Tree', 'battle', 0, 0, '2025-12-15 16:00:19'),
(999, 31, 'Snehulienka', 'battle', 1, 6, '2025-12-15 16:00:24'),
(1000, 11, 'Tree', 'battle', 0, 0, '2025-12-15 16:00:24'),
(1001, 31, 'Snehulienka', 'battle', 1, 7, '2025-12-15 16:00:29'),
(1002, 11, 'Tree', 'battle', 0, 0, '2025-12-15 16:00:29');

-- --------------------------------------------------------

--
-- Table structure for table `topics`
--

CREATE TABLE `topics` (
  `id` int(11) NOT NULL,
  `forum_id` int(11) NOT NULL,
  `title` varchar(200) NOT NULL,
  `author` varchar(50) NOT NULL,
  `created_at` datetime DEFAULT current_timestamp()
) ENGINE=InnoDB DEFAULT CHARSET=utf8mb4 COLLATE=utf8mb4_unicode_ci;

-- --------------------------------------------------------

--
-- Table structure for table `updates`
--

CREATE TABLE `updates` (
  `id` int(11) NOT NULL,
  `user_id` int(11) NOT NULL,
  `title` varchar(150) NOT NULL,
  `content` text NOT NULL,
  `image_path` varchar(255) DEFAULT NULL,
  `created_at` datetime DEFAULT current_timestamp(),
  `updated_at` datetime DEFAULT current_timestamp() ON UPDATE current_timestamp()
) ENGINE=InnoDB DEFAULT CHARSET=utf8mb4 COLLATE=utf8mb4_unicode_ci;

--
-- Dumping data for table `updates`
--

INSERT INTO `updates` (`id`, `user_id`, `title`, `content`, `image_path`, `created_at`, `updated_at`) VALUES
(1, 3, 'Adopt Away!', 'Adopt as many Pets as you like. Be sure to set them as Reserve, so they are attached to your Colony!', NULL, '2025-10-08 17:08:47', '2025-10-08 17:08:47'),
(2, 3, 'References To Feral And Foxes  :D', 'Bear with me when you find these please. I have gone through and looked for them, but there\'s a lot here. If you find one, please just let me know on the Discord where it is.\r\n\r\nThanks, much appreciated!', NULL, '2025-10-08 17:10:13', '2025-10-08 17:10:13'),
(3, 3, 'Welcome New Members!', 'Be patient, there are bugs, and all are being fixed!  :)\r\n\r\nPlease consider joining our Pet Site Discord, for real time chatting and sharing!\r\n\r\nhttps://discord.gg/QcC2XHRv5V', NULL, '2025-10-09 09:23:11', '2025-10-09 09:23:11'),
(4, 3, 'Giveaways!', 'Brand new bases set in Giveaways!\r\n\r\nremember you go to My Pets and then choose to change base -- then apply! They will show in inventory but cannot be applied from there.', 'uploads/updates/upd_20251010_000221_b9303efcbc47.png', '2025-10-09 20:02:21', '2025-10-09 20:02:21'),
(5, 3, 'Multiple Bug Fixes!', 'Bone Scatter fixed!\r\n\r\nColony Delete fixed!', NULL, '2025-10-10 16:34:48', '2025-10-10 16:34:48'),
(6, 3, 'Random Energy Boosts!', 'Every now and then we give a random energy boost to pets under 50 for energy.\r\n\r\nBut you really don\'t want to let them get to much lower than that. Be sure to let them sleep a few hours here and there!', NULL, '2025-10-10 16:38:24', '2025-10-10 16:38:24'),
(7, 3, 'Where Are The Babies?!', 'We\'re aware of an issue with the births, and addressing this asap!', NULL, '2025-10-12 01:23:54', '2025-10-12 01:23:54'),
(8, 3, 'NEW Bunnies!!', 'We have a new Artist here, Moon!\r\n\r\nWe have great new species added, new bases and looks coming soon!  \r\n\r\nLongtail Hare\r\nFlopped Ears Rabbit\r\nCurled Ears Jackrabbit\r\n\r\nA huge thank you to MOON for this AMAZING pet art !!!!!!  :)', 'uploads/updates/upd_20251204_155358_ee372935878f.png', '2025-12-04 10:53:58', '2025-12-04 10:53:58'),
(9, 3, 'New Breeds: No Bases Yet!', 'For the new Bunnies:\r\n\r\nI have to code all this, so we need to wait on the bases for them. \r\n\r\nagain - please DO NOT use the existing bases on the new species, it won\'t work out well  :)\r\n\r\nThe existing bases are still FINE for Rampant, Feral and Wildling xx', NULL, '2025-12-04 11:25:39', '2025-12-04 11:25:39'),
(10, 3, 're: New Breed Bases', 'If you accidentally forget and use an existing base on your new breeds, you should be able to roll it back in the base swapper!', NULL, '2025-12-04 12:04:17', '2025-12-04 12:04:45'),
(11, 3, 'Base Issue Handled!', 'We got this, I think.\r\n\r\nOnly the original three species should now take the existing bases.\r\n\r\n\r\n\r\nStay tuned, we are working on the new for the new  :)', NULL, '2025-12-04 12:42:00', '2025-12-04 12:42:00'),
(12, 3, 'The New Breed Bases!', 'New bases added for the new Breeds!\r\n\r\nCome check them out, get your free giveaway packs here :\r\n\r\nhttps://watershiptown.pet-sim.online/giveaways.php\r\n\r\nAnd more coming soon!!\r\n\r\nAll made by Moon!  xx', NULL, '2025-12-05 00:44:21', '2025-12-05 00:44:53');

-- --------------------------------------------------------

--
-- Table structure for table `update_comments`
--

CREATE TABLE `update_comments` (
  `id` int(11) NOT NULL,
  `update_id` int(11) NOT NULL,
  `user_id` int(11) NOT NULL,
  `comment` text NOT NULL,
  `created_at` datetime DEFAULT current_timestamp()
) ENGINE=InnoDB DEFAULT CHARSET=utf8mb4 COLLATE=utf8mb4_unicode_ci;

--
-- Dumping data for table `update_comments`
--

INSERT INTO `update_comments` (`id`, `update_id`, `user_id`, `comment`, `created_at`) VALUES
(1, 11, 9, 'fixed child labor', '2025-09-10 15:16:01');

-- --------------------------------------------------------

--
-- Table structure for table `users`
--

CREATE TABLE `users` (
  `id` int(11) NOT NULL,
  `username` varchar(100) NOT NULL,
  `password` varchar(255) NOT NULL,
  `avatar` varchar(255) DEFAULT 'assets/default-avatar.png',
  `bio` text DEFAULT NULL,
  `currency` int(11) DEFAULT 10000,
  `nickname` varchar(50) DEFAULT NULL,
  `usergroup` varchar(20) NOT NULL DEFAULT 'Member',
  `other_usergroup` varchar(100) NOT NULL,
  `profile_theme` varchar(20) DEFAULT 'theme-default',
  `custom_background` varchar(255) DEFAULT NULL,
  `reset_token` varchar(255) DEFAULT NULL,
  `reset_expires` datetime DEFAULT NULL,
  `email` varchar(255) DEFAULT NULL,
  `last_news_seen` int(11) DEFAULT 0,
  `active_pet_id` int(11) DEFAULT NULL,
  `death_count` int(11) DEFAULT 0,
  `can_adopt_again` tinyint(1) NOT NULL DEFAULT 1,
  `max_adopts_after_collapse` int(11) NOT NULL DEFAULT 2,
  `news` int(11) NOT NULL DEFAULT 0,
  `must_choose_active` tinyint(1) NOT NULL DEFAULT 0,
  `last_notice` varchar(255) DEFAULT NULL,
  `theme_season` enum('auto','spring','summer','fall','winter') NOT NULL DEFAULT 'auto',
  `last_seen_update_id` int(11) NOT NULL DEFAULT 0,
  `is_banned` tinyint(1) NOT NULL DEFAULT 0,
  `banned_at` datetime DEFAULT NULL,
  `banned_by` int(11) DEFAULT NULL,
  `ban_reason` varchar(255) DEFAULT NULL
) ENGINE=InnoDB DEFAULT CHARSET=utf8mb4 COLLATE=utf8mb4_unicode_ci;

--
-- Dumping data for table `users`
--

INSERT INTO `users` (`id`, `username`, `password`, `avatar`, `bio`, `currency`, `nickname`, `usergroup`, `other_usergroup`, `profile_theme`, `custom_background`, `reset_token`, `reset_expires`, `email`, `last_news_seen`, `active_pet_id`, `death_count`, `can_adopt_again`, `max_adopts_after_collapse`, `news`, `must_choose_active`, `last_notice`, `theme_season`, `last_seen_update_id`, `is_banned`, `banned_at`, `banned_by`, `ban_reason`) VALUES
(1, 'Faux', '$2y$10$jO6vR0aE4BEkZST2ahdgZuaiBHRAeS8HQVaIAci0rSphy.POCjhWO', 'assets/default-avatar.png', NULL, 93822, 'Message Ittermat- Im just an NPC', 'Admin', 'NPC', 'theme-default', 'choose a background', NULL, NULL, 'Ittermat@gmail.com', 1, NULL, 0, 1, 2, 0, 0, 'Newborn#118 has died. Cause: Neglected kit.', 'auto', 0, 0, NULL, NULL, NULL),
(2, 'Ittermat', '$2y$10$ffp3SLqyA1KsfiaEMXH.l./AzacPHXKGmDK1xplkqptTYkKcx3tIu', 'assets/default-avatar.png', NULL, 10000, 'Love you a latte', 'Admin', 'Owner,Coder,Official artist', 'theme-default', '', NULL, NULL, 'Ittermat@gmail.com', 1, 22, 5, 1, 2, 0, 0, NULL, 'auto', 16, 0, NULL, NULL, NULL),
(3, 'Milly', '$2y$10$qKFI5RZsVNWcXuoBhY/19u9snpDoBNYuRAWyl0/AziOhyBNWxB5Ma', 'assets/default-avatar.png', NULL, 10000, '♫ ♕ Magpie ♕ ♫', 'Admin', 'Owner and Admin', 'theme-default', 'http://wallpapercave.com/wp/yHOliZp.jpg', NULL, NULL, 'mk_scott@aol.com', 0, 1, 0, 1, 2, 0, 0, NULL, 'auto', 16, 0, NULL, NULL, NULL),
(4, 'Magpie', '$2y$10$OyGeblrRFCCORZA8tPBmuuOlHrgHGI1XefRhlcVLLxGnIqz8uwQvu', 'assets/default-avatar.png', NULL, 10000, '♫ ♕ Magpie ♕ ♫', 'Admin', 'Owner and Admin', 'theme-default', NULL, NULL, NULL, 'milly.money@aol.com', 0, 3, 0, 1, 2, 0, 0, NULL, 'auto', 16, 0, NULL, NULL, NULL),
(5, 'Tester', '$2y$10$fSqnX9IEfmRvdwUtMwPZnuuGdXtUkADIIp55qZvfIdj2Vypc.vyAe', 'assets/default-avatar.png', NULL, 10000, NULL, 'Member', '', 'theme-default', NULL, NULL, NULL, 'mkscottlamb@gmail.com', 0, 5, 0, 1, 2, 0, 0, NULL, 'auto', 16, 0, NULL, NULL, NULL),
(6, 'fumblingcoffee', '$2y$10$7DJ8Imgs6KpLW3TwFUA/EORyhoj1xVTCo6CzP3xX7foyDAouuFopi', 'assets/default-avatar.png', NULL, 10000, NULL, 'Member', '', 'theme-default', NULL, NULL, NULL, 'evilmiso13@gmail.com', 0, 7, 0, 1, 2, 0, 0, NULL, 'auto', 16, 0, NULL, NULL, NULL),
(7, 'GeckoWho', '$2y$10$YW2pJD0G3CVXP2ABFaUutOHShaEOg50YiLBcwLsoT9rkeQ7axZnsq', 'assets/default-avatar.png', NULL, 10000, NULL, 'Member', '', 'theme-default', NULL, NULL, NULL, 'hannahdickson517@gmail.com', 0, 9, 0, 1, 2, 0, 0, 'Newborn#971 has died. Cause: Dehydration.', 'auto', 16, 0, NULL, NULL, NULL),
(8, 'OnceUponAPlatypus', '$2y$10$UlLYT7VDWRzxdTYR9/AZV.5d1BUn9GI50viW4EPIyTDQmBaHDpJxK', 'assets/default-avatar.png', NULL, 10000, NULL, 'Member', '', 'theme-default', NULL, NULL, NULL, 'louisianedd@gmail.com', 0, 12, 0, 1, 2, 0, 0, NULL, 'auto', 16, 0, NULL, NULL, NULL),
(9, 'monarch', '$2y$10$GYRSZPCJd9/UQFqA3vT6aOaCJPvmmxp8ahz6POv18N/kIE4dqs2Ni', 'assets/default-avatar.png', NULL, 10000, NULL, 'Member', '', 'theme-default', NULL, NULL, NULL, 'pitsukarn.p@gmail.com', 0, 26, 0, 1, 2, 0, 0, NULL, 'auto', 2, 0, NULL, NULL, NULL),
(10, 'PlagueBunni', '$2y$10$e5s2tdCuOSp4f6hFyFMcxO65zPAnXtfzv1I1HMNyIn/wO5DdQyZ5i', 'assets/default-avatar.png', NULL, 10000, NULL, 'Member', '', 'theme-default', NULL, NULL, NULL, 'madkauza@gmail.com', 0, 33, 0, 1, 2, 0, 0, 'Newborn#995 has died. Cause: Neglected kit.', 'auto', 7, 0, NULL, NULL, NULL),
(11, 'BFNIFfan2763', '$2y$10$lWMyionjRLePHzphlv/M2e9Dd6Mh.HUJSuIjBWIWfbMIswOI/qcmu', 'assets/default-avatar.png', NULL, 10000, 'Sailor', 'Member', '', 'theme-default', NULL, NULL, NULL, 'joysabandosarah@gmail.com', 0, 46, 0, 1, 2, 0, 0, NULL, 'auto', 7, 0, NULL, NULL, NULL),
(12, 'CaramelApplelover1234', '$2y$10$2rcaewULUzrF4Wm/CVPlUOC6aCCdDYE4SCUdKY/Rvl2.Q8tINTJCm', 'assets/default-avatar.png', NULL, 10000, NULL, 'Member', '', 'theme-default', NULL, NULL, NULL, 'sarahjoysabando@4gmail.com', 0, 49, 0, 1, 2, 0, 0, NULL, 'auto', 7, 0, NULL, NULL, NULL),
(13, 'Honey', '$2y$10$KOp6z.fcu8BQDbJNkPphn.ZxUJkLEjSwilxCvfNaIAO9exYIf3zuS', 'assets/default-avatar.png', NULL, 10000, NULL, 'Member', '', 'theme-default', NULL, NULL, NULL, 'dianapogrebniak228@gmail.com', 0, 54, 0, 1, 2, 0, 0, NULL, 'auto', 7, 0, NULL, NULL, NULL),
(14, 'Moriarty', '$2y$10$ge3iY3N9K3U4oyd4NYvOHONo629ky2.YNeUz9/bjC7cR5IlpAsgA6', 'assets/default-avatar.png', NULL, 10000, NULL, 'Member', '', 'theme-default', NULL, NULL, NULL, 'admin@pet-sim.online', 0, 60, 0, 1, 2, 0, 0, NULL, 'auto', 7, 0, NULL, NULL, NULL),
(15, 'CandleSliver2763', '$2y$10$evQs2lSfus/qIXzQK48M0.zsaDYRwZL.5nhryZp3Qfc6oZWz646B.', 'assets/default-avatar.png', NULL, 10000, NULL, 'Member', '', 'theme-default', NULL, NULL, NULL, 'candlesliver53@gmail.com', 0, 77, 0, 1, 2, 0, 0, NULL, 'auto', 7, 0, NULL, NULL, NULL),
(16, 'Boondock', '$2y$10$GJaDj7/db/8r1ZbIftDkOeqIHh7d3.Te2lcD3MHXLkMtnM8Wr9lR.', 'assets/default-avatar.png', NULL, 10000, NULL, 'Member', '', 'theme-default', NULL, NULL, NULL, 'admin2@pet-sim.online', 0, 84, 0, 1, 2, 0, 0, NULL, 'auto', 7, 0, NULL, NULL, NULL),
(17, 'willgrahams', '$2y$10$wH.4vdnLJkpudi059yHeOuWocxgSm7IXxf/plbR9Mmob4fNfRo8p.', 'assets/default-avatar.png', NULL, 10000, NULL, 'Member', '', 'theme-default', NULL, NULL, NULL, 'schuyler.endres8@gmail.com', 0, 85, 0, 1, 2, 0, 0, NULL, 'auto', 4, 0, NULL, NULL, NULL),
(18, 'AmongUs', '$2y$10$em2XR2gKGnEqlL/WGRTt6.9D0G3Nv0wI67PjjM7IaB7kHBNPjaGTG', 'assets/default-avatar.png', NULL, 10000, NULL, 'Member', '', 'theme-default', NULL, NULL, NULL, 'mythpoet@gmail.com', 0, 88, 0, 1, 2, 0, 0, 'Newborn#870 has died. Cause: Dehydration.', 'auto', 6, 0, NULL, NULL, NULL),
(19, 'GryphValgryph', '$2y$10$JXTN0HvJmosviS1mEAQl8.fsxa2yn4LXMxcpDOk/C5AwfgpP9G5le', 'assets/default-avatar.png', NULL, 10000, NULL, 'Member', '', 'theme-default', NULL, NULL, NULL, 'vultureperson@gmail.com', 0, 93, 0, 1, 2, 0, 0, 'Newborn#531 has died. Cause: Dehydration.', 'auto', 6, 0, NULL, NULL, NULL),
(20, 'Gratanica', '$2y$10$2u0dIw9v1T6iAiQaidQhJO5SEFCc9A1M7kAdpGyDwewudoJOI9m3K', 'assets/default-avatar.png', NULL, 10000, NULL, 'Member', '', 'theme-default', NULL, NULL, NULL, 'emily@thaeler.net', 0, NULL, 0, 1, 2, 0, 0, NULL, 'auto', 6, 0, NULL, NULL, NULL),
(21, 'Marley', '$2y$10$uOf5PiNYOKMZj//Pjfyn2eeJvH1qKMN/uA2NIbmKJbGw2MLL45l02', 'assets/default-avatar.png', NULL, 10000, NULL, 'Member', '', 'theme-default', NULL, NULL, NULL, 'eviejane1989tv@gmail.com', 0, 99, 0, 1, 2, 0, 0, NULL, 'auto', 6, 0, NULL, NULL, NULL),
(22, 'Zee', '$2y$10$sVkpxYLeJsHq8Fvda8Gqf..cqHaWEn/0BAcqd9Q8t1xr36ut3ckdG', 'assets/default-avatar.png', NULL, 10000, NULL, 'Member', '', 'theme-default', NULL, NULL, NULL, 'haysjaci@gmail.com', 0, 101, 0, 1, 2, 0, 0, NULL, 'auto', 6, 0, NULL, NULL, NULL),
(23, 'QTy314', '$2y$10$xUqaIoxtdREsPofk8Un47ubVNkDoUNLjCHQMKlFVfBcacIHYTmtqS', 'assets/default-avatar.png', NULL, 10000, NULL, 'Member', '', 'theme-default', NULL, NULL, NULL, 'wardenbarson@gmail.com', 0, 247, 0, 1, 2, 0, 0, NULL, 'auto', 7, 0, NULL, NULL, NULL),
(24, 'BigFloppa', '$2y$10$UyoDxDHx3IqVVNtd95JDKu5pSAyOvTPYOxiFQPXEBXETZ.B0wsyZ2', 'assets/default-avatar.png', NULL, 10000, NULL, 'Member', '', 'theme-default', NULL, NULL, NULL, 'blueberrywolfies@gmail.com', 0, 275, 0, 1, 2, 0, 0, NULL, 'auto', 7, 0, NULL, NULL, NULL),
(25, 'juggybuggy', '$2y$10$VRBmD8KjJQ2I/Se8jl/Ap.Ylp811PcZ8OTt84Z3lvkTfpo4CyG/n6', 'assets/default-avatar.png', NULL, 10000, NULL, 'Member', '', 'theme-default', NULL, NULL, NULL, 'jiminsjams129@gmail.com', 0, 278, 0, 1, 2, 0, 0, NULL, 'auto', 7, 0, NULL, NULL, NULL),
(26, 'Tyloxra', '$2y$10$XuF20sKNWGDF4WjBXDbkxuZXjJz5F/INqCPX3h5JYCWwmxmbeUwja', 'assets/default-avatar.png', NULL, 10000, NULL, 'Member', '', 'theme-default', NULL, NULL, NULL, 'tyloxra@gmail.com', 0, 285, 0, 1, 2, 0, 0, NULL, 'auto', 7, 0, NULL, NULL, NULL),
(27, 'WingsofLove', '$2y$10$TdmG6LYCsseFt6IU8X73/eD4GZI16OyJaF5bK9WOX.l9WqP24qJW6', 'assets/default-avatar.png', NULL, 10000, NULL, 'Member', '', 'theme-default', NULL, NULL, NULL, 'ahogenson03@gmail.com', 0, 339, 0, 1, 2, 0, 0, NULL, 'auto', 7, 0, NULL, NULL, NULL),
(28, 'chevycat', '$2y$10$JOJ2BnB66ego3lAzejwr7Oq01I.wfv6ucJSELZ5esguemEbJoGOt2', 'assets/default-avatar.png', NULL, 10000, NULL, 'Member', '', 'theme-default', NULL, NULL, NULL, 'stonedchevy@gmail.com', 0, NULL, 0, 1, 2, 0, 0, NULL, 'auto', 7, 0, NULL, NULL, NULL),
(29, 'goldtuskk', '$2y$10$V3.08zfnVoexnLAFi/KPc.1KZ3DlZBQWcT0S3D1s0mT7C/Y70RrsO', 'assets/default-avatar.png', NULL, 10000, NULL, 'Member', '', 'theme-default', NULL, NULL, NULL, 'ljstarhunter@gmail.com', 0, 340, 0, 1, 2, 0, 0, NULL, 'auto', 7, 0, NULL, NULL, NULL),
(30, 'Andi', '$2y$10$STqriY/S.VkbUqxNkh.DZuLQvOTOzIPE8AK9Eqa96Pj7fsGPLqXdq', 'assets/default-avatar.png', NULL, 10000, NULL, 'Member', '', 'theme-default', NULL, NULL, NULL, 'andalusiayandell@gmail.com', 0, NULL, 0, 1, 2, 0, 0, NULL, 'auto', 7, 0, NULL, NULL, NULL),
(31, 'Moon', '$2y$10$ftM4dmdmkV2XFdVs7kodGe1jCJr0lUtS7d90K09MG7WyWnjEM1ofq', 'assets/default-avatar.png', NULL, 10000, 'Moon Moon', 'Member', '', 'theme-default', NULL, NULL, NULL, 'Swannamoon004@gmail.com', 0, 505, 0, 1, 2, 0, 0, NULL, 'auto', 12, 0, NULL, NULL, NULL),
(32, 'Mazeight', '$2y$10$Dq7ItbzyEgwKczYgfC1sq.TNHngOResGcTLlvzzypStb7fyvSSDHC', 'assets/default-avatar.png', NULL, 10000, NULL, 'Member', '', 'theme-default', NULL, NULL, NULL, 'Na.gill823@gmail.com', 0, 547, 0, 1, 2, 0, 0, NULL, 'auto', 7, 0, NULL, NULL, NULL),
(33, 'tiffbu', '$2y$10$sJaxtn6B7DV5fc2z7qA//eNHC50ChW.ZIK9GvVYV9yP5EU4BW6Bn.', 'assets/default-avatar.png', NULL, 10000, NULL, 'Member', '', 'theme-default', NULL, NULL, NULL, 'amytt59@gmail.com', 0, 587, 0, 1, 2, 0, 0, NULL, 'auto', 12, 0, NULL, NULL, NULL);

-- --------------------------------------------------------

--
-- Table structure for table `user_friends`
--

CREATE TABLE `user_friends` (
  `id` int(11) NOT NULL,
  `requester_id` int(11) NOT NULL,
  `addressee_id` int(11) NOT NULL,
  `status` enum('pending','accepted','declined','blocked') NOT NULL DEFAULT 'pending',
  `created_at` datetime NOT NULL DEFAULT current_timestamp(),
  `updated_at` datetime NOT NULL DEFAULT current_timestamp() ON UPDATE current_timestamp()
) ENGINE=InnoDB DEFAULT CHARSET=latin1 COLLATE=latin1_swedish_ci;

--
-- Dumping data for table `user_friends`
--

INSERT INTO `user_friends` (`id`, `requester_id`, `addressee_id`, `status`, `created_at`, `updated_at`) VALUES
(1, 4, 3, 'accepted', '2025-09-30 23:43:11', '2025-10-06 23:06:22'),
(3, 3, 4, 'pending', '2025-10-06 23:00:23', '2025-10-06 23:00:23'),
(4, 3, 5, 'accepted', '2025-10-07 20:58:45', '2025-10-08 00:30:03'),
(5, 3, 6, 'accepted', '2025-10-08 00:30:26', '2025-10-09 02:07:57'),
(6, 5, 4, 'pending', '2025-10-08 12:47:23', '2025-10-08 12:47:23'),
(7, 3, 10, 'pending', '2025-10-09 01:11:14', '2025-10-09 01:11:14'),
(8, 6, 10, 'pending', '2025-10-09 02:08:00', '2025-10-09 02:08:00'),
(9, 11, 12, 'accepted', '2025-10-09 05:56:14', '2025-10-10 06:28:40'),
(10, 3, 2, 'pending', '2025-10-10 01:20:38', '2025-10-10 01:20:38'),
(11, 6, 11, 'accepted', '2025-10-11 02:11:03', '2025-10-11 03:10:12'),
(12, 13, 7, 'pending', '2025-10-11 03:36:41', '2025-10-11 03:36:41'),
(13, 13, 11, 'pending', '2025-10-11 03:36:59', '2025-10-11 03:36:59'),
(14, 15, 11, 'accepted', '2025-10-31 21:30:17', '2025-10-31 22:23:23'),
(15, 31, 6, 'accepted', '2025-11-29 06:17:27', '2025-11-29 13:12:04'),
(16, 3, 16, 'accepted', '2025-11-29 18:04:25', '2025-11-29 18:09:11'),
(17, 3, 31, 'accepted', '2025-12-04 11:33:07', '2025-12-04 11:48:03'),
(18, 3, 11, 'pending', '2025-12-15 19:44:49', '2025-12-15 19:44:49');

-- --------------------------------------------------------

--
-- Table structure for table `user_icons`
--

CREATE TABLE `user_icons` (
  `id` int(11) NOT NULL,
  `user_id` int(11) NOT NULL,
  `file_path` varchar(255) NOT NULL,
  `is_hidden` tinyint(1) NOT NULL DEFAULT 0,
  `created_at` datetime NOT NULL DEFAULT current_timestamp()
) ENGINE=InnoDB DEFAULT CHARSET=latin1 COLLATE=latin1_swedish_ci;

--
-- Dumping data for table `user_icons`
--

INSERT INTO `user_icons` (`id`, `user_id`, `file_path`, `is_hidden`, `created_at`) VALUES
(1, 10, 'assets/icons/usericons/u10_1759989660_9756.png', 0, '2025-10-09 02:01:00'),
(2, 11, 'assets/icons/usericons/u11_1759994223_2815.png', 0, '2025-10-09 03:17:03'),
(3, 12, 'assets/icons/usericons/u12_1760003862_7217.png', 0, '2025-10-09 05:57:42'),
(4, 13, 'assets/icons/usericons/u13_1760097551_1499.png', 0, '2025-10-10 07:59:11'),
(5, 19, 'assets/icons/usericons/u19_1760141272_4418.png', 0, '2025-10-10 20:07:52'),
(6, 19, 'assets/icons/usericons/u19_1760141304_2913.png', 0, '2025-10-10 20:08:24'),
(7, 21, 'assets/icons/usericons/u21_1760206403_1222.png', 0, '2025-10-11 14:13:23'),
(8, 24, 'assets/icons/usericons/u24_1760436825_5114.png', 0, '2025-10-14 06:13:45'),
(9, 29, 'assets/icons/usericons/u29_1761882178_2633.png', 0, '2025-10-30 23:42:58'),
(10, 30, 'assets/icons/usericons/u30_1762716394_3901.png', 0, '2025-11-09 14:26:34'),
(11, 31, 'assets/icons/usericons/u31_1764259889_8187.png', 0, '2025-11-27 11:11:29'),
(12, 33, 'assets/icons/usericons/u33_1764967228_4774.png', 0, '2025-12-05 15:40:28');

-- --------------------------------------------------------

--
-- Table structure for table `user_items`
--

CREATE TABLE `user_items` (
  `id` int(11) NOT NULL,
  `user_id` int(11) NOT NULL,
  `item_id` int(11) NOT NULL,
  `quantity` int(11) DEFAULT 1,
  `type` varchar(20) NOT NULL,
  `hidden` int(11) NOT NULL DEFAULT 0
) ENGINE=InnoDB DEFAULT CHARSET=utf8mb4 COLLATE=utf8mb4_unicode_ci;

--
-- Dumping data for table `user_items`
--

INSERT INTO `user_items` (`id`, `user_id`, `item_id`, `quantity`, `type`, `hidden`) VALUES
(1, 3, 73, 21, 'base', 1),
(2, 3, 71, 10, '', 1),
(3, 3, 72, 10, '', 1),
(4, 3, 60, 10, '', 1),
(5, 3, 61, 10, '', 0),
(6, 3, 63, 10, '', 1),
(7, 4, 71, 10, '', 1),
(8, 4, 72, 10, '', 1),
(9, 4, 73, 10, '', 1),
(10, 4, 60, 10, '', 1),
(11, 4, 61, 10, '', 1),
(12, 4, 63, 10, '', 1),
(13, 5, 71, 10, '', 0),
(14, 5, 72, 10, '', 0),
(15, 5, 73, 10, '', 1),
(16, 5, 60, 10, '', 0),
(17, 5, 61, 10, '', 0),
(18, 5, 63, 10, '', 0),
(19, 3, 125, 5, '', 1),
(20, 5, 125, 5, '', 1),
(21, 6, 125, 5, '', 1),
(22, 6, 71, 31, '', 1),
(23, 6, 72, 30, '', 1),
(24, 6, 73, 31, '', 1),
(25, 6, 60, 30, '', 1),
(26, 6, 61, 31, '', 1),
(27, 6, 63, 30, '', 1),
(28, 5, 1, 50, '', 0),
(29, 5, 2, 50, '', 0),
(31, 3, 1, 306, '', 0),
(32, 3, 2, 0, '', 0),
(34, 6, 1, 262, '', 0),
(35, 6, 2, 252, '', 0),
(37, 7, 71, 10, '', 1),
(38, 7, 72, 10, '', 1),
(39, 7, 73, 10, '', 1),
(40, 7, 60, 10, '', 0),
(41, 7, 61, 10, '', 1),
(42, 7, 63, 10, '', 1),
(43, 7, 125, 5, '', 1),
(44, 7, 1, 163, '', 0),
(45, 7, 2, 317, '', 0),
(46, 7, 5, 262, '', 0),
(47, 8, 71, 10, '', 0),
(48, 8, 72, 11, '', 1),
(49, 8, 73, 10, '', 0),
(50, 8, 60, 11, '', 1),
(51, 8, 61, 10, '', 1),
(52, 8, 63, 10, '', 0),
(53, 8, 125, 5, '', 0),
(54, 8, 1, 246, '', 0),
(55, 8, 2, 241, '', 0),
(56, 8, 5, 253, '', 0),
(57, 4, 125, 5, '', 0),
(58, 4, 1, 200, '', 0),
(59, 4, 2, 300, '', 0),
(60, 4, 5, 300, '', 0),
(61, 9, 125, 5, '', 0),
(62, 9, 1, 0, '', 0),
(63, 9, 2, 0, '', 0),
(65, 9, 71, 10, '', 0),
(66, 9, 72, 10, '', 0),
(67, 9, 73, 10, '', 1),
(68, 9, 60, 10, '', 0),
(69, 9, 61, 10, '', 1),
(70, 9, 63, 10, '', 0),
(71, 10, 125, 5, '', 1),
(72, 10, 1, 0, '', 0),
(73, 10, 2, 0, '', 0),
(75, 10, 71, 10, '', 0),
(76, 10, 72, 10, '', 0),
(77, 10, 73, 10, '', 0),
(78, 10, 60, 10, '', 0),
(79, 10, 61, 10, '', 1),
(80, 10, 63, 10, '', 0),
(81, 6, 72, 1, 'base', 1),
(83, 6, 4, 259, 'material', 0),
(84, 11, 2, 0, 'material', 0),
(85, 11, 1, 9, 'material', 0),
(86, 11, 4, 23, 'material', 0),
(90, 12, 1, 13, 'material', 0),
(92, 12, 2, 0, 'material', 0),
(93, 12, 4, 0, 'material', 0),
(94, 11, 125, 5, '', 1),
(95, 11, 71, 10, '', 0),
(96, 11, 72, 10, '', 1),
(97, 11, 73, 10, '', 1),
(98, 11, 60, 10, '', 0),
(99, 11, 61, 10, '', 1),
(100, 11, 63, 10, '', 0),
(101, 3, 4, 0, 'material', 0),
(102, 13, 71, 10, '', 1),
(103, 13, 72, 10, '', 0),
(104, 13, 73, 10, '', 0),
(105, 13, 60, 10, '', 1),
(106, 13, 61, 10, '', 1),
(107, 13, 63, 10, '', 0),
(108, 13, 1, 262, '', 0),
(109, 13, 2, 344, '', 0),
(110, 13, 5, 253, '', 0),
(113, 13, 4, 0, 'material', 0),
(114, 5, 4, 2, 'material', 0),
(115, 5, 126, 5, '', 0),
(116, 5, 127, 5, '', 0),
(117, 5, 128, 5, '', 1),
(118, 5, 129, 5, '', 0),
(119, 5, 130, 5, '', 0),
(121, 3, 126, 5, '', 1),
(122, 3, 127, 5, '', 0),
(123, 3, 128, 5, '', 1),
(124, 3, 129, 5, '', 1),
(125, 3, 130, 5, '', 1),
(126, 6, 126, 15, '', 1),
(127, 6, 127, 15, '', 1),
(128, 6, 128, 15, '', 1),
(129, 6, 129, 15, '', 1),
(130, 6, 130, 15, '', 1),
(132, 11, 126, 5, '', 0),
(133, 11, 127, 5, '', 0),
(134, 11, 128, 5, '', 0),
(135, 11, 129, 5, '', 0),
(136, 11, 130, 5, '', 0),
(137, 8, 3, 106, 'material', 0),
(138, 8, 4, 66, 'material', 0),
(139, 13, 126, 5, '', 0),
(140, 13, 127, 5, '', 0),
(141, 13, 128, 5, '', 0),
(142, 13, 129, 5, '', 0),
(143, 13, 130, 5, '', 0),
(144, 13, 125, 5, '', 0),
(146, 15, 2, 0, 'material', 0),
(147, 15, 71, 11, '', 0),
(148, 15, 72, 10, '', 0),
(149, 15, 73, 10, '', 0),
(150, 15, 60, 10, '', 0),
(151, 15, 61, 10, '', 0),
(152, 15, 63, 10, '', 0),
(153, 15, 125, 5, '', 1),
(154, 15, 126, 5, '', 0),
(155, 15, 127, 5, '', 0),
(156, 15, 128, 5, '', 0),
(157, 15, 129, 5, '', 0),
(158, 15, 130, 5, '', 0),
(159, 15, 1, 0, '', 0),
(161, 10, 126, 5, '', 0),
(162, 10, 127, 5, '', 0),
(163, 10, 128, 5, '', 0),
(164, 10, 129, 5, '', 0),
(165, 10, 130, 5, '', 0),
(167, 8, 126, 5, '', 0),
(168, 8, 127, 5, '', 0),
(169, 8, 128, 5, '', 0),
(170, 8, 129, 5, '', 0),
(171, 8, 130, 5, '', 0),
(172, 16, 1, 250, '', 0),
(173, 16, 2, 150, '', 0),
(174, 16, 5, 150, '', 0),
(175, 16, 125, 5, '', 0),
(176, 16, 71, 10, '', 0),
(177, 16, 72, 10, '', 0),
(178, 16, 73, 10, '', 0),
(179, 16, 60, 10, '', 0),
(180, 16, 61, 10, '', 0),
(181, 16, 63, 10, '', 0),
(182, 16, 126, 5, '', 0),
(183, 16, 127, 5, '', 0),
(184, 16, 128, 5, '', 0),
(185, 16, 129, 5, '', 0),
(186, 16, 130, 5, '', 0),
(188, 3, 3, 3, 'resource', 0),
(190, 6, 102, 1, 'loot', 0),
(191, 17, 71, 10, '', 1),
(192, 17, 72, 10, '', 0),
(193, 17, 73, 10, '', 0),
(194, 17, 60, 10, '', 0),
(195, 17, 61, 10, '', 1),
(196, 17, 63, 10, '', 0),
(197, 17, 125, 5, '', 0),
(198, 17, 1, 50, '', 0),
(199, 17, 2, 50, '', 0),
(200, 17, 5, 50, '', 0),
(201, 17, 126, 5, '', 1),
(202, 17, 127, 5, '', 1),
(203, 17, 128, 5, '', 0),
(204, 17, 129, 5, '', 1),
(205, 17, 130, 5, '', 0),
(207, 18, 71, 10, '', 1),
(208, 18, 72, 10, '', 0),
(209, 18, 73, 10, '', 0),
(210, 18, 60, 10, '', 1),
(211, 18, 61, 10, '', 1),
(212, 18, 63, 10, '', 0),
(213, 18, 125, 5, '', 0),
(214, 18, 1, 0, '', 0),
(215, 18, 2, 13, '', 0),
(217, 18, 126, 5, '', 0),
(218, 18, 127, 5, '', 0),
(219, 18, 128, 5, '', 1),
(220, 18, 129, 5, '', 0),
(221, 18, 130, 5, '', 0),
(223, 18, 4, 4, 'material', 0),
(224, 18, 5, 7, 'material', 0),
(225, 18, 3, 2, 'material', 0),
(230, 13, 5, 1, 'water', 0),
(235, 12, 125, 5, '', 0),
(236, 12, 71, 10, '', 0),
(237, 12, 72, 10, '', 0),
(238, 12, 73, 10, '', 0),
(239, 12, 60, 10, '', 0),
(240, 12, 61, 10, '', 0),
(241, 12, 63, 10, '', 0),
(242, 12, 126, 5, '', 0),
(243, 12, 127, 5, '', 0),
(244, 12, 128, 5, '', 0),
(245, 12, 129, 5, '', 0),
(246, 12, 130, 5, '', 0),
(250, 14, 1, 0, '', 0),
(251, 14, 2, 57, '', 0),
(253, 14, 125, 5, '', 0),
(254, 14, 71, 10, '', 0),
(255, 14, 72, 10, '', 0),
(256, 14, 73, 10, '', 0),
(257, 14, 60, 10, '', 0),
(258, 14, 61, 10, '', 0),
(259, 14, 63, 10, '', 0),
(260, 14, 126, 5, '', 0),
(261, 14, 127, 5, '', 0),
(262, 14, 128, 5, '', 0),
(263, 14, 129, 5, '', 0),
(264, 14, 130, 5, '', 0),
(265, 14, 4, 8, 'material', 0),
(266, 22, 2, 0, 'material', 0),
(267, 22, 1, 0, 'material', 0),
(268, 22, 4, 2, 'material', 0),
(269, 14, 3, 3, 'material', 0),
(271, 4, 126, 5, '', 0),
(272, 4, 127, 5, '', 0),
(273, 4, 128, 5, '', 1),
(274, 4, 129, 5, '', 1),
(275, 4, 130, 5, '', 0),
(279, 23, 2, 0, 'material', 0),
(280, 23, 1, 5, 'material', 0),
(281, 23, 4, 0, 'material', 0),
(282, 15, 4, 40, 'material', 0),
(285, 24, 1, 250, '', 0),
(286, 24, 2, 250, '', 0),
(287, 24, 5, 284, '', 0),
(288, 24, 125, 5, '', 0),
(289, 24, 71, 10, '', 0),
(290, 24, 72, 10, '', 0),
(291, 24, 73, 10, '', 0),
(292, 24, 60, 10, '', 0),
(293, 24, 61, 10, '', 0),
(294, 24, 63, 10, '', 0),
(295, 24, 126, 5, '', 0),
(296, 24, 127, 5, '', 0),
(297, 24, 128, 5, '', 0),
(298, 24, 129, 5, '', 0),
(299, 24, 130, 5, '', 0),
(300, 3, 131, 13, 'base', 1),
(301, 24, 4, 0, 'material', 0),
(302, 25, 125, 5, '', 0),
(303, 25, 71, 10, '', 0),
(304, 25, 72, 10, '', 0),
(305, 25, 73, 10, '', 0),
(306, 25, 60, 10, '', 0),
(307, 25, 61, 10, '', 0),
(308, 25, 63, 10, '', 0),
(309, 25, 1, 145, '', 0),
(310, 25, 2, 194, '', 0),
(311, 25, 5, 149, '', 0),
(312, 25, 126, 5, '', 0),
(313, 25, 127, 5, '', 0),
(314, 25, 128, 5, '', 0),
(315, 25, 129, 5, '', 0),
(316, 25, 130, 5, '', 1),
(318, 3, 5, 100, '', 0),
(325, 6, 112, 1, 'loot', 0),
(326, 29, 71, 10, '', 0),
(327, 29, 72, 10, '', 0),
(328, 29, 73, 10, '', 0),
(329, 29, 60, 10, '', 0),
(330, 29, 61, 10, '', 0),
(331, 29, 63, 10, '', 0),
(332, 29, 125, 5, '', 0),
(333, 29, 1, 48, '', 0),
(334, 29, 2, 67, '', 0),
(335, 29, 5, 50, '', 0),
(336, 29, 126, 5, '', 0),
(337, 29, 127, 5, '', 0),
(338, 29, 128, 5, '', 1),
(339, 29, 129, 5, '', 0),
(340, 29, 130, 5, '', 0),
(341, 29, 3, 1, 'resource', 0),
(343, 11, 3, 20, 'material', 0),
(351, 15, 3, 47, 'material', 0),
(353, 31, 1, 247, '', 0),
(354, 31, 2, 51, '', 0),
(355, 31, 5, 327, '', 0),
(356, 31, 71, 20, '', 0),
(357, 31, 72, 20, '', 0),
(358, 31, 73, 20, '', 0),
(359, 31, 60, 20, '', 1),
(360, 31, 61, 20, '', 1),
(361, 31, 63, 20, '', 0),
(362, 31, 125, 5, '', 0),
(363, 31, 126, 10, '', 0),
(364, 31, 127, 10, '', 0),
(365, 31, 128, 10, '', 0),
(366, 31, 129, 10, '', 0),
(367, 31, 130, 10, '', 1),
(368, 31, 4, 16, 'material', 0),
(371, 32, 3, 3, 'material', 0),
(372, 32, 4, 2, 'material', 0),
(373, 32, 1, 2, 'material', 0),
(374, 31, 3, 27, 'material', 0),
(375, 3, 134, 3, '', 0),
(376, 3, 135, 3, '', 1),
(377, 3, 136, 10, '', 1),
(378, 3, 137, 10, '', 0),
(379, 3, 138, 10, '', 0),
(380, 3, 139, 3, '', 1),
(381, 3, 140, 3, '', 1),
(382, 3, 141, 3, '', 1),
(383, 31, 131, 6, '', 1),
(384, 31, 134, 6, '', 1),
(385, 31, 135, 6, '', 1),
(386, 31, 139, 9, '', 0),
(387, 31, 140, 9, '', 0),
(388, 31, 141, 9, '', 0),
(389, 31, 136, 6, '', 0),
(390, 31, 137, 6, '', 1),
(391, 31, 138, 6, '', 1),
(392, 6, 5, 296, '', 0),
(393, 6, 131, 9, '', 1),
(394, 6, 134, 9, '', 0),
(395, 6, 135, 9, '', 1),
(396, 6, 136, 15, '', 1),
(397, 6, 137, 15, '', 1),
(398, 6, 138, 15, '', 0),
(399, 6, 139, 9, '', 1),
(400, 6, 140, 9, '', 1),
(401, 6, 141, 9, '', 1),
(402, 4, 131, 3, '', 0),
(403, 4, 134, 3, '', 0),
(404, 4, 135, 3, '', 0),
(405, 4, 136, 3, '', 0),
(406, 4, 137, 3, '', 0),
(407, 4, 138, 3, '', 0),
(408, 4, 139, 3, '', 0),
(409, 4, 140, 3, '', 0),
(410, 4, 141, 3, '', 0),
(411, 3, 142, 6, '', 0),
(412, 3, 143, 6, '', 0),
(413, 3, 144, 6, '', 0),
(414, 3, 145, 6, '', 1),
(415, 3, 146, 9, '', 1),
(416, 3, 147, 9, '', 1),
(417, 3, 148, 9, '', 1),
(418, 3, 149, 9, '', 0),
(419, 6, 146, 9, '', 0),
(420, 6, 147, 9, '', 0),
(421, 6, 142, 9, '', 0),
(422, 6, 143, 9, '', 0),
(423, 6, 144, 9, '', 0),
(424, 6, 145, 9, '', 0),
(425, 6, 148, 9, '', 0),
(426, 6, 149, 9, '', 0),
(427, 31, 142, 6, '', 0),
(428, 31, 143, 6, '', 0),
(429, 31, 144, 6, '', 0),
(430, 31, 145, 6, '', 0),
(431, 31, 146, 6, '', 0),
(432, 31, 147, 6, '', 1),
(433, 31, 148, 6, '', 1),
(434, 31, 149, 6, '', 1),
(435, 3, 150, 6, '', 0),
(436, 3, 151, 6, '', 0),
(437, 3, 152, 6, '', 0),
(438, 3, 153, 6, '', 0),
(439, 3, 154, 6, '', 0),
(440, 3, 155, 6, '', 0),
(441, 3, 156, 6, '', 0),
(442, 3, 157, 6, '', 0),
(443, 3, 158, 6, '', 0),
(444, 3, 159, 6, '', 0),
(445, 3, 160, 6, '', 0),
(446, 6, 150, 6, '', 0),
(447, 6, 151, 6, '', 0),
(448, 6, 152, 6, '', 0),
(449, 6, 153, 6, '', 0),
(450, 6, 154, 6, '', 0),
(451, 6, 155, 6, '', 0),
(452, 6, 156, 6, '', 0),
(453, 6, 157, 6, '', 0),
(454, 6, 158, 6, '', 0),
(455, 6, 159, 6, '', 0),
(456, 6, 160, 6, '', 0),
(457, 6, 3, 42, 'material', 0);

-- --------------------------------------------------------

--
-- Table structure for table `user_pets`
--

CREATE TABLE `user_pets` (
  `id` int(11) NOT NULL,
  `user_id` int(11) NOT NULL,
  `pet_name` varchar(100) NOT NULL,
  `pet_image` varchar(255) NOT NULL,
  `adopted_at` timestamp NULL DEFAULT current_timestamp(),
  `background` int(11) DEFAULT NULL,
  `accessory` int(11) DEFAULT NULL,
  `mother` varchar(255) DEFAULT NULL,
  `father` varchar(255) DEFAULT NULL,
  `offspring` int(11) DEFAULT 0,
  `gender` enum('Male','Female') DEFAULT 'Female',
  `exp` int(11) DEFAULT 0,
  `level` int(11) DEFAULT 1,
  `skill` int(11) NOT NULL DEFAULT 0,
  `boosts` int(11) DEFAULT 0,
  `description` text DEFAULT NULL,
  `type` varchar(50) DEFAULT 'Feenee',
  `price` int(11) DEFAULT NULL,
  `background_url` varchar(255) DEFAULT NULL,
  `toy1` varchar(255) DEFAULT NULL,
  `toy2` varchar(255) DEFAULT NULL,
  `toy3` varchar(255) DEFAULT NULL,
  `deco` varchar(255) DEFAULT NULL,
  `marking1` varchar(255) DEFAULT NULL,
  `marking2` varchar(255) DEFAULT NULL,
  `marking3` varchar(255) DEFAULT NULL,
  `toy1_x` int(11) DEFAULT NULL,
  `toy1_y` int(11) DEFAULT NULL,
  `toy2_x` int(11) DEFAULT NULL,
  `toy2_y` int(11) DEFAULT NULL,
  `toy3_x` int(11) DEFAULT NULL,
  `toy3_y` int(11) DEFAULT NULL,
  `deco_x` int(11) DEFAULT NULL,
  `deco_y` int(11) DEFAULT NULL,
  `base` varchar(255) DEFAULT '',
  `sparring_wins` int(11) DEFAULT 0,
  `marking4` varchar(255) DEFAULT NULL,
  `marking5` varchar(255) DEFAULT NULL,
  `sale` varchar(3) NOT NULL DEFAULT 'No',
  `mate` varchar(255) NOT NULL DEFAULT 'None',
  `mate_id` int(11) NOT NULL DEFAULT 0,
  `due_date` date DEFAULT NULL,
  `last_quest` datetime DEFAULT NULL,
  `appearance_effect` varchar(32) DEFAULT NULL,
  `appearance_size` varchar(16) DEFAULT NULL,
  `appearance_pattern` varchar(32) DEFAULT NULL,
  `temp_species` varchar(32) DEFAULT NULL,
  `appearance_fluff` tinyint(1) DEFAULT 0,
  `has_wings` tinyint(1) DEFAULT 0,
  `appearance_glow` tinyint(1) DEFAULT 0,
  `appearance_elemental` varchar(32) DEFAULT NULL,
  `status` enum('colony','reserve','loner') DEFAULT 'loner',
  `colony_id` int(11) DEFAULT NULL,
  `apprentice_role` enum('caretaker','scout','builder','healer','warrior') DEFAULT NULL,
  `mentor_user_id` int(11) DEFAULT NULL,
  `last_cared_for` datetime DEFAULT NULL,
  `growth_blocked` tinyint(1) DEFAULT 0,
  `colony_role` varchar(10) DEFAULT NULL,
  `mood` int(11) DEFAULT 100,
  `health` int(11) DEFAULT 100,
  `energy` int(11) DEFAULT 100,
  `hunger` int(11) DEFAULT 100,
  `hunger_zero_since` date DEFAULT NULL,
  `thirst` int(11) DEFAULT 100,
  `thirst_zero_since` date DEFAULT NULL,
  `sickness` varchar(255) DEFAULT NULL,
  `injury` varchar(255) DEFAULT NULL,
  `is_pregnant` tinyint(1) DEFAULT 0,
  `is_kit` tinyint(1) DEFAULT 0,
  `kit_level` int(11) DEFAULT 0,
  `needs_care` tinyint(1) DEFAULT 0,
  `mother_id` int(11) DEFAULT NULL,
  `father_id` int(11) DEFAULT NULL,
  `inbreed_score` int(11) DEFAULT 0,
  `congenital_sick` tinyint(1) DEFAULT 0,
  `congenital_note` varchar(255) DEFAULT NULL,
  `has_inbreed_badge` tinyint(1) DEFAULT 0,
  `fed_kits_today` tinyint(1) DEFAULT 0,
  `hunger_strikes` int(11) DEFAULT 0,
  `is_alive` tinyint(1) DEFAULT 1,
  `last_caretaker_action` date DEFAULT NULL,
  `is_sick` tinyint(1) DEFAULT 0,
  `days_sick` int(11) DEFAULT 0,
  `last_rest_time` datetime DEFAULT NULL,
  `last_training_time` datetime DEFAULT NULL,
  `strength` int(11) DEFAULT 0,
  `agility` int(11) DEFAULT 0,
  `intellect` int(11) DEFAULT 0,
  `death_date` datetime DEFAULT NULL,
  `death_reason` varchar(255) DEFAULT NULL,
  `date_of_death` datetime DEFAULT NULL,
  `cause_of_death` varchar(255) DEFAULT NULL,
  `health_zero_since` date DEFAULT NULL,
  `is_reserve` int(11) NOT NULL DEFAULT 0,
  `battle_ready` tinyint(1) NOT NULL DEFAULT 0,
  `base_inv_id` int(11) DEFAULT NULL,
  `base_item_id` int(11) DEFAULT NULL,
  `pregnant_adult_image` varchar(255) DEFAULT NULL,
  `adult_image` varchar(255) DEFAULT NULL,
  `variant_label` varchar(64) DEFAULT NULL,
  `next_growth_at` datetime DEFAULT NULL COMMENT 'When this pet should take its next growth step (L1→L2 or L2→L3)',
  `reserve_can_fight` tinyint(1) NOT NULL DEFAULT 0,
  `inbreeding_score` tinyint(3) UNSIGNED NOT NULL DEFAULT 0,
  `inbred_flag` tinyint(1) NOT NULL DEFAULT 0,
  `inbreeding_history` text DEFAULT NULL
) ENGINE=InnoDB DEFAULT CHARSET=utf8mb4 COLLATE=utf8mb4_unicode_ci;

--
-- Dumping data for table `user_pets`
--

INSERT INTO `user_pets` (`id`, `user_id`, `pet_name`, `pet_image`, `adopted_at`, `background`, `accessory`, `mother`, `father`, `offspring`, `gender`, `exp`, `level`, `skill`, `boosts`, `description`, `type`, `price`, `background_url`, `toy1`, `toy2`, `toy3`, `deco`, `marking1`, `marking2`, `marking3`, `toy1_x`, `toy1_y`, `toy2_x`, `toy2_y`, `toy3_x`, `toy3_y`, `deco_x`, `deco_y`, `base`, `sparring_wins`, `marking4`, `marking5`, `sale`, `mate`, `mate_id`, `due_date`, `last_quest`, `appearance_effect`, `appearance_size`, `appearance_pattern`, `temp_species`, `appearance_fluff`, `has_wings`, `appearance_glow`, `appearance_elemental`, `status`, `colony_id`, `apprentice_role`, `mentor_user_id`, `last_cared_for`, `growth_blocked`, `colony_role`, `mood`, `health`, `energy`, `hunger`, `hunger_zero_since`, `thirst`, `thirst_zero_since`, `sickness`, `injury`, `is_pregnant`, `is_kit`, `kit_level`, `needs_care`, `mother_id`, `father_id`, `inbreed_score`, `congenital_sick`, `congenital_note`, `has_inbreed_badge`, `fed_kits_today`, `hunger_strikes`, `is_alive`, `last_caretaker_action`, `is_sick`, `days_sick`, `last_rest_time`, `last_training_time`, `strength`, `agility`, `intellect`, `death_date`, `death_reason`, `date_of_death`, `cause_of_death`, `health_zero_since`, `is_reserve`, `battle_ready`, `base_inv_id`, `base_item_id`, `pregnant_adult_image`, `adult_image`, `variant_label`, `next_growth_at`, `reserve_can_fight`, `inbreeding_score`, `inbred_flag`, `inbreeding_history`) VALUES
(1, 3, 'Rutherford', 'images/generated/pet_1_1765806846_7739.png', '2025-09-30 23:15:06', NULL, NULL, NULL, NULL, 2, 'Male', 90, 3, 0, 0, NULL, 'Feral Rabbit', NULL, NULL, NULL, NULL, NULL, NULL, NULL, NULL, NULL, NULL, NULL, NULL, NULL, NULL, NULL, NULL, NULL, '', 0, NULL, NULL, 'No', 'Queenie', 2, NULL, NULL, NULL, NULL, NULL, NULL, 0, 0, 0, NULL, 'loner', 10, NULL, NULL, NULL, 0, 'All', 89, 100, 87, 99, NULL, 99, NULL, NULL, NULL, 0, 0, 0, 0, NULL, NULL, 0, 0, NULL, 0, 0, 0, 1, NULL, 0, 0, '2025-10-13 10:46:24', '2025-12-13 22:23:21', 0, 1, 1, NULL, NULL, NULL, NULL, NULL, 0, 0, 417, 148, NULL, NULL, NULL, NULL, 0, 0, 0, NULL),
(2, 3, 'Queenie', 'images/generated/pet_2_1759881463_7292.png', '2025-09-30 23:15:24', NULL, NULL, NULL, NULL, 1, 'Female', 5, 3, 0, 0, NULL, 'Feral Rabbit', NULL, NULL, NULL, NULL, NULL, NULL, NULL, NULL, NULL, NULL, NULL, NULL, NULL, NULL, NULL, NULL, NULL, '', 0, NULL, NULL, 'No', 'Rutherford', 1, NULL, NULL, NULL, NULL, NULL, NULL, 0, 0, 0, NULL, 'loner', 10, NULL, NULL, NULL, 0, 'reserve', 89, 100, 87, 92, NULL, 92, NULL, NULL, NULL, 0, 0, 0, 0, NULL, NULL, 0, 0, NULL, 0, 0, 0, 1, NULL, 0, 0, NULL, '2025-12-13 22:23:21', 1, 0, 0, NULL, NULL, NULL, NULL, NULL, 1, 0, 6, 63, NULL, NULL, NULL, NULL, 0, 0, 0, NULL),
(3, 4, 'Butch', 'images/generated/pet_3_1759957426_8910.png', '2025-10-01 03:30:13', NULL, NULL, NULL, NULL, 1, 'Male', 70, 3, 0, 0, NULL, 'Wildling Rabbit', NULL, NULL, NULL, NULL, NULL, NULL, NULL, NULL, NULL, NULL, NULL, NULL, NULL, NULL, NULL, NULL, NULL, '', 0, NULL, NULL, 'No', 'Fawn', 4, NULL, NULL, NULL, NULL, NULL, NULL, 0, 0, 0, NULL, 'loner', 11, NULL, NULL, NULL, 0, 'All', 92, 100, 92, 94, NULL, 94, NULL, NULL, NULL, 0, 0, 0, 0, NULL, NULL, 0, 0, NULL, 0, 0, 0, 1, NULL, 0, 0, '2025-11-06 23:25:40', NULL, 0, 0, 0, NULL, NULL, NULL, NULL, NULL, 0, 0, 10, 60, NULL, NULL, NULL, NULL, 0, 0, 0, NULL),
(4, 4, 'Fawn', 'images/generated/pet_4_1759880677_5247.png', '2025-10-01 03:30:32', NULL, NULL, NULL, NULL, 1, 'Female', 0, 3, 0, 0, NULL, 'Wildling Rabbit', NULL, NULL, NULL, NULL, NULL, NULL, NULL, NULL, NULL, NULL, NULL, NULL, NULL, NULL, NULL, NULL, NULL, '', 0, NULL, NULL, 'No', 'Butch', 3, NULL, NULL, NULL, NULL, NULL, NULL, 0, 0, 0, NULL, 'loner', 11, NULL, NULL, NULL, 0, 'reserve', 92, 100, 92, 92, NULL, 92, NULL, NULL, NULL, 0, 0, 0, 0, NULL, NULL, 0, 0, NULL, 0, 0, 0, 1, NULL, 0, 0, NULL, NULL, 0, 0, 0, NULL, NULL, NULL, NULL, NULL, 1, 0, 11, 61, NULL, NULL, NULL, NULL, 0, 0, 0, NULL),
(5, 5, 'King Ghidorah', 'images/generated/pet_5_1759884892_5734.png', '2025-10-08 00:53:25', NULL, NULL, NULL, NULL, 1, 'Male', 0, 3, 0, 0, NULL, 'Wildling Rabbit', NULL, NULL, NULL, NULL, NULL, NULL, NULL, NULL, NULL, NULL, NULL, NULL, NULL, NULL, NULL, NULL, NULL, '', 0, NULL, NULL, 'No', 'None', 0, NULL, NULL, NULL, NULL, NULL, NULL, 0, 0, 0, NULL, 'loner', 12, NULL, NULL, NULL, 0, 'All', 92, 100, 78, 42, NULL, 2, NULL, NULL, NULL, 0, 0, 0, 0, NULL, NULL, 0, 0, NULL, 0, 0, 0, 1, NULL, 0, 0, NULL, NULL, 0, 0, 0, NULL, NULL, NULL, NULL, NULL, 0, 0, 15, 73, NULL, NULL, NULL, NULL, 0, 0, 0, NULL),
(6, 5, 'Mothra', 'images/generated/pet_6_1759885480_8156.png', '2025-10-08 00:53:39', NULL, NULL, NULL, NULL, 1, 'Female', 0, 3, 0, 0, NULL, 'Wildling Rabbit', NULL, NULL, NULL, NULL, NULL, NULL, NULL, NULL, NULL, NULL, NULL, NULL, NULL, NULL, NULL, NULL, NULL, '', 0, NULL, NULL, 'No', 'King Ghidorah', 5, NULL, NULL, NULL, NULL, NULL, NULL, 0, 0, 0, NULL, 'loner', 12, NULL, NULL, NULL, 0, 'healer', 92, 100, 92, 92, NULL, 92, NULL, NULL, NULL, 0, 0, 0, 0, NULL, NULL, 0, 0, NULL, 0, 0, 0, 1, NULL, 0, 0, NULL, NULL, 0, 0, 0, NULL, NULL, NULL, NULL, NULL, 1, 0, 20, 125, NULL, NULL, NULL, NULL, 0, 0, 0, NULL),
(7, 6, 'Spark', 'images/generated/pet_7_1759897340_7067.png', '2025-10-08 04:22:02', NULL, NULL, NULL, NULL, 14, 'Male', 560, 3, 0, 0, NULL, 'Rampant Rabbit', NULL, NULL, NULL, NULL, NULL, NULL, NULL, NULL, NULL, NULL, NULL, NULL, NULL, NULL, NULL, NULL, NULL, '', 0, NULL, NULL, 'No', 'None', 0, NULL, NULL, NULL, NULL, NULL, NULL, 0, 0, 0, NULL, 'loner', 13, NULL, NULL, NULL, 0, 'All', 100, 100, 98, 99, NULL, 99, NULL, NULL, NULL, 0, 0, 0, 0, NULL, NULL, 0, 0, NULL, 0, 0, 0, 1, NULL, 0, 0, '2025-12-16 03:56:55', '2025-12-15 13:37:46', 3, 8, 6, NULL, NULL, NULL, NULL, NULL, 0, 1, 21, 125, NULL, NULL, NULL, NULL, 0, 0, 0, NULL),
(8, 6, 'Rox', 'images/generated/pet_8_1759947140_9384.png', '2025-10-08 04:35:12', NULL, NULL, NULL, NULL, 6, 'Female', 95, 3, 0, 0, NULL, 'Wildling Rabbit', NULL, NULL, NULL, NULL, NULL, NULL, NULL, NULL, NULL, NULL, NULL, NULL, NULL, NULL, NULL, NULL, NULL, '', 0, NULL, NULL, 'No', 'Newborn#175', 226, NULL, NULL, NULL, NULL, NULL, NULL, 0, 0, 0, NULL, 'loner', 13, NULL, NULL, NULL, 0, 'reserve', 74, 100, 62, 100, NULL, 92, NULL, NULL, NULL, 0, 0, 0, 1, NULL, NULL, 0, 0, NULL, 0, 0, 0, 1, NULL, 0, 0, NULL, '2025-12-15 13:37:46', 8, 3, 8, NULL, NULL, NULL, NULL, NULL, 1, 0, 25, 60, NULL, NULL, NULL, NULL, 1, 0, 0, NULL),
(9, 7, 'Thunder', 'images/generated/pet_9_1759947984_6971.png', '2025-10-08 18:17:08', NULL, NULL, NULL, NULL, 0, 'Male', 5, 3, 0, 0, NULL, 'Rampant Rabbit', NULL, NULL, NULL, NULL, NULL, NULL, NULL, NULL, NULL, NULL, NULL, NULL, NULL, NULL, NULL, NULL, NULL, '', 0, NULL, NULL, 'No', 'None', 0, NULL, NULL, NULL, NULL, NULL, NULL, 0, 0, 0, NULL, 'loner', 14, NULL, NULL, NULL, 0, 'All', 92, 15, 42, 42, NULL, 2, NULL, NULL, NULL, 0, 0, 0, 0, NULL, NULL, 0, 0, NULL, 0, 0, 0, 1, NULL, 0, 0, NULL, '2025-10-08 13:33:08', 1, 0, 0, NULL, NULL, NULL, NULL, NULL, 0, 1, 41, 61, NULL, NULL, NULL, NULL, 0, 0, 0, NULL),
(10, 7, 'Maple', 'images/generated/pet_10_1759948012_9755.png', '2025-10-08 18:19:05', NULL, NULL, NULL, NULL, 2, 'Female', 5, 3, 0, 0, NULL, 'Wildling Rabbit', NULL, NULL, NULL, NULL, NULL, NULL, NULL, NULL, NULL, NULL, NULL, NULL, NULL, NULL, NULL, NULL, NULL, '', 0, NULL, NULL, 'No', 'Forest', 18, NULL, NULL, NULL, NULL, NULL, NULL, 0, 0, 0, NULL, 'loner', 14, NULL, NULL, NULL, 0, 'builder', 89, 28, 27, 92, NULL, 92, NULL, NULL, NULL, 0, 0, 0, 1, NULL, NULL, 0, 0, NULL, 0, 0, 0, 1, NULL, 0, 0, NULL, '2025-10-08 13:33:04', 1, 0, 0, NULL, NULL, NULL, NULL, NULL, 1, 0, 43, 125, NULL, NULL, NULL, NULL, 1, 0, 0, NULL),
(11, 3, 'Sheba', 'images/generated/pet_11_1760054681_2377.png', '2025-10-08 20:11:55', NULL, NULL, NULL, NULL, 2, 'Female', 5, 3, 0, 0, NULL, 'Wildling Rabbit', NULL, NULL, NULL, NULL, NULL, NULL, NULL, NULL, NULL, NULL, NULL, NULL, NULL, NULL, NULL, NULL, NULL, '', 0, NULL, NULL, 'No', 'Alpha', 15, NULL, NULL, NULL, NULL, NULL, NULL, 0, 0, 0, NULL, 'loner', 10, NULL, NULL, NULL, 0, 'healer', 89, 100, 87, 92, NULL, 92, NULL, NULL, NULL, 0, 0, 0, 0, NULL, NULL, 0, 0, NULL, 0, 0, 0, 1, NULL, 0, 0, NULL, '2025-12-13 22:23:21', 0, 1, 0, NULL, NULL, NULL, NULL, NULL, 1, 0, 121, 126, NULL, NULL, NULL, NULL, 0, 0, 0, NULL),
(12, 8, 'Rubis', 'images/levels/adultbasic/Feral_Rabbit.png', '2025-10-08 20:14:57', NULL, NULL, NULL, NULL, 2, 'Female', 10, 3, 0, 0, NULL, 'Feral Rabbit', NULL, NULL, NULL, NULL, NULL, NULL, NULL, NULL, NULL, NULL, NULL, NULL, NULL, NULL, NULL, NULL, NULL, '', 0, NULL, NULL, 'No', 'Emerald', 16, NULL, NULL, NULL, NULL, NULL, NULL, 0, 0, 0, NULL, 'loner', 15, NULL, NULL, NULL, 0, 'All', 92, 100, 42, 42, NULL, 2, NULL, NULL, NULL, 0, 0, 0, 0, NULL, NULL, 0, 0, NULL, 0, 0, 0, 1, NULL, 0, 0, NULL, '2025-10-10 10:59:29', 1, 0, 1, NULL, NULL, NULL, NULL, NULL, 0, 0, NULL, NULL, NULL, NULL, NULL, NULL, 0, 0, 0, NULL),
(13, 8, 'Opal', 'images/levels/adultbasic/Rampant_Rabbit.png', '2025-10-08 20:15:05', NULL, NULL, NULL, NULL, 0, 'Male', 65, 3, 0, 0, NULL, 'Rampant Rabbit', NULL, NULL, NULL, NULL, NULL, NULL, NULL, NULL, NULL, NULL, NULL, NULL, NULL, NULL, NULL, NULL, NULL, '', 0, NULL, NULL, 'No', 'None', 0, NULL, NULL, NULL, NULL, NULL, NULL, 0, 0, 0, NULL, 'loner', 15, NULL, NULL, NULL, 0, 'reserve', 92, 100, 42, 92, NULL, 92, NULL, NULL, NULL, 0, 0, 0, 0, NULL, NULL, 0, 0, NULL, 0, 0, 0, 1, NULL, 0, 0, '2025-10-13 01:27:27', '2025-10-10 10:59:21', 1, 1, 0, NULL, NULL, NULL, NULL, NULL, 1, 0, NULL, NULL, NULL, NULL, NULL, NULL, 0, 0, 0, NULL),
(14, 8, 'Crystal', 'images/levels/adultbasic/Wildling_Rabbit.png', '2025-10-08 20:17:54', NULL, NULL, NULL, NULL, 0, 'Male', 85, 3, 0, 0, NULL, 'Wildling Rabbit', NULL, NULL, NULL, NULL, NULL, NULL, NULL, NULL, NULL, NULL, NULL, NULL, NULL, NULL, NULL, NULL, NULL, '', 0, NULL, NULL, 'No', 'None', 0, NULL, NULL, NULL, NULL, NULL, NULL, 0, 0, 0, NULL, 'loner', 15, NULL, NULL, NULL, 0, 'reserve', 84, 100, 16, 92, NULL, 92, NULL, NULL, NULL, 0, 0, 0, 0, NULL, NULL, 0, 0, NULL, 0, 0, 0, 1, NULL, 0, 0, '2025-10-13 01:27:27', '2025-10-09 00:18:09', 0, 0, 0, NULL, NULL, NULL, NULL, NULL, 1, 0, NULL, NULL, NULL, NULL, NULL, NULL, 0, 0, 0, NULL),
(15, 3, 'Alpha', 'images/generated/pet_15_1759954838_6882.png', '2025-10-08 20:20:10', NULL, NULL, NULL, NULL, 2, 'Male', 85, 3, 0, 0, NULL, 'Wildling Rabbit', NULL, NULL, NULL, NULL, NULL, NULL, NULL, NULL, NULL, NULL, NULL, NULL, NULL, NULL, NULL, NULL, NULL, '', 0, NULL, NULL, 'No', 'None', 0, NULL, NULL, NULL, NULL, NULL, NULL, 0, 0, 0, NULL, 'loner', 10, NULL, NULL, NULL, 0, 'reserve', 86, 100, 82, 92, NULL, 92, NULL, NULL, NULL, 0, 0, 0, 0, NULL, NULL, 0, 0, NULL, 0, 0, 0, 1, NULL, 0, 0, '2025-10-14 22:28:58', '2025-12-13 22:23:21', 0, 0, 3, NULL, NULL, NULL, NULL, NULL, 1, 0, 4, 60, NULL, NULL, NULL, NULL, 0, 0, 0, NULL),
(16, 8, 'Emerald', 'images/generated/pet_16_1759956721_1072.png', '2025-10-08 20:45:24', NULL, NULL, NULL, NULL, 1, 'Male', 90, 3, 0, 0, NULL, 'Feral Rabbit', NULL, NULL, NULL, NULL, NULL, NULL, NULL, NULL, NULL, NULL, NULL, NULL, NULL, NULL, NULL, NULL, NULL, '', 0, NULL, NULL, 'No', 'None', 0, NULL, NULL, NULL, NULL, NULL, NULL, 0, 0, 0, NULL, 'loner', 15, NULL, NULL, NULL, 0, 'reserve', 92, 100, 20, 92, NULL, 92, NULL, NULL, NULL, 0, 0, 0, 0, NULL, NULL, 0, 0, NULL, 0, 0, 0, 1, NULL, 0, 0, '2025-10-13 01:27:27', '2025-10-10 10:59:17', 1, 1, 0, NULL, NULL, NULL, NULL, NULL, 1, 0, 50, 60, NULL, NULL, NULL, NULL, 0, 0, 0, NULL),
(17, 7, 'Gem', 'images/generated/pet_17_1759956442_6179.png', '2025-10-08 20:46:41', NULL, NULL, NULL, NULL, 0, 'Female', 5, 3, 0, 0, NULL, 'Rampant Rabbit', NULL, NULL, NULL, NULL, NULL, NULL, NULL, NULL, NULL, NULL, NULL, NULL, NULL, NULL, NULL, NULL, NULL, '', 0, NULL, NULL, 'No', 'None', 0, NULL, NULL, NULL, NULL, NULL, NULL, 0, 0, 0, NULL, 'loner', 14, NULL, NULL, NULL, 0, 'healer', 79, 24, 42, 42, NULL, 22, NULL, NULL, NULL, 0, 0, 0, 0, NULL, NULL, 0, 0, NULL, 0, 0, 0, 1, NULL, 0, 0, NULL, '2025-10-08 15:50:18', 0, 0, 1, NULL, NULL, NULL, NULL, NULL, 1, 0, 39, 73, NULL, NULL, NULL, NULL, 1, 0, 0, NULL),
(18, 7, 'Forest', 'images/generated/pet_18_1759956518_2995.png', '2025-10-08 20:48:06', NULL, NULL, NULL, NULL, 1, 'Male', 5, 3, 0, 0, NULL, 'Wildling Rabbit', NULL, NULL, NULL, NULL, NULL, NULL, NULL, NULL, NULL, NULL, NULL, NULL, NULL, NULL, NULL, NULL, NULL, '', 0, NULL, NULL, 'No', 'None', 0, NULL, NULL, NULL, NULL, NULL, NULL, 0, 0, 0, NULL, 'loner', 14, NULL, NULL, NULL, 0, 'healer', 87, 25, 72, 92, NULL, 92, NULL, NULL, NULL, 0, 0, 0, 0, NULL, NULL, 0, 0, NULL, 0, 0, 0, 1, NULL, 0, 0, NULL, '2025-10-08 15:50:14', 0, 0, 1, NULL, NULL, NULL, NULL, NULL, 1, 0, 37, 71, NULL, NULL, NULL, NULL, 1, 0, 0, NULL),
(19, 7, 'Leaf', 'images/generated/pet_19_1759956969_9085.png', '2025-10-08 20:55:09', NULL, NULL, NULL, NULL, 1, 'Male', 5, 3, 0, 0, NULL, 'Feral Rabbit', NULL, NULL, NULL, NULL, NULL, NULL, NULL, NULL, NULL, NULL, NULL, NULL, NULL, NULL, NULL, NULL, NULL, '', 0, NULL, NULL, 'No', 'None', 0, NULL, NULL, NULL, NULL, NULL, NULL, 0, 0, 0, NULL, 'loner', 14, NULL, NULL, NULL, 0, 'healer', 74, 23, 72, 92, NULL, 40, NULL, NULL, NULL, 0, 0, 0, 0, NULL, NULL, 0, 0, NULL, 0, 0, 0, 1, NULL, 0, 0, NULL, '2025-10-08 15:56:25', 0, 0, 1, NULL, NULL, NULL, NULL, NULL, 1, 0, 38, 72, NULL, NULL, NULL, NULL, 1, 0, 0, NULL),
(20, 7, 'Crystal', 'images/generated/pet_20_1759956957_1414.png', '2025-10-08 20:55:33', NULL, NULL, NULL, NULL, 2, 'Female', 5, 3, 0, 0, NULL, 'Feral Rabbit', NULL, NULL, NULL, NULL, NULL, NULL, NULL, NULL, NULL, NULL, NULL, NULL, NULL, NULL, NULL, NULL, NULL, '', 0, NULL, NULL, 'No', 'Leaf', 19, NULL, NULL, NULL, NULL, NULL, NULL, 0, 0, 0, NULL, 'loner', 14, NULL, NULL, NULL, 0, 'scout', 92, 21, 9, 95, NULL, 95, NULL, NULL, NULL, 0, 0, 0, 1, NULL, NULL, 0, 0, NULL, 0, 0, 0, 1, NULL, 0, 0, NULL, '2025-10-08 15:56:22', 0, 1, 0, NULL, NULL, NULL, NULL, NULL, 1, 0, 42, 63, NULL, NULL, NULL, NULL, 1, 0, 0, NULL),
(21, 4, 'Snowfire', 'images/generated/pet_21_1759957393_1393.png', '2025-10-08 21:00:58', NULL, NULL, NULL, NULL, 0, 'Male', 35, 3, 0, 0, NULL, 'Rampant Rabbit', NULL, NULL, NULL, NULL, NULL, NULL, NULL, NULL, NULL, NULL, NULL, NULL, NULL, NULL, NULL, NULL, NULL, '', 0, NULL, NULL, 'No', 'None', 0, NULL, NULL, NULL, NULL, NULL, NULL, 0, 0, 0, NULL, 'loner', 11, NULL, NULL, NULL, 0, 'reserve', 92, 100, 12, 92, NULL, 92, NULL, NULL, NULL, 0, 0, 0, 0, NULL, NULL, 0, 0, NULL, 0, 0, 0, 1, NULL, 0, 0, '2025-10-17 14:08:11', NULL, 0, 0, 0, NULL, NULL, NULL, NULL, NULL, 1, 0, 9, 73, NULL, NULL, NULL, NULL, 0, 0, 0, NULL),
(22, 7, 'Luna', 'images/levels/adultbasic/Rampant_Rabbit.png', '2025-10-08 21:13:33', NULL, NULL, NULL, NULL, 0, 'Female', 5, 3, 0, 0, NULL, 'Rampant Rabbit', NULL, NULL, NULL, NULL, NULL, NULL, NULL, NULL, NULL, NULL, NULL, NULL, NULL, NULL, NULL, NULL, NULL, '', 0, NULL, NULL, 'No', 'None', 0, NULL, NULL, NULL, NULL, NULL, NULL, 0, 0, 0, NULL, 'loner', 14, NULL, NULL, NULL, 0, 'scout', 82, 23, 52, 55, NULL, 22, NULL, NULL, NULL, 0, 0, 0, 0, NULL, NULL, 0, 0, NULL, 0, 0, 0, 1, NULL, 0, 0, NULL, '2025-10-08 16:26:40', 0, 1, 0, NULL, NULL, NULL, NULL, NULL, 1, 0, NULL, NULL, NULL, NULL, NULL, NULL, 1, 0, 0, NULL),
(23, 7, 'Shadow', 'images/levels/adultbasic/Rampant_Rabbit.png', '2025-10-08 21:20:51', NULL, NULL, NULL, NULL, 0, 'Female', 5, 3, 0, 0, NULL, 'Rampant Rabbit', NULL, NULL, NULL, NULL, NULL, NULL, NULL, NULL, NULL, NULL, NULL, NULL, NULL, NULL, NULL, NULL, NULL, '', 0, NULL, NULL, 'No', 'None', 0, NULL, NULL, NULL, NULL, NULL, NULL, 0, 0, 0, NULL, 'loner', 14, NULL, NULL, NULL, 0, 'healer', 40, 18, 42, 92, NULL, 76, NULL, NULL, NULL, 0, 0, 0, 0, NULL, NULL, 0, 0, NULL, 0, 0, 0, 1, NULL, 0, 0, NULL, '2025-10-08 16:26:36', 0, 0, 1, NULL, NULL, NULL, NULL, NULL, 1, 0, NULL, NULL, NULL, NULL, NULL, NULL, 1, 0, 0, NULL),
(24, 7, 'Shade', 'images/levels/adultbasic/Rampant_Rabbit.png', '2025-10-08 21:24:14', NULL, NULL, NULL, NULL, 0, 'Female', 5, 3, 0, 0, NULL, 'Rampant Rabbit', NULL, NULL, NULL, NULL, NULL, NULL, NULL, NULL, NULL, NULL, NULL, NULL, NULL, NULL, NULL, NULL, NULL, '', 0, NULL, NULL, 'No', 'None', 0, NULL, NULL, NULL, NULL, NULL, NULL, 0, 0, 0, NULL, 'loner', 14, NULL, NULL, NULL, 0, 'builder', 87, 21, 52, 92, NULL, 33, NULL, NULL, NULL, 0, 0, 0, 0, NULL, NULL, 0, 0, NULL, 0, 0, 0, 1, NULL, 0, 0, NULL, '2025-10-08 16:26:49', 1, 0, 0, NULL, NULL, NULL, NULL, NULL, 1, 0, NULL, NULL, NULL, NULL, NULL, NULL, 1, 0, 0, NULL),
(25, 7, 'Mist', 'images/levels/adultbasic/Rampant_Rabbit.png', '2025-10-08 21:25:24', NULL, NULL, NULL, NULL, 0, 'Female', 5, 3, 0, 0, NULL, 'Rampant Rabbit', NULL, NULL, NULL, NULL, NULL, NULL, NULL, NULL, NULL, NULL, NULL, NULL, NULL, NULL, NULL, NULL, NULL, '', 0, NULL, NULL, 'No', 'None', 0, NULL, NULL, NULL, NULL, NULL, NULL, 0, 0, 0, NULL, 'loner', 14, NULL, NULL, NULL, 0, 'healer', 78, 22, 62, 92, NULL, 21, NULL, NULL, NULL, 0, 0, 0, 0, NULL, NULL, 0, 0, NULL, 0, 0, 0, 1, NULL, 0, 0, NULL, '2025-10-08 16:26:44', 0, 0, 1, NULL, NULL, NULL, NULL, NULL, 1, 0, NULL, NULL, NULL, NULL, NULL, NULL, 1, 0, 0, NULL),
(26, 9, 'A', 'images/generated/pet_26_1759969382_1514.png', '2025-10-09 00:13:09', NULL, NULL, NULL, NULL, 0, 'Female', 5, 3, 0, 0, NULL, 'Feral Rabbit', NULL, NULL, NULL, NULL, NULL, NULL, NULL, NULL, NULL, NULL, NULL, NULL, NULL, NULL, NULL, NULL, NULL, '', 0, NULL, NULL, 'No', 'None', 0, NULL, NULL, NULL, NULL, NULL, NULL, 0, 0, 0, NULL, 'loner', 16, NULL, NULL, NULL, 0, 'All', 92, 85, 0, 38, NULL, 2, NULL, NULL, NULL, 0, 0, 0, 0, NULL, NULL, 0, 0, NULL, 0, 0, 0, 1, NULL, 0, 0, NULL, '2025-10-08 19:25:09', 0, 1, 0, NULL, NULL, NULL, NULL, NULL, 0, 0, 69, 61, NULL, NULL, NULL, NULL, 0, 0, 0, NULL),
(27, 9, '👁👁', 'images/levels/adultbasic/Feral_Rabbit.png', '2025-10-09 00:14:02', NULL, NULL, NULL, NULL, 0, 'Male', 5, 3, 0, 0, NULL, 'Feral Rabbit', NULL, NULL, NULL, NULL, NULL, NULL, NULL, NULL, NULL, NULL, NULL, NULL, NULL, NULL, NULL, NULL, NULL, '', 0, NULL, NULL, 'No', 'None', 0, NULL, NULL, NULL, NULL, NULL, NULL, 0, 0, 0, NULL, 'loner', 16, NULL, NULL, NULL, 0, 'scout', 89, 100, 87, 92, NULL, 92, NULL, NULL, NULL, 0, 0, 0, 0, NULL, NULL, 0, 0, NULL, 0, 0, 0, 1, NULL, 0, 0, NULL, '2025-10-08 19:25:38', 0, 0, 1, NULL, NULL, NULL, NULL, NULL, 1, 0, NULL, NULL, NULL, NULL, NULL, NULL, 0, 0, 0, NULL),
(28, 9, 'B', 'images/levels/adultbasic/Feral_Rabbit.png', '2025-10-09 00:14:46', NULL, NULL, NULL, NULL, 0, 'Male', 5, 3, 0, 0, NULL, 'Feral Rabbit', NULL, NULL, NULL, NULL, NULL, NULL, NULL, NULL, NULL, NULL, NULL, NULL, NULL, NULL, NULL, NULL, NULL, '', 0, NULL, NULL, 'No', 'None', 0, NULL, NULL, NULL, NULL, NULL, NULL, 0, 0, 0, NULL, 'loner', 16, NULL, NULL, NULL, 0, 'scout', 89, 100, 87, 92, NULL, 92, NULL, NULL, NULL, 0, 0, 0, 0, NULL, NULL, 0, 0, NULL, 0, 0, 0, 1, NULL, 0, 0, NULL, '2025-10-08 19:25:33', 0, 1, 0, NULL, NULL, NULL, NULL, NULL, 1, 0, NULL, NULL, NULL, NULL, NULL, NULL, 0, 0, 0, NULL),
(29, 9, 'aaaaaaaaaa', 'images/levels/adultbasic/Rampant_Rabbit.png', '2025-10-09 00:20:28', NULL, NULL, NULL, NULL, 0, 'Female', 5, 3, 0, 0, NULL, 'Rampant Rabbit', NULL, NULL, NULL, NULL, NULL, NULL, NULL, NULL, NULL, NULL, NULL, NULL, NULL, NULL, NULL, NULL, NULL, '', 0, NULL, NULL, 'No', 'None', 0, NULL, NULL, NULL, NULL, NULL, NULL, 0, 0, 0, NULL, 'loner', 16, NULL, NULL, NULL, 0, 'scout', 92, 100, 75, 85, NULL, 88, NULL, NULL, NULL, 0, 0, 0, 0, NULL, NULL, 0, 0, NULL, 0, 0, 0, 1, NULL, 0, 0, NULL, '2025-10-08 19:25:12', 0, 1, 0, NULL, NULL, NULL, NULL, NULL, 1, 0, NULL, NULL, NULL, NULL, NULL, NULL, 0, 0, 0, NULL),
(30, 9, 'aaaaaaaaaaaa', 'images/generated/pet_30_1759969405_5601.png', '2025-10-09 00:20:49', NULL, NULL, NULL, NULL, 0, 'Male', 5, 3, 0, 0, NULL, 'Wildling Rabbit', NULL, NULL, NULL, NULL, NULL, NULL, NULL, NULL, NULL, NULL, NULL, NULL, NULL, NULL, NULL, NULL, NULL, '', 0, NULL, NULL, 'No', 'None', 0, NULL, NULL, NULL, NULL, NULL, NULL, 0, 0, 0, NULL, 'loner', 16, NULL, NULL, NULL, 0, 'scout', 89, 100, 87, 92, NULL, 92, NULL, NULL, NULL, 0, 0, 0, 0, NULL, NULL, 0, 0, NULL, 0, 0, 0, 1, NULL, 0, 0, NULL, '2025-10-08 19:25:31', 0, 0, 1, NULL, NULL, NULL, NULL, NULL, 1, 0, 67, 73, NULL, NULL, NULL, NULL, 0, 0, 0, NULL),
(31, 9, 'bbb', 'images/levels/adultbasic/Wildling_Rabbit.png', '2025-10-09 00:21:20', NULL, NULL, NULL, NULL, 0, 'Female', 5, 3, 0, 0, NULL, 'Wildling Rabbit', NULL, NULL, NULL, NULL, NULL, NULL, NULL, NULL, NULL, NULL, NULL, NULL, NULL, NULL, NULL, NULL, NULL, '', 0, NULL, NULL, 'No', 'None', 0, NULL, NULL, NULL, NULL, NULL, NULL, 0, 0, 0, NULL, 'loner', 16, NULL, NULL, NULL, 0, 'healer', 91, 41, 92, 92, NULL, 92, NULL, 'Low Health', NULL, 0, 0, 0, 0, NULL, NULL, 0, 0, NULL, 0, 0, 0, 1, NULL, 1, 0, NULL, '2025-10-08 19:25:34', 0, 0, 1, NULL, NULL, NULL, NULL, NULL, 1, 0, NULL, NULL, NULL, NULL, NULL, NULL, 1, 0, 0, NULL),
(32, 9, 'bbbb', 'images/levels/adultbasic/Wildling_Rabbit.png', '2025-10-09 00:21:44', NULL, NULL, NULL, NULL, 0, 'Female', 5, 3, 0, 0, NULL, 'Wildling Rabbit', NULL, NULL, NULL, NULL, NULL, NULL, NULL, NULL, NULL, NULL, NULL, NULL, NULL, NULL, NULL, NULL, NULL, '', 0, NULL, NULL, 'No', 'None', 0, NULL, NULL, NULL, NULL, NULL, NULL, 0, 0, 0, NULL, 'loner', 16, NULL, NULL, NULL, 0, 'scout', 89, 100, 87, 92, NULL, 92, NULL, NULL, NULL, 0, 0, 0, 0, NULL, NULL, 0, 0, NULL, 0, 0, 0, 1, NULL, 0, 0, NULL, '2025-10-08 19:25:36', 0, 1, 0, NULL, NULL, NULL, NULL, NULL, 1, 0, NULL, NULL, NULL, NULL, NULL, NULL, 0, 0, 0, NULL),
(33, 10, 'River Whisper', 'images/generated/pet_33_1759986996_9810.png', '2025-10-09 05:09:02', NULL, NULL, NULL, NULL, 2, 'Male', 197, 3, 0, 0, NULL, 'Rampant Rabbit', NULL, NULL, NULL, NULL, NULL, NULL, NULL, NULL, NULL, NULL, NULL, NULL, NULL, NULL, NULL, NULL, NULL, '', 0, NULL, NULL, 'No', 'None', 0, NULL, NULL, NULL, NULL, NULL, NULL, 0, 0, 0, NULL, 'loner', 17, NULL, NULL, NULL, 0, 'All', 92, 87, 32, 42, NULL, 2, NULL, NULL, NULL, 0, 0, 0, 0, NULL, NULL, 0, 0, NULL, 0, 0, 0, 1, NULL, 0, 0, '2025-11-03 21:24:40', '2025-10-19 21:16:48', 0, 0, 1, NULL, NULL, NULL, NULL, NULL, 0, 0, 79, 61, NULL, NULL, NULL, NULL, 0, 0, 0, NULL),
(34, 10, 'Aurora Skies', 'images/generated/pet_34_1759986949_8350.png', '2025-10-09 05:11:08', NULL, NULL, NULL, NULL, 3, 'Female', 20, 3, 0, 0, NULL, 'Rampant Rabbit', NULL, NULL, NULL, NULL, NULL, NULL, NULL, NULL, NULL, NULL, NULL, NULL, NULL, NULL, NULL, NULL, NULL, '', 0, NULL, NULL, 'No', 'River Whisper', 33, NULL, NULL, NULL, NULL, NULL, NULL, 0, 0, 0, NULL, 'loner', 17, NULL, NULL, NULL, 0, 'healer', 80, 100, 72, 92, NULL, 92, NULL, NULL, NULL, 0, 0, 0, 1, NULL, NULL, 0, 0, NULL, 0, 0, 0, 1, NULL, 0, 0, NULL, '2025-10-29 06:20:02', 1, 1, 2, NULL, NULL, NULL, NULL, NULL, 1, 0, 71, 125, NULL, NULL, NULL, NULL, 0, 0, 0, NULL),
(35, 6, 'Fall', 'images/levels/adultbasic/Rampant_Rabbit.png', '2025-10-09 05:47:41', NULL, NULL, NULL, NULL, 8, 'Female', 170, 3, 0, 0, NULL, 'Rampant Rabbit', NULL, NULL, NULL, NULL, NULL, NULL, NULL, NULL, NULL, NULL, NULL, NULL, NULL, NULL, NULL, NULL, NULL, '', 0, NULL, NULL, 'No', 'Newborn#219', 347, NULL, NULL, NULL, NULL, NULL, NULL, 0, 0, 0, NULL, 'loner', 13, NULL, NULL, NULL, 0, 'reserve', 74, 100, 62, 98, NULL, 98, NULL, NULL, NULL, 0, 0, 0, 1, NULL, NULL, 0, 0, NULL, 0, 0, 0, 1, NULL, 0, 0, '2025-11-01 15:17:49', '2025-12-15 13:37:46', 7, 9, 3, NULL, NULL, NULL, NULL, NULL, 1, 0, NULL, NULL, NULL, NULL, NULL, NULL, 0, 0, 0, NULL),
(36, 6, 'Feek', 'images/generated/pet_36_1759988905_1418.png', '2025-10-09 05:48:10', NULL, NULL, NULL, NULL, 10, 'Female', 195, 3, 0, 0, NULL, 'Rampant Rabbit', NULL, NULL, NULL, NULL, NULL, NULL, NULL, NULL, NULL, NULL, NULL, NULL, NULL, NULL, NULL, NULL, NULL, '', 0, NULL, NULL, 'No', 'Newborn#355', 325, NULL, NULL, NULL, NULL, NULL, NULL, 0, 0, 0, NULL, 'loner', 13, NULL, NULL, NULL, 0, 'reserve', 83, 100, 59, 92, NULL, 92, NULL, NULL, NULL, 0, 0, 0, 1, NULL, NULL, 0, 0, NULL, 0, 0, 0, 1, NULL, 0, 0, '2025-12-06 12:56:05', '2025-12-15 13:37:46', 5, 6, 5, NULL, NULL, NULL, NULL, NULL, 1, 0, 26, 61, NULL, NULL, NULL, NULL, 1, 0, 0, NULL),
(37, 6, 'Ramps', 'images/generated/pet_37_1759988952_5557.png', '2025-10-09 05:48:45', NULL, NULL, NULL, NULL, 7, 'Female', 95, 3, 0, 0, NULL, 'Rampant Rabbit', NULL, NULL, NULL, NULL, NULL, NULL, NULL, NULL, NULL, NULL, NULL, NULL, NULL, NULL, NULL, NULL, NULL, '', 0, NULL, NULL, 'No', 'Spark', 7, NULL, NULL, NULL, NULL, NULL, NULL, 0, 0, 0, NULL, 'loner', 13, NULL, NULL, NULL, 0, 'builder', 74, 100, 62, 92, NULL, 98, NULL, NULL, NULL, 0, 0, 0, 1, NULL, NULL, 0, 0, NULL, 0, 0, 0, 1, NULL, 0, 0, NULL, '2025-12-15 13:37:46', 8, 1, 10, NULL, NULL, NULL, NULL, NULL, 1, 0, 23, 72, NULL, NULL, NULL, NULL, 0, 0, 0, NULL),
(38, 6, 'Battle', 'images/levels/adultbasic/Wildling_Rabbit.png', '2025-10-09 05:54:37', NULL, NULL, NULL, NULL, 0, 'Male', 260, 3, 0, 0, NULL, 'Wildling Rabbit', NULL, NULL, NULL, NULL, NULL, NULL, NULL, NULL, NULL, NULL, NULL, NULL, NULL, NULL, NULL, NULL, NULL, '', 0, NULL, NULL, 'No', 'None', 0, NULL, NULL, NULL, NULL, NULL, NULL, 0, 0, 0, NULL, 'loner', 13, NULL, NULL, NULL, 0, 'reserve', 85, 100, 29, 98, NULL, 67, NULL, NULL, NULL, 0, 0, 0, 0, NULL, NULL, 0, 0, NULL, 0, 0, 0, 1, NULL, 0, 0, '2025-12-06 12:56:05', '2025-12-15 13:37:46', 3, 5, 3, NULL, NULL, NULL, NULL, NULL, 1, 0, NULL, NULL, NULL, NULL, NULL, NULL, 1, 0, 0, NULL),
(39, 6, 'Battles', 'images/levels/adultbasic/Wildling_Rabbit.png', '2025-10-09 05:56:05', NULL, NULL, NULL, NULL, 2, 'Male', 270, 3, 0, 0, NULL, 'Wildling Rabbit', NULL, NULL, NULL, NULL, NULL, NULL, NULL, NULL, NULL, NULL, NULL, NULL, NULL, NULL, NULL, NULL, NULL, '', 0, NULL, NULL, 'No', 'None', 0, NULL, NULL, NULL, NULL, NULL, NULL, 0, 0, 0, NULL, 'loner', 13, NULL, NULL, NULL, 0, 'reserve', 85, 100, 29, 98, NULL, 73, NULL, NULL, NULL, 0, 0, 0, 0, NULL, NULL, 0, 0, NULL, 0, 0, 0, 1, NULL, 0, 0, '2025-12-06 12:56:05', '2025-12-15 13:37:46', 6, 1, 4, NULL, NULL, NULL, NULL, NULL, 1, 0, NULL, NULL, NULL, NULL, NULL, NULL, 1, 0, 0, NULL),
(40, 6, 'Feral', 'images/generated/pet_40_1761170485_4194.png', '2025-10-09 05:57:50', NULL, NULL, NULL, NULL, 4, 'Male', 215, 3, 0, 0, NULL, 'Feral Rabbit', NULL, NULL, NULL, NULL, NULL, NULL, NULL, NULL, NULL, NULL, NULL, NULL, NULL, NULL, NULL, NULL, NULL, '', 0, NULL, NULL, 'No', 'None', 0, NULL, NULL, NULL, NULL, NULL, NULL, 0, 0, 0, NULL, 'loner', 13, NULL, NULL, NULL, 0, 'reserve', 85, 100, 19, 67, NULL, 98, NULL, NULL, NULL, 0, 0, 0, 0, NULL, NULL, 0, 0, NULL, 0, 0, 0, 1, NULL, 0, 0, '2025-12-06 12:56:05', '2025-12-15 13:37:46', 2, 5, 4, NULL, NULL, NULL, NULL, NULL, 1, 0, 126, 126, NULL, NULL, NULL, NULL, 1, 0, 0, NULL),
(41, 6, 'Fers', 'images/generated/pet_41_1761170471_7905.png', '2025-10-09 05:57:57', NULL, NULL, NULL, NULL, 6, 'Female', 95, 3, 0, 0, NULL, 'Feral Rabbit', NULL, NULL, NULL, NULL, NULL, NULL, NULL, NULL, NULL, NULL, NULL, NULL, NULL, NULL, NULL, NULL, NULL, '', 0, NULL, NULL, 'No', 'Newborn#250', 353, NULL, NULL, NULL, NULL, NULL, NULL, 0, 0, 0, NULL, 'loner', 13, NULL, NULL, NULL, 0, 'reserve', 74, 100, 62, 92, NULL, 92, NULL, NULL, NULL, 0, 0, 0, 1, NULL, NULL, 0, 0, NULL, 0, 0, 0, 1, NULL, 0, 0, NULL, '2025-12-15 13:37:46', 7, 5, 7, NULL, NULL, NULL, NULL, NULL, 1, 0, 127, 127, NULL, NULL, NULL, NULL, 1, 0, 0, NULL),
(42, 6, 'Base', 'images/levels/adultbasic/Wildling_Rabbit.png', '2025-10-09 05:58:05', NULL, NULL, NULL, NULL, 7, 'Female', 115, 3, 0, 0, NULL, 'Wildling Rabbit', NULL, NULL, NULL, NULL, NULL, NULL, NULL, NULL, NULL, NULL, NULL, NULL, NULL, NULL, NULL, NULL, NULL, '', 0, NULL, NULL, 'No', 'Newborn#988', 358, NULL, NULL, NULL, NULL, NULL, NULL, 0, 0, 0, NULL, 'loner', 13, NULL, NULL, NULL, 0, 'healer', 95, 100, 93, 92, NULL, 92, NULL, NULL, NULL, 0, 0, 0, 1, NULL, NULL, 0, 0, NULL, 0, 0, 0, 1, NULL, 0, 0, '2025-12-14 23:11:09', '2025-12-15 13:37:46', 10, 4, 5, NULL, NULL, NULL, NULL, NULL, 1, 0, NULL, NULL, NULL, NULL, NULL, NULL, 1, 0, 0, NULL),
(43, 6, 'Feras', 'images/generated/pet_43_1761170457_4520.png', '2025-10-09 06:37:23', NULL, NULL, NULL, NULL, 1, 'Male', 255, 3, 0, 0, NULL, 'Feral Rabbit', NULL, NULL, NULL, NULL, NULL, NULL, NULL, NULL, NULL, NULL, NULL, NULL, NULL, NULL, NULL, NULL, NULL, '', 0, NULL, NULL, 'No', 'None', 0, NULL, NULL, NULL, NULL, NULL, NULL, 0, 0, 0, NULL, 'loner', 13, NULL, NULL, NULL, 0, 'scout', 85, 100, 40, 98, NULL, 98, NULL, NULL, NULL, 0, 0, 0, 0, NULL, NULL, 0, 0, NULL, 0, 0, 0, 1, NULL, 0, 0, '2025-12-06 12:56:05', '2025-12-15 13:37:46', 2, 6, 5, NULL, NULL, NULL, NULL, NULL, 1, 0, 24, 73, NULL, NULL, NULL, NULL, 1, 0, 0, NULL),
(44, 6, 'Base', 'images/levels/adultbasic/Feral_Rabbit.png', '2025-10-09 06:37:29', NULL, NULL, NULL, NULL, 2, 'Male', 195, 3, 0, 0, NULL, 'Feral Rabbit', NULL, NULL, NULL, NULL, NULL, NULL, NULL, NULL, NULL, NULL, NULL, NULL, NULL, NULL, NULL, NULL, NULL, '', 0, NULL, NULL, 'No', 'None', 0, NULL, NULL, NULL, NULL, NULL, NULL, 0, 0, 0, NULL, 'loner', 13, NULL, NULL, NULL, 0, 'builder', 95, 100, 39, 96, NULL, 100, NULL, NULL, NULL, 0, 0, 0, 0, NULL, NULL, 0, 0, NULL, 0, 0, 0, 1, NULL, 0, 0, '2025-12-14 14:12:12', '2025-12-15 13:37:46', 2, 4, 5, NULL, NULL, NULL, NULL, NULL, 1, 0, NULL, NULL, NULL, NULL, NULL, NULL, 1, 0, 0, NULL),
(45, 6, 'Pizzazz', 'images/levels/adultbasic/Feral_Rabbit.png', '2025-10-09 06:37:37', NULL, NULL, NULL, NULL, 8, 'Female', 105, 3, 0, 0, NULL, 'Feral Rabbit', NULL, NULL, NULL, NULL, NULL, NULL, NULL, NULL, NULL, NULL, NULL, NULL, NULL, NULL, NULL, NULL, NULL, '', 0, NULL, NULL, 'No', 'Feral', 40, NULL, NULL, NULL, NULL, NULL, NULL, 0, 0, 0, NULL, 'loner', 13, NULL, NULL, NULL, 0, 'reserve', 80, 100, 0, 92, NULL, 92, NULL, NULL, NULL, 0, 0, 0, 1, NULL, NULL, 0, 0, NULL, 0, 0, 0, 1, NULL, 0, 0, '2025-10-10 00:09:53', '2025-12-14 13:10:26', 6, 7, 4, NULL, NULL, NULL, NULL, NULL, 1, 0, NULL, NULL, NULL, NULL, NULL, NULL, 0, 0, 0, NULL),
(46, 11, 'Snowy', 'images/levels/adultbasic/Rampant_Rabbit.png', '2025-10-09 07:09:12', NULL, NULL, NULL, NULL, 4, 'Female', 265, 3, 0, 0, NULL, 'Rampant Rabbit', NULL, NULL, NULL, NULL, NULL, NULL, NULL, NULL, NULL, NULL, NULL, NULL, NULL, NULL, NULL, NULL, NULL, '', 0, NULL, NULL, 'No', 'Snow', 50, NULL, NULL, NULL, NULL, NULL, NULL, 0, 0, 0, NULL, 'loner', 18, NULL, NULL, NULL, 0, 'All', 100, 27, 80, 42, NULL, 99, NULL, NULL, NULL, 0, 0, 0, 1, NULL, NULL, 0, 0, NULL, 0, 0, 0, 1, NULL, 0, 0, '2025-12-16 01:06:17', '2025-11-05 03:23:41', 2, 1, 2, NULL, NULL, NULL, NULL, NULL, 0, 1, NULL, NULL, NULL, NULL, NULL, NULL, 0, 0, 0, NULL),
(47, 6, '1', 'images/generated/pet_47_1759997420_8860.png', '2025-10-09 08:09:53', NULL, NULL, NULL, NULL, 14, 'Male', 520, 3, 0, 0, NULL, 'Wildling Rabbit', NULL, NULL, NULL, NULL, NULL, NULL, NULL, NULL, NULL, NULL, NULL, NULL, NULL, NULL, NULL, NULL, NULL, '', 0, NULL, NULL, 'No', 'None', 0, NULL, NULL, NULL, NULL, NULL, NULL, 0, 0, 0, NULL, 'loner', 13, NULL, NULL, NULL, 0, 'builder', 85, 100, 39, 92, NULL, 98, NULL, NULL, NULL, 0, 0, 0, 0, NULL, NULL, 0, 0, NULL, 0, 0, 0, 1, NULL, 0, 0, '2025-12-06 12:56:05', '2025-12-15 13:37:46', 6, 5, 5, NULL, NULL, NULL, NULL, NULL, 1, 0, 81, 72, NULL, NULL, NULL, NULL, 1, 0, 0, NULL),
(48, 6, '2', 'images/generated/pet_48_1759997433_4168.png', '2025-10-09 08:09:59', NULL, NULL, NULL, NULL, 9, 'Female', 150, 3, 0, 0, NULL, 'Wildling Rabbit', NULL, NULL, NULL, NULL, NULL, NULL, NULL, NULL, NULL, NULL, NULL, NULL, NULL, NULL, NULL, NULL, NULL, '', 0, NULL, NULL, 'No', '1', 47, NULL, NULL, NULL, NULL, NULL, NULL, 0, 0, 0, NULL, 'loner', 13, NULL, NULL, NULL, 0, 'builder', 95, 100, 92, 92, NULL, 92, NULL, NULL, NULL, 0, 0, 0, 1, NULL, NULL, 0, 0, NULL, 0, 0, 0, 1, NULL, 0, 0, '2025-12-14 23:11:09', '2025-12-15 13:37:46', 7, 4, 7, NULL, NULL, NULL, NULL, NULL, 1, 0, 27, 63, NULL, NULL, NULL, NULL, 1, 0, 0, NULL),
(49, 12, 'Solar eclipse', 'images/levels/adultbasic/Rampant_Rabbit.png', '2025-10-09 09:16:48', NULL, NULL, NULL, NULL, 2, 'Male', 105, 3, 0, 0, NULL, 'Rampant Rabbit', NULL, NULL, NULL, NULL, NULL, NULL, NULL, NULL, NULL, NULL, NULL, NULL, NULL, NULL, NULL, NULL, NULL, '', 0, NULL, NULL, 'No', 'None', 0, NULL, NULL, NULL, NULL, NULL, NULL, 0, 0, 0, NULL, 'loner', 19, NULL, NULL, NULL, 0, 'All', 92, 100, 57, 42, NULL, 2, NULL, NULL, NULL, 0, 0, 0, 0, NULL, NULL, 0, 0, NULL, 0, 0, 0, 1, NULL, 0, 0, '2025-10-13 23:34:29', '2025-10-13 22:35:25', 1, 1, 0, NULL, NULL, NULL, NULL, NULL, 0, 0, NULL, NULL, NULL, NULL, NULL, NULL, 0, 0, 0, NULL),
(50, 11, 'Snow', 'images/levels/adultbasic/Rampant_Rabbit.png', '2025-10-09 09:23:38', NULL, NULL, NULL, NULL, 4, 'Male', 195, 3, 0, 0, NULL, 'Rampant Rabbit', NULL, NULL, NULL, NULL, NULL, NULL, NULL, NULL, NULL, NULL, NULL, NULL, NULL, NULL, NULL, NULL, NULL, '', 0, NULL, NULL, 'No', 'None', 0, NULL, NULL, NULL, NULL, NULL, NULL, 0, 0, 0, NULL, 'loner', 18, NULL, NULL, NULL, 0, 'builder', 92, 24, 32, 92, NULL, 92, NULL, NULL, NULL, 0, 0, 0, 0, NULL, NULL, 0, 0, NULL, 0, 0, 0, 1, NULL, 0, 0, '2025-11-01 06:38:53', '2025-10-19 09:21:30', 2, 2, 2, NULL, NULL, NULL, NULL, NULL, 1, 0, NULL, NULL, NULL, NULL, NULL, NULL, 1, 0, 0, NULL),
(51, 12, 'Ocean', 'images/levels/adultbasic/Rampant_Rabbit.png', '2025-10-09 10:16:44', NULL, NULL, NULL, NULL, 2, 'Female', 90, 3, 0, 0, NULL, 'Rampant Rabbit', NULL, NULL, NULL, NULL, NULL, NULL, NULL, NULL, NULL, NULL, NULL, NULL, NULL, NULL, NULL, NULL, NULL, '', 0, NULL, NULL, 'No', 'Solar eclipse', 49, NULL, NULL, NULL, NULL, NULL, NULL, 0, 0, 0, NULL, 'loner', 19, NULL, NULL, NULL, 0, 'healer', 74, 100, 0, 92, NULL, 43, NULL, NULL, NULL, 0, 0, 0, 0, NULL, NULL, 0, 0, NULL, 0, 0, 0, 1, NULL, 0, 0, '2025-10-11 20:14:29', '2025-10-13 22:35:21', 0, 2, 0, NULL, NULL, NULL, NULL, NULL, 1, 0, NULL, NULL, NULL, NULL, NULL, NULL, 0, 0, 0, NULL),
(52, 11, 'Snows', 'images/levels/adultbasic/Rampant_Rabbit.png', '2025-10-09 10:25:35', NULL, NULL, NULL, NULL, 4, 'Female', 30, 3, 0, 0, NULL, 'Rampant Rabbit', NULL, NULL, NULL, NULL, NULL, NULL, NULL, NULL, NULL, NULL, NULL, NULL, NULL, NULL, NULL, NULL, NULL, '', 0, NULL, NULL, 'No', 'Snow', 50, NULL, NULL, NULL, NULL, NULL, NULL, 0, 0, 0, NULL, 'loner', 18, NULL, NULL, NULL, 0, 'healer', 86, 27, 22, 92, NULL, 92, NULL, NULL, NULL, 0, 0, 0, 1, NULL, NULL, 0, 0, NULL, 0, 0, 0, 1, NULL, 0, 0, NULL, '2025-10-31 19:44:17', 4, 1, 1, NULL, NULL, NULL, NULL, NULL, 1, 0, NULL, NULL, NULL, NULL, NULL, NULL, 1, 0, 0, NULL),
(53, 11, 'Rain Snow', 'images/levels/adultbasic/Rampant_Rabbit.png', '2025-10-09 10:31:37', NULL, NULL, NULL, NULL, 3, 'Male', 115, 3, 0, 0, NULL, 'Rampant Rabbit', NULL, NULL, NULL, NULL, NULL, NULL, NULL, NULL, NULL, NULL, NULL, NULL, NULL, NULL, NULL, NULL, NULL, '', 0, NULL, NULL, 'No', 'None', 0, NULL, NULL, NULL, NULL, NULL, NULL, 0, 0, 0, NULL, 'loner', 18, NULL, NULL, NULL, 0, 'healer', 89, 22, 17, 92, NULL, 92, NULL, NULL, NULL, 0, 0, 0, 0, NULL, NULL, 0, 0, NULL, 0, 0, 0, 1, NULL, 0, 0, '2025-10-31 20:28:29', '2025-10-31 19:49:45', 2, 0, 3, NULL, NULL, NULL, NULL, NULL, 1, 0, NULL, NULL, NULL, NULL, NULL, NULL, 1, 0, 0, NULL),
(54, 13, 'Seashell', 'images/levels/adultbasic/Rampant_Rabbit.png', '2025-10-09 21:45:55', NULL, NULL, NULL, NULL, 1, 'Male', 80, 3, 0, 0, NULL, 'Rampant Rabbit', NULL, NULL, NULL, NULL, NULL, NULL, NULL, NULL, NULL, NULL, NULL, NULL, NULL, NULL, NULL, NULL, NULL, '', 0, NULL, NULL, 'No', 'None', 0, NULL, NULL, NULL, NULL, NULL, NULL, 0, 0, 0, NULL, 'loner', 20, NULL, NULL, NULL, 0, 'All', 92, 100, 72, 42, NULL, 2, NULL, NULL, NULL, 0, 0, 0, 0, NULL, NULL, 0, 0, NULL, 0, 0, 0, 1, NULL, 0, 0, '2025-10-13 14:33:56', NULL, 0, 0, 0, NULL, NULL, NULL, NULL, NULL, 0, 0, NULL, NULL, NULL, NULL, NULL, NULL, 0, 0, 0, NULL),
(55, 13, 'Swan', 'images/levels/adultbasic/Rampant_Rabbit.png', '2025-10-09 21:46:30', NULL, NULL, NULL, NULL, 2, 'Female', 0, 3, 0, 0, NULL, 'Rampant Rabbit', NULL, NULL, NULL, NULL, NULL, NULL, NULL, NULL, NULL, NULL, NULL, NULL, NULL, NULL, NULL, NULL, NULL, '', 0, NULL, NULL, 'No', 'Seashell', 54, NULL, NULL, NULL, NULL, NULL, NULL, 0, 0, 0, NULL, 'loner', 20, NULL, NULL, NULL, 0, 'healer', 92, 100, 92, 92, NULL, 92, NULL, NULL, NULL, 0, 0, 0, 0, NULL, NULL, 0, 0, NULL, 0, 0, 0, 1, NULL, 0, 0, NULL, NULL, 0, 0, 0, NULL, NULL, NULL, NULL, NULL, 1, 0, NULL, NULL, NULL, NULL, NULL, NULL, 0, 0, 0, NULL),
(56, 13, 'Mushroom', 'images/levels/adultbasic/Wildling_Rabbit.png', '2025-10-09 21:46:54', NULL, NULL, NULL, NULL, 1, 'Male', 80, 3, 0, 0, NULL, 'Wildling Rabbit', NULL, NULL, NULL, NULL, NULL, NULL, NULL, NULL, NULL, NULL, NULL, NULL, NULL, NULL, NULL, NULL, NULL, '', 0, NULL, NULL, 'No', 'None', 0, NULL, NULL, NULL, NULL, NULL, NULL, 0, 0, 0, NULL, 'loner', 20, NULL, NULL, NULL, 0, 'scout', 92, 100, 66, 73, NULL, 70, NULL, NULL, NULL, 0, 0, 0, 0, NULL, NULL, 0, 0, NULL, 0, 0, 0, 1, NULL, 0, 0, '2025-10-12 08:33:23', NULL, 0, 0, 0, NULL, NULL, NULL, NULL, NULL, 1, 0, NULL, NULL, NULL, NULL, NULL, NULL, 0, 0, 0, NULL),
(57, 13, 'Moss', 'images/levels/adultbasic/Wildling_Rabbit.png', '2025-10-09 21:47:23', NULL, NULL, NULL, NULL, 2, 'Female', 0, 3, 0, 0, NULL, 'Wildling Rabbit', NULL, NULL, NULL, NULL, NULL, NULL, NULL, NULL, NULL, NULL, NULL, NULL, NULL, NULL, NULL, NULL, NULL, '', 0, NULL, NULL, 'No', 'Mushroom', 56, NULL, NULL, NULL, NULL, NULL, NULL, 0, 0, 0, NULL, 'loner', 20, NULL, NULL, NULL, 0, 'scout', 92, 100, 92, 92, NULL, 92, NULL, NULL, NULL, 0, 0, 0, 0, NULL, NULL, 0, 0, NULL, 0, 0, 0, 1, NULL, 0, 0, NULL, NULL, 0, 0, 0, NULL, NULL, NULL, NULL, NULL, 1, 0, NULL, NULL, NULL, NULL, NULL, NULL, 0, 0, 0, NULL),
(58, 13, 'Sun', 'images/levels/adultbasic/Feral_Rabbit.png', '2025-10-09 21:47:49', NULL, NULL, NULL, NULL, 1, 'Male', 95, 3, 0, 0, NULL, 'Feral Rabbit', NULL, NULL, NULL, NULL, NULL, NULL, NULL, NULL, NULL, NULL, NULL, NULL, NULL, NULL, NULL, NULL, NULL, '', 0, NULL, NULL, 'No', 'None', 0, NULL, NULL, NULL, NULL, NULL, NULL, 0, 0, 0, NULL, 'loner', 20, NULL, NULL, NULL, 0, 'scout', 92, 100, 12, 37, NULL, 37, NULL, NULL, NULL, 0, 0, 0, 0, NULL, NULL, 0, 0, NULL, 0, 0, 0, 1, NULL, 0, 0, '2025-10-12 08:33:24', NULL, 0, 0, 0, NULL, NULL, NULL, NULL, NULL, 1, 0, NULL, NULL, NULL, NULL, NULL, NULL, 0, 0, 0, NULL),
(59, 13, 'Cone', 'images/levels/adultbasic/Feral_Rabbit.png', '2025-10-09 21:49:03', NULL, NULL, NULL, NULL, 1, 'Female', 0, 3, 0, 0, NULL, 'Feral Rabbit', NULL, NULL, NULL, NULL, NULL, NULL, NULL, NULL, NULL, NULL, NULL, NULL, NULL, NULL, NULL, NULL, NULL, '', 0, NULL, NULL, 'No', 'Sun', 58, NULL, NULL, NULL, NULL, NULL, NULL, 0, 0, 0, NULL, 'loner', 20, NULL, NULL, NULL, 0, 'builder', 92, 100, 92, 92, NULL, 92, NULL, NULL, NULL, 0, 0, 0, 0, NULL, NULL, 0, 0, NULL, 0, 0, 0, 1, NULL, 0, 0, NULL, NULL, 0, 0, 0, NULL, NULL, NULL, NULL, NULL, 1, 0, NULL, NULL, NULL, NULL, NULL, NULL, 0, 0, 0, NULL),
(60, 14, 'Goldenpaw', 'images/levels/adultbasic/Feral_Rabbit.png', '2025-10-09 22:38:06', NULL, NULL, NULL, NULL, 0, 'Male', 0, 3, 0, 0, NULL, 'Feral Rabbit', NULL, NULL, NULL, NULL, NULL, NULL, NULL, NULL, NULL, NULL, NULL, NULL, NULL, NULL, NULL, NULL, NULL, '', 0, NULL, NULL, 'No', 'None', 0, NULL, NULL, NULL, NULL, NULL, NULL, 0, 0, 0, NULL, 'loner', 12, NULL, NULL, NULL, 0, 'healer', 92, 100, 92, 92, NULL, 86, NULL, '', NULL, 0, 0, 0, 0, NULL, NULL, 0, 0, NULL, 0, 0, 0, 1, NULL, 0, 0, NULL, NULL, 0, 0, 0, NULL, NULL, NULL, NULL, NULL, 0, 0, NULL, NULL, NULL, NULL, NULL, NULL, 0, 0, 0, NULL),
(61, 5, 'Tumbletoes', 'images/generated/pet_61_1760054244_1240.png', '2025-10-09 23:43:37', NULL, NULL, NULL, NULL, 0, 'Female', 0, 3, 0, 0, NULL, 'Wildling Rabbit', NULL, NULL, NULL, NULL, NULL, NULL, NULL, NULL, NULL, NULL, NULL, NULL, NULL, NULL, NULL, NULL, NULL, '', 0, NULL, NULL, 'No', 'None', 0, NULL, NULL, NULL, NULL, NULL, NULL, 0, 0, 0, NULL, 'loner', 12, NULL, NULL, NULL, 0, 'reserve', 92, 100, 92, 92, NULL, 92, NULL, NULL, NULL, 0, 0, 0, 0, NULL, NULL, 0, 0, NULL, 0, 0, 0, 1, NULL, 0, 0, NULL, NULL, 0, 0, 0, NULL, NULL, NULL, NULL, NULL, 1, 0, 117, 128, NULL, NULL, NULL, NULL, 0, 0, 0, NULL),
(62, 6, 'Reex', 'images/levels/adultbasic/Rampant_Rabbit.png', '2025-10-10 03:06:53', NULL, NULL, NULL, NULL, 4, 'Male', 220, 3, 0, 0, NULL, 'Rampant Rabbit', NULL, NULL, NULL, NULL, NULL, NULL, NULL, NULL, NULL, NULL, NULL, NULL, NULL, NULL, NULL, NULL, NULL, '', 0, NULL, NULL, 'No', 'None', 0, NULL, NULL, NULL, NULL, NULL, NULL, 0, 0, 0, NULL, 'loner', 13, NULL, NULL, NULL, 0, 'reserve', 85, 100, 52, 98, NULL, 96, NULL, NULL, NULL, 0, 0, 0, 0, NULL, NULL, 0, 0, NULL, 0, 0, 0, 1, NULL, 0, 0, '2025-12-06 12:56:05', '2025-12-15 13:37:46', 1, 5, 4, '2025-10-17 01:19:31', 'Died from risky self-treatment', NULL, NULL, NULL, 1, 0, NULL, NULL, NULL, NULL, NULL, NULL, 1, 0, 0, NULL),
(63, 6, 'Fee', 'images/generated/pet_63_1760065819_4836.png', '2025-10-10 03:07:11', NULL, NULL, NULL, NULL, 8, 'Female', 210, 3, 0, 0, NULL, 'Rampant Rabbit', NULL, NULL, NULL, NULL, NULL, NULL, NULL, NULL, NULL, NULL, NULL, NULL, NULL, NULL, NULL, NULL, NULL, '', 0, NULL, NULL, 'No', 'Newborn#355', 325, NULL, NULL, NULL, NULL, NULL, NULL, 0, 0, 0, NULL, 'loner', 13, NULL, NULL, NULL, 0, 'reserve', 85, 100, 39, 92, NULL, 92, NULL, NULL, NULL, 0, 0, 0, 1, NULL, NULL, 0, 0, NULL, 0, 0, 0, 1, NULL, 0, 0, '2025-12-06 12:56:05', '2025-12-15 13:37:46', 4, 3, 11, NULL, NULL, NULL, NULL, NULL, 1, 0, 128, 128, NULL, NULL, NULL, NULL, 1, 0, 0, NULL),
(64, 6, 'Foo', 'images/levels/adultbasic/Rampant_Rabbit.png', '2025-10-10 03:07:21', NULL, NULL, NULL, NULL, 6, 'Male', 145, 3, 0, 0, NULL, 'Rampant Rabbit', NULL, NULL, NULL, NULL, NULL, NULL, NULL, NULL, NULL, NULL, NULL, NULL, NULL, NULL, NULL, NULL, NULL, '', 0, NULL, NULL, 'No', 'None', 0, NULL, NULL, NULL, NULL, NULL, NULL, 0, 0, 0, NULL, 'loner', 13, NULL, NULL, NULL, 0, 'scout', 83, 100, 0, 91, NULL, 43, NULL, NULL, NULL, 0, 0, 0, 0, NULL, NULL, 0, 0, NULL, 0, 0, 0, 1, NULL, 0, 0, '2025-10-20 00:26:48', '2025-12-05 13:09:05', 4, 6, 5, NULL, NULL, NULL, NULL, NULL, 1, 0, NULL, NULL, NULL, NULL, NULL, NULL, 1, 0, 0, NULL),
(65, 6, 'Fix', 'images/generated/pet_65_1760065823_6631.png', '2025-10-10 03:07:39', NULL, NULL, NULL, NULL, 8, 'Female', 90, 3, 0, 0, NULL, 'Rampant Rabbit', NULL, NULL, NULL, NULL, NULL, NULL, NULL, NULL, NULL, NULL, NULL, NULL, NULL, NULL, NULL, NULL, NULL, '', 0, NULL, NULL, 'No', 'Newborn#237', 380, NULL, NULL, NULL, NULL, NULL, NULL, 0, 0, 0, NULL, 'loner', 13, NULL, NULL, NULL, 0, 'reserve', 74, 100, 36, 73, NULL, 72, NULL, NULL, NULL, 0, 0, 0, 1, NULL, NULL, 0, 0, NULL, 0, 0, 0, 1, NULL, 0, 0, NULL, '2025-12-15 13:37:46', 9, 3, 6, NULL, NULL, NULL, NULL, NULL, 1, 0, 129, 129, NULL, NULL, NULL, NULL, 1, 0, 0, NULL),
(66, 6, 'Sleep', 'images/generated/pet_66_1760065833_6163.png', '2025-10-10 03:07:51', NULL, NULL, NULL, NULL, 5, 'Female', 125, 3, 0, 0, NULL, 'Rampant Rabbit', NULL, NULL, NULL, NULL, NULL, NULL, NULL, NULL, NULL, NULL, NULL, NULL, NULL, NULL, NULL, NULL, NULL, '', 0, NULL, NULL, 'No', 'Reex', 62, NULL, NULL, NULL, NULL, NULL, NULL, 0, 0, 0, NULL, 'loner', 13, NULL, NULL, NULL, 0, 'builder', 77, 100, 0, 92, NULL, 92, NULL, NULL, NULL, 0, 0, 0, 1, NULL, NULL, 0, 0, NULL, 0, 0, 0, 1, NULL, 0, 0, '2025-11-01 15:17:51', '2025-12-14 13:10:26', 8, 4, 5, NULL, NULL, NULL, NULL, NULL, 1, 0, 130, 130, NULL, NULL, NULL, NULL, 1, 0, 0, NULL),
(67, 11, 'Nugget', 'images/levels/adultbasic/Feral_Rabbit.png', '2025-10-10 07:27:51', NULL, NULL, NULL, NULL, 1, 'Male', 110, 3, 0, 0, NULL, 'Feral Rabbit', NULL, NULL, NULL, NULL, NULL, NULL, NULL, NULL, NULL, NULL, NULL, NULL, NULL, NULL, NULL, NULL, NULL, '', 0, NULL, NULL, 'No', 'None', 0, NULL, NULL, NULL, NULL, NULL, NULL, 0, 0, 0, NULL, 'loner', 18, NULL, NULL, NULL, 0, 'healer', 89, 26, 27, 92, NULL, 92, NULL, NULL, NULL, 0, 0, 0, 0, NULL, NULL, 0, 0, NULL, 0, 0, 0, 1, NULL, 0, 0, '2025-10-31 20:28:29', '2025-10-31 19:49:34', 2, 3, 1, NULL, NULL, NULL, NULL, NULL, 1, 0, NULL, NULL, NULL, NULL, NULL, NULL, 1, 0, 0, NULL),
(68, 11, 'Nuggets', 'images/levels/adultbasic/Feral_Rabbit.png', '2025-10-10 07:30:04', NULL, NULL, NULL, NULL, 5, 'Male', 70, 3, 0, 0, NULL, 'Feral Rabbit', NULL, NULL, NULL, NULL, NULL, NULL, NULL, NULL, NULL, NULL, NULL, NULL, NULL, NULL, NULL, NULL, NULL, '', 0, NULL, NULL, 'No', 'None', 0, NULL, NULL, NULL, NULL, NULL, NULL, 0, 0, 0, NULL, 'loner', 18, NULL, NULL, NULL, 0, 'healer', 77, 27, 7, 92, NULL, 92, NULL, NULL, NULL, 0, 0, 0, 0, NULL, NULL, 0, 0, NULL, 0, 0, 0, 1, NULL, 0, 0, '2025-10-10 17:21:35', '2025-10-31 19:49:48', 2, 3, 1, NULL, NULL, NULL, NULL, NULL, 1, 0, NULL, NULL, NULL, NULL, NULL, NULL, 1, 0, 0, NULL),
(69, 11, 'Chicken', 'images/levels/adultbasic/Wildling_Rabbit.png', '2025-10-10 07:31:24', NULL, NULL, NULL, NULL, 0, 'Male', 195, 3, 0, 0, NULL, 'Wildling Rabbit', NULL, NULL, NULL, NULL, NULL, NULL, NULL, NULL, NULL, NULL, NULL, NULL, NULL, NULL, NULL, NULL, NULL, '', 0, NULL, NULL, 'No', 'None', 0, NULL, NULL, NULL, NULL, NULL, NULL, 0, 0, 0, NULL, 'loner', 18, NULL, NULL, NULL, 0, 'scout', 81, 22, 0, 68, NULL, 68, NULL, NULL, NULL, 0, 0, 0, 0, NULL, NULL, 0, 0, NULL, 0, 0, 0, 1, NULL, 0, 0, '2025-10-31 20:28:28', '2025-11-05 03:23:48', 0, 5, 1, NULL, NULL, NULL, NULL, NULL, 1, 0, NULL, NULL, NULL, NULL, NULL, NULL, 1, 0, 0, NULL),
(70, 13, 'Night', 'images/generated/pet_70_1760085965_6400.png', '2025-10-10 08:42:54', NULL, NULL, NULL, NULL, 0, 'Male', 90, 3, 0, 0, NULL, 'Feral Rabbit', NULL, NULL, NULL, NULL, NULL, NULL, NULL, NULL, NULL, NULL, NULL, NULL, NULL, NULL, NULL, NULL, NULL, '', 0, NULL, NULL, 'No', 'None', 0, NULL, NULL, NULL, NULL, NULL, NULL, 0, 0, 0, NULL, 'loner', 20, NULL, NULL, NULL, 0, 'scout', 92, 100, 92, 23, NULL, 72, NULL, NULL, NULL, 0, 0, 0, 0, NULL, NULL, 0, 0, NULL, 0, 0, 0, 1, NULL, 0, 0, '2025-10-13 14:33:56', NULL, 0, 0, 0, NULL, NULL, NULL, NULL, NULL, 1, 0, 105, 60, NULL, NULL, NULL, NULL, 0, 0, 0, NULL),
(71, 11, 'Chocolate', 'images/levels/adultbasic/Wildling_Rabbit.png', '2025-10-10 09:59:00', NULL, NULL, NULL, NULL, 3, 'Male', 230, 3, 0, 0, NULL, 'Wildling Rabbit', NULL, NULL, NULL, NULL, NULL, NULL, NULL, NULL, NULL, NULL, NULL, NULL, NULL, NULL, NULL, NULL, NULL, '', 0, NULL, NULL, 'No', 'None', 0, NULL, NULL, NULL, NULL, NULL, NULL, 0, 0, 0, NULL, 'loner', 18, NULL, NULL, NULL, 0, 'scout', 92, 23, 12, 92, NULL, 92, NULL, NULL, NULL, 0, 0, 0, 0, NULL, NULL, 0, 0, NULL, 0, 0, 0, 1, NULL, 0, 0, '2025-11-08 01:54:26', '2025-10-31 19:43:20', 1, 2, 1, NULL, NULL, NULL, NULL, NULL, 1, 0, NULL, NULL, NULL, NULL, NULL, NULL, 1, 0, 0, NULL),
(72, 11, 'Orange', 'images/levels/adultbasic/Feral_Rabbit.png', '2025-10-10 10:14:16', NULL, NULL, NULL, NULL, 4, 'Female', 30, 3, 0, 0, NULL, 'Feral Rabbit', NULL, NULL, NULL, NULL, NULL, NULL, NULL, NULL, NULL, NULL, NULL, NULL, NULL, NULL, NULL, NULL, NULL, '', 0, NULL, NULL, 'No', 'Nuggets', 68, NULL, NULL, NULL, NULL, NULL, NULL, 0, 0, 0, NULL, 'loner', 18, NULL, NULL, NULL, 0, 'caretaker', 91, 22, 2, 42, NULL, 99, NULL, NULL, NULL, 0, 0, 0, 1, NULL, NULL, 0, 0, NULL, 0, 0, 0, 1, NULL, 0, 0, NULL, '2025-10-31 19:49:31', 3, 1, 2, NULL, NULL, NULL, NULL, NULL, 1, 0, NULL, NULL, NULL, NULL, NULL, NULL, 1, 0, 0, NULL),
(73, 11, 'Chocolate Chip', 'images/levels/adultbasic/Wildling_Rabbit.png', '2025-10-10 10:19:04', NULL, NULL, NULL, NULL, 5, 'Female', 160, 3, 0, 0, NULL, 'Wildling Rabbit', NULL, NULL, NULL, NULL, NULL, NULL, NULL, NULL, NULL, NULL, NULL, NULL, NULL, NULL, NULL, NULL, NULL, '', 0, NULL, NULL, 'No', 'Chocolate', 71, NULL, NULL, NULL, NULL, NULL, NULL, 0, 0, 0, NULL, 'loner', 18, NULL, NULL, NULL, 0, 'scout', 86, 23, 2, 92, NULL, 92, NULL, NULL, NULL, 0, 0, 0, 1, NULL, NULL, 0, 0, NULL, 0, 0, 0, 1, NULL, 0, 0, '2025-10-31 20:28:28', '2025-11-05 03:23:54', 1, 4, 2, NULL, NULL, NULL, NULL, NULL, 1, 0, NULL, NULL, NULL, NULL, NULL, NULL, 1, 0, 0, NULL),
(74, 11, 'Chicken Nugget', 'images/levels/adultbasic/Feral_Rabbit.png', '2025-10-10 10:36:46', NULL, NULL, NULL, NULL, 6, 'Female', 50, 3, 0, 0, NULL, 'Feral Rabbit', NULL, NULL, NULL, NULL, NULL, NULL, NULL, NULL, NULL, NULL, NULL, NULL, NULL, NULL, NULL, NULL, NULL, '', 0, NULL, NULL, 'No', 'Nuggets', 68, NULL, NULL, NULL, NULL, NULL, NULL, 0, 0, 0, NULL, 'loner', 18, NULL, NULL, NULL, 0, 'builder', 83, 43, 7, 92, NULL, 92, NULL, 'Low Health', NULL, 0, 0, 0, 1, NULL, NULL, 0, 0, NULL, 0, 0, 0, 1, NULL, 1, 0, '2025-10-17 00:06:34', '2025-11-05 03:23:51', 2, 2, 2, NULL, NULL, NULL, NULL, NULL, 1, 0, NULL, NULL, NULL, NULL, NULL, NULL, 1, 0, 0, NULL),
(75, 12, 'Moonlight', 'images/levels/adultbasic/Rampant_Rabbit.png', '2025-10-10 10:44:00', NULL, NULL, NULL, NULL, 0, 'Female', 58, 3, 0, 0, NULL, 'Rampant Rabbit', NULL, NULL, NULL, NULL, NULL, NULL, NULL, NULL, NULL, NULL, NULL, NULL, NULL, NULL, NULL, NULL, NULL, '', 0, NULL, NULL, 'No', 'None', 0, NULL, NULL, NULL, NULL, NULL, NULL, 0, 0, 0, NULL, 'loner', 19, NULL, NULL, NULL, 0, 'scout', 92, 100, 0, 69, NULL, 64, NULL, NULL, NULL, 0, 0, 0, 0, NULL, NULL, 0, 0, NULL, 0, 0, 0, 1, NULL, 0, 0, '2025-10-13 23:34:29', '2025-10-13 22:35:19', 1, 1, 0, NULL, NULL, NULL, NULL, NULL, 1, 0, NULL, NULL, NULL, NULL, NULL, NULL, 0, 0, 0, NULL),
(76, 12, 'White Chocolate', 'images/levels/adultbasic/Rampant_Rabbit.png', '2025-10-10 10:49:23', NULL, NULL, NULL, NULL, 1, 'Female', 10, 3, 0, 0, NULL, 'Rampant Rabbit', NULL, NULL, NULL, NULL, NULL, NULL, NULL, NULL, NULL, NULL, NULL, NULL, NULL, NULL, NULL, NULL, NULL, '', 0, NULL, NULL, 'No', 'Solar eclipse', 49, NULL, NULL, NULL, NULL, NULL, NULL, 0, 0, 0, NULL, 'loner', 19, NULL, NULL, NULL, 0, 'scout', 89, 100, 87, 92, NULL, 92, NULL, NULL, NULL, 0, 0, 0, 0, NULL, NULL, 0, 0, NULL, 0, 0, 0, 1, NULL, 0, 0, NULL, '2025-10-13 22:35:23', 1, 0, 1, NULL, NULL, NULL, NULL, NULL, 1, 0, NULL, NULL, NULL, NULL, NULL, NULL, 0, 0, 0, NULL),
(77, 15, 'Snowball', 'images/levels/adultbasic/Rampant_Rabbit.png', '2025-10-10 10:58:41', NULL, NULL, NULL, NULL, 3, 'Male', 185, 3, 0, 0, NULL, 'Rampant Rabbit', NULL, NULL, NULL, NULL, NULL, NULL, NULL, NULL, NULL, NULL, NULL, NULL, NULL, NULL, NULL, NULL, NULL, '', 0, NULL, NULL, 'No', 'None', 0, NULL, NULL, NULL, NULL, NULL, NULL, 0, 0, 0, NULL, 'loner', 18, NULL, NULL, NULL, 0, 'builder', 92, 100, 72, 60, NULL, 55, NULL, NULL, NULL, 0, 0, 0, 0, NULL, NULL, 0, 0, NULL, 0, 0, 0, 1, NULL, 0, 0, '2025-11-06 00:38:49', '2025-10-15 05:13:46', 2, 1, 1, NULL, NULL, NULL, NULL, NULL, 0, 0, NULL, NULL, NULL, NULL, NULL, NULL, 0, 0, 0, NULL);
INSERT INTO `user_pets` (`id`, `user_id`, `pet_name`, `pet_image`, `adopted_at`, `background`, `accessory`, `mother`, `father`, `offspring`, `gender`, `exp`, `level`, `skill`, `boosts`, `description`, `type`, `price`, `background_url`, `toy1`, `toy2`, `toy3`, `deco`, `marking1`, `marking2`, `marking3`, `toy1_x`, `toy1_y`, `toy2_x`, `toy2_y`, `toy3_x`, `toy3_y`, `deco_x`, `deco_y`, `base`, `sparring_wins`, `marking4`, `marking5`, `sale`, `mate`, `mate_id`, `due_date`, `last_quest`, `appearance_effect`, `appearance_size`, `appearance_pattern`, `temp_species`, `appearance_fluff`, `has_wings`, `appearance_glow`, `appearance_elemental`, `status`, `colony_id`, `apprentice_role`, `mentor_user_id`, `last_cared_for`, `growth_blocked`, `colony_role`, `mood`, `health`, `energy`, `hunger`, `hunger_zero_since`, `thirst`, `thirst_zero_since`, `sickness`, `injury`, `is_pregnant`, `is_kit`, `kit_level`, `needs_care`, `mother_id`, `father_id`, `inbreed_score`, `congenital_sick`, `congenital_note`, `has_inbreed_badge`, `fed_kits_today`, `hunger_strikes`, `is_alive`, `last_caretaker_action`, `is_sick`, `days_sick`, `last_rest_time`, `last_training_time`, `strength`, `agility`, `intellect`, `death_date`, `death_reason`, `date_of_death`, `cause_of_death`, `health_zero_since`, `is_reserve`, `battle_ready`, `base_inv_id`, `base_item_id`, `pregnant_adult_image`, `adult_image`, `variant_label`, `next_growth_at`, `reserve_can_fight`, `inbreeding_score`, `inbred_flag`, `inbreeding_history`) VALUES
(78, 15, 'White Rabbit', 'images/levels/adultbasic/Rampant_Rabbit.png', '2025-10-10 11:06:37', NULL, NULL, NULL, NULL, 2, 'Female', 75, 3, 0, 0, NULL, 'Rampant Rabbit', NULL, NULL, NULL, NULL, NULL, NULL, NULL, NULL, NULL, NULL, NULL, NULL, NULL, NULL, NULL, NULL, NULL, '', 0, NULL, NULL, 'No', 'Snowball', 77, NULL, NULL, NULL, NULL, NULL, NULL, 0, 0, 0, NULL, 'loner', 18, NULL, NULL, NULL, 0, 'healer', 89, 100, 87, 92, NULL, 92, NULL, NULL, NULL, 0, 0, 0, 0, NULL, NULL, 0, 0, NULL, 0, 0, 0, 1, NULL, 0, 0, '2025-10-10 20:14:53', '2025-10-31 20:32:38', 1, 2, 2, NULL, NULL, NULL, NULL, NULL, 1, 0, NULL, NULL, NULL, NULL, NULL, NULL, 0, 0, 0, NULL),
(79, 11, 'Rainbow Cloud', 'images/generated/pet_79_1760102371_8305.png', '2025-10-10 13:19:19', NULL, NULL, NULL, NULL, 0, 'Female', 155, 3, 0, 0, NULL, 'Rampant Rabbit', NULL, NULL, NULL, NULL, NULL, NULL, NULL, NULL, NULL, NULL, NULL, NULL, NULL, NULL, NULL, NULL, NULL, '', 0, NULL, NULL, 'No', 'None', 0, NULL, NULL, NULL, NULL, NULL, NULL, 0, 0, 0, NULL, 'loner', 18, NULL, NULL, NULL, 0, 'scout', 89, 29, 0, 92, NULL, 92, NULL, NULL, NULL, 0, 0, 0, 0, NULL, NULL, 0, 0, NULL, 0, 0, 0, 1, NULL, 0, 0, '2025-10-31 20:28:29', '2025-10-31 19:49:29', 3, 1, 1, NULL, NULL, NULL, NULL, NULL, 1, 0, 94, 125, NULL, NULL, NULL, NULL, 1, 0, 0, NULL),
(80, 11, '🌿Minty🌿', 'images/generated/pet_80_1760104659_7720.png', '2025-10-10 13:57:24', NULL, NULL, NULL, NULL, 1, 'Female', 75, 3, 0, 0, NULL, 'Rampant Rabbit', NULL, NULL, NULL, NULL, NULL, NULL, NULL, NULL, NULL, NULL, NULL, NULL, NULL, NULL, NULL, NULL, NULL, '', 0, NULL, NULL, 'No', 'Rain Snow', 53, NULL, NULL, NULL, NULL, NULL, NULL, 0, 0, 0, NULL, 'loner', 18, NULL, NULL, NULL, 0, 'caretaker', 91, 29, 22, 42, NULL, 99, NULL, NULL, NULL, 0, 0, 0, 1, NULL, NULL, 0, 0, NULL, 0, 0, 0, 1, NULL, 0, 0, '2025-10-16 08:49:25', '2025-10-31 19:44:14', 3, 2, 1, NULL, NULL, NULL, NULL, NULL, 1, 0, 96, 72, NULL, NULL, NULL, NULL, 1, 0, 0, NULL),
(81, 11, 'Bluetooth', 'images/generated/pet_81_1760110288_1960.png', '2025-10-10 15:31:19', NULL, NULL, NULL, NULL, 0, 'Male', 140, 3, 0, 0, NULL, 'Rampant Rabbit', NULL, NULL, NULL, NULL, NULL, NULL, NULL, NULL, NULL, NULL, NULL, NULL, NULL, NULL, NULL, NULL, NULL, '', 0, NULL, NULL, 'No', 'None', 0, NULL, NULL, NULL, NULL, NULL, NULL, 0, 0, 0, NULL, 'loner', 18, NULL, NULL, NULL, 0, 'healer', 85, 44, 0, 56, NULL, 116, NULL, 'Low Health', NULL, 0, 0, 0, 0, NULL, NULL, 0, 0, NULL, 0, 0, 0, 1, NULL, 1, 0, '2025-10-20 09:06:48', '2025-11-05 03:23:45', 1, 3, 0, NULL, NULL, NULL, NULL, NULL, 1, 0, 99, 61, NULL, NULL, NULL, NULL, 1, 0, 0, NULL),
(82, 8, 'Saphire', 'images/generated/pet_82_1760111922_4478.png', '2025-10-10 15:57:54', NULL, NULL, NULL, NULL, 0, 'Female', 40, 3, 0, 0, NULL, 'Wildling Rabbit', NULL, NULL, NULL, NULL, NULL, NULL, NULL, NULL, NULL, NULL, NULL, NULL, NULL, NULL, NULL, NULL, NULL, '', 0, NULL, NULL, 'No', 'None', 0, NULL, NULL, NULL, NULL, NULL, NULL, 0, 0, 0, NULL, 'loner', NULL, NULL, NULL, NULL, 0, NULL, 92, 54, 92, 58, NULL, 51, NULL, NULL, NULL, 0, 0, 0, 0, NULL, NULL, 0, 0, NULL, 0, 0, 0, 1, NULL, 0, 0, '2025-10-13 01:27:27', '2025-10-10 10:59:24', 0, 0, 1, NULL, NULL, NULL, NULL, NULL, 0, 0, 51, 61, NULL, NULL, NULL, NULL, 0, 0, 0, NULL),
(83, 8, 'Obsidian', 'images/generated/pet_83_1760111940_1550.png', '2025-10-10 15:58:12', NULL, NULL, NULL, NULL, 0, 'Female', 30, 3, 0, 0, NULL, 'Rampant Rabbit', NULL, NULL, NULL, NULL, NULL, NULL, NULL, NULL, NULL, NULL, NULL, NULL, NULL, NULL, NULL, NULL, NULL, '', 0, NULL, NULL, 'No', 'None', 0, NULL, NULL, NULL, NULL, NULL, NULL, 0, 0, 0, NULL, 'loner', NULL, NULL, NULL, NULL, 0, NULL, 92, 95, 92, 84, NULL, 83, NULL, NULL, NULL, 0, 0, 0, 0, NULL, NULL, 0, 0, NULL, 0, 0, 0, 1, NULL, 0, 0, '2025-10-13 01:27:27', '2025-10-10 10:59:19', 0, 0, 1, NULL, NULL, NULL, NULL, NULL, 0, 0, 48, 72, NULL, NULL, NULL, NULL, 0, 0, 0, NULL),
(84, 16, 'Bucky', 'images/levels/adultbasic/Feral_Rabbit.png', '2025-10-10 17:39:19', NULL, NULL, NULL, NULL, 0, 'Male', 0, 3, 0, 0, NULL, 'Feral Rabbit', NULL, NULL, NULL, NULL, NULL, NULL, NULL, NULL, NULL, NULL, NULL, NULL, NULL, NULL, NULL, NULL, NULL, '', 0, NULL, NULL, 'No', 'None', 0, NULL, NULL, NULL, NULL, NULL, NULL, 0, 0, 0, NULL, 'loner', 10, NULL, NULL, NULL, 0, 'healer', 92, 100, 92, 92, NULL, 92, NULL, NULL, NULL, 0, 0, 0, 0, NULL, NULL, 0, 0, NULL, 0, 0, 0, 1, NULL, 0, 0, NULL, NULL, 0, 0, 0, NULL, NULL, NULL, NULL, NULL, 0, 0, NULL, NULL, NULL, NULL, NULL, NULL, 0, 0, 0, NULL),
(85, 17, 'fluffy', 'images/generated/pet_85_1760128501_3056.png', '2025-10-10 20:27:01', NULL, NULL, NULL, NULL, 0, 'Male', 0, 3, 0, 0, NULL, 'Feral Rabbit', NULL, NULL, NULL, NULL, NULL, NULL, NULL, NULL, NULL, NULL, NULL, NULL, NULL, NULL, NULL, NULL, NULL, '', 0, NULL, NULL, 'No', 'None', 0, NULL, NULL, NULL, NULL, NULL, NULL, 0, 0, 0, NULL, 'loner', NULL, NULL, NULL, NULL, 0, NULL, 92, 25, 32, 92, NULL, 92, NULL, NULL, NULL, 0, 0, 0, 0, NULL, NULL, 0, 0, NULL, 0, 0, 0, 1, NULL, 0, 0, NULL, NULL, 0, 0, 0, NULL, NULL, NULL, NULL, NULL, 0, 1, 195, 61, NULL, NULL, NULL, NULL, 0, 0, 0, NULL),
(86, 17, 'boots', 'images/generated/pet_86_1760128560_3604.png', '2025-10-10 20:27:18', NULL, NULL, NULL, NULL, 0, 'Male', 0, 3, 0, 0, NULL, 'Wildling Rabbit', NULL, NULL, NULL, NULL, NULL, NULL, NULL, NULL, NULL, NULL, NULL, NULL, NULL, NULL, NULL, NULL, NULL, '', 0, NULL, NULL, 'No', 'None', 0, NULL, NULL, NULL, NULL, NULL, NULL, 0, 0, 0, NULL, 'loner', NULL, NULL, NULL, NULL, 0, NULL, 92, 100, 92, 92, NULL, 92, NULL, NULL, NULL, 0, 0, 0, 0, NULL, NULL, 0, 0, NULL, 0, 0, 0, 1, NULL, 0, 0, NULL, NULL, 0, 0, 0, NULL, NULL, NULL, NULL, NULL, 0, 0, 201, 126, NULL, NULL, NULL, NULL, 0, 0, 0, NULL),
(87, 17, 'snowball', 'images/levels/adultbasic/Rampant_Rabbit.png', '2025-10-10 20:27:25', NULL, NULL, NULL, NULL, 0, 'Female', 0, 3, 0, 0, NULL, 'Rampant Rabbit', NULL, NULL, NULL, NULL, NULL, NULL, NULL, NULL, NULL, NULL, NULL, NULL, NULL, NULL, NULL, NULL, NULL, '', 0, NULL, NULL, 'No', 'None', 0, NULL, NULL, NULL, NULL, NULL, NULL, 0, 0, 0, NULL, 'loner', NULL, NULL, NULL, NULL, 0, NULL, 92, 100, 92, 92, NULL, 92, NULL, NULL, NULL, 0, 0, 0, 0, NULL, NULL, 0, 0, NULL, 0, 0, 0, 1, NULL, 0, 0, NULL, NULL, 0, 0, 0, NULL, NULL, NULL, NULL, NULL, 0, 0, NULL, NULL, NULL, NULL, NULL, NULL, 0, 0, 0, NULL),
(88, 18, 'Charades', 'images/generated/pet_88_1760129548_4443.png', '2025-10-10 20:43:02', NULL, NULL, NULL, NULL, 0, 'Male', 0, 3, 0, 0, NULL, 'Feral Rabbit', NULL, NULL, NULL, NULL, NULL, NULL, NULL, NULL, NULL, NULL, NULL, NULL, NULL, NULL, NULL, NULL, NULL, '', 0, NULL, NULL, 'No', 'None', 0, NULL, NULL, NULL, NULL, NULL, NULL, 0, 0, 0, NULL, 'loner', 22, NULL, NULL, NULL, 0, 'All', 90, 16, 0, 42, NULL, 2, NULL, NULL, NULL, 0, 0, 0, 0, NULL, NULL, 0, 0, NULL, 0, 0, 0, 1, NULL, 0, 0, NULL, NULL, 0, 0, 0, NULL, NULL, NULL, NULL, NULL, 0, 1, 207, 71, NULL, NULL, NULL, NULL, 0, 0, 0, NULL),
(89, 18, 'Silly', 'images/generated/pet_89_1760129586_3381.png', '2025-10-10 20:52:55', NULL, NULL, NULL, NULL, 3, 'Female', 0, 3, 0, 0, NULL, 'Feral Rabbit', NULL, NULL, NULL, NULL, NULL, NULL, NULL, NULL, NULL, NULL, NULL, NULL, NULL, NULL, NULL, NULL, NULL, '', 0, NULL, NULL, 'No', 'Brad', 90, NULL, NULL, NULL, NULL, NULL, NULL, 0, 0, 0, NULL, 'loner', 22, NULL, NULL, NULL, 0, 'healer', 92, 100, 92, 92, NULL, 92, NULL, NULL, NULL, 0, 0, 0, 1, NULL, NULL, 0, 0, NULL, 0, 0, 0, 1, NULL, 0, 0, NULL, NULL, 0, 0, 0, NULL, NULL, NULL, NULL, NULL, 1, 0, 219, 128, NULL, NULL, NULL, NULL, 0, 0, 0, NULL),
(90, 18, 'Brad', 'images/generated/pet_90_1760129703_1752.png', '2025-10-10 20:54:48', NULL, NULL, NULL, NULL, 2, 'Male', 0, 3, 0, 0, NULL, 'Feral Rabbit', NULL, NULL, NULL, NULL, NULL, NULL, NULL, NULL, NULL, NULL, NULL, NULL, NULL, NULL, NULL, NULL, NULL, '', 0, NULL, NULL, 'No', 'None', 0, NULL, NULL, NULL, NULL, NULL, NULL, 0, 0, 0, NULL, 'loner', 22, NULL, NULL, NULL, 0, 'healer', 92, 28, 0, 65, NULL, 62, NULL, NULL, NULL, 0, 0, 0, 0, NULL, NULL, 0, 0, NULL, 0, 0, 0, 1, NULL, 0, 0, NULL, NULL, 0, 0, 0, NULL, NULL, NULL, NULL, NULL, 1, 0, 211, 61, NULL, NULL, NULL, NULL, 1, 0, 0, NULL),
(91, 18, 'Stacey', 'images/generated/pet_91_1760129735_3559.png', '2025-10-10 20:55:27', NULL, NULL, NULL, NULL, 1, 'Female', 0, 3, 0, 0, NULL, 'Feral Rabbit', NULL, NULL, NULL, NULL, NULL, NULL, NULL, NULL, NULL, NULL, NULL, NULL, NULL, NULL, NULL, NULL, NULL, '', 0, NULL, NULL, 'No', 'Brad', 90, NULL, NULL, NULL, NULL, NULL, NULL, 0, 0, 0, NULL, 'loner', 22, NULL, NULL, NULL, 0, 'healer', 92, 100, 92, 92, NULL, 92, NULL, NULL, NULL, 0, 0, 0, 1, NULL, NULL, 0, 0, NULL, 0, 0, 0, 1, NULL, 0, 0, NULL, NULL, 0, 0, 0, NULL, NULL, NULL, NULL, NULL, 1, 0, 210, 60, NULL, NULL, NULL, NULL, 0, 0, 0, NULL),
(92, 11, 'Tree', 'images/levels/adultbasic/Feral_Rabbit.png', '2025-10-10 21:41:32', NULL, NULL, NULL, NULL, 5, 'Female', 25, 3, 0, 0, NULL, 'Feral Rabbit', NULL, NULL, NULL, NULL, NULL, NULL, NULL, NULL, NULL, NULL, NULL, NULL, NULL, NULL, NULL, NULL, NULL, '', 0, NULL, NULL, 'No', 'Nuggets', 68, NULL, NULL, NULL, NULL, NULL, NULL, 0, 0, 0, NULL, 'loner', 18, NULL, NULL, NULL, 0, 'scout', 86, 28, 22, 92, NULL, 92, NULL, NULL, NULL, 0, 0, 0, 1, NULL, NULL, 0, 0, NULL, 0, 0, 0, 1, NULL, 0, 0, NULL, '2025-10-31 19:44:11', 3, 2, 0, NULL, NULL, NULL, NULL, NULL, 1, 0, NULL, NULL, NULL, NULL, NULL, NULL, 1, 0, 0, NULL),
(93, 19, 'Honeycomb', 'images/levels/adultbasic/Feral_Rabbit.png', '2025-10-11 00:02:44', NULL, NULL, NULL, NULL, 1, 'Male', 0, 3, 0, 0, NULL, 'Feral Rabbit', NULL, NULL, NULL, NULL, NULL, NULL, NULL, NULL, NULL, NULL, NULL, NULL, NULL, NULL, NULL, NULL, NULL, '', 0, NULL, NULL, 'No', 'None', 0, NULL, NULL, NULL, NULL, NULL, NULL, 0, 0, 0, NULL, 'loner', 23, NULL, NULL, NULL, 0, 'All', 92, 100, 92, 42, NULL, 2, NULL, NULL, NULL, 0, 0, 0, 0, NULL, NULL, 0, 0, NULL, 0, 0, 0, 1, NULL, 0, 0, NULL, NULL, 0, 0, 0, NULL, NULL, NULL, NULL, NULL, 0, 0, NULL, NULL, NULL, NULL, NULL, NULL, 0, 0, 0, NULL),
(94, 19, 'Dandelion', 'images/levels/adultbasic/Feral_Rabbit.png', '2025-10-11 00:03:27', NULL, NULL, NULL, NULL, 1, 'Female', 0, 3, 0, 0, NULL, 'Feral Rabbit', NULL, NULL, NULL, NULL, NULL, NULL, NULL, NULL, NULL, NULL, NULL, NULL, NULL, NULL, NULL, NULL, NULL, '', 0, NULL, NULL, 'No', 'Honeycomb', 93, NULL, NULL, NULL, NULL, NULL, NULL, 0, 0, 0, NULL, 'loner', 23, NULL, NULL, NULL, 0, 'reserve', 92, 100, 92, 92, NULL, 92, NULL, NULL, NULL, 0, 0, 0, 1, NULL, NULL, 0, 0, NULL, 0, 0, 0, 1, NULL, 0, 0, NULL, NULL, 0, 0, 0, NULL, NULL, NULL, NULL, NULL, 1, 0, NULL, NULL, NULL, NULL, NULL, NULL, 0, 0, 0, NULL),
(95, 15, 'Rabbit Foot', 'images/levels/adultbasic/Rampant_Rabbit.png', '2025-10-11 00:17:47', NULL, NULL, NULL, NULL, 1, 'Female', 65, 3, 0, 0, NULL, 'Rampant Rabbit', NULL, NULL, NULL, NULL, NULL, NULL, NULL, NULL, NULL, NULL, NULL, NULL, NULL, NULL, NULL, NULL, NULL, '', 0, NULL, NULL, 'No', 'Snowball', 77, NULL, NULL, NULL, NULL, NULL, NULL, 0, 0, 0, NULL, 'loner', 18, NULL, NULL, NULL, 0, 'scout', 84, 100, 1, 52, NULL, 61, NULL, NULL, NULL, 0, 0, 0, 0, NULL, NULL, 0, 0, NULL, 0, 0, 0, 1, NULL, 0, 0, '2025-11-06 00:38:49', '2025-10-31 20:32:34', 2, 1, 2, NULL, NULL, NULL, NULL, NULL, 1, 0, NULL, NULL, NULL, NULL, NULL, NULL, 0, 0, 0, NULL),
(96, 11, 'Berry', 'images/generated/pet_96_1760142424_6722.png', '2025-10-11 00:26:38', NULL, NULL, NULL, NULL, 4, 'Female', 145, 3, 0, 0, NULL, 'Rampant Rabbit', NULL, NULL, NULL, NULL, NULL, NULL, NULL, NULL, NULL, NULL, NULL, NULL, NULL, NULL, NULL, NULL, NULL, '', 0, NULL, NULL, 'No', 'Snow', 50, NULL, NULL, NULL, NULL, NULL, NULL, 0, 0, 0, NULL, 'loner', 18, NULL, NULL, NULL, 0, 'wetnurse', 92, 25, 12, 81, NULL, 78, NULL, NULL, NULL, 0, 0, 0, 1, NULL, NULL, 0, 0, NULL, 0, 0, 0, 1, NULL, 0, 0, '2025-11-08 01:54:24', '2025-10-31 19:43:09', 1, 0, 3, NULL, NULL, NULL, NULL, NULL, 1, 0, 97, 73, NULL, NULL, NULL, NULL, 1, 0, 0, NULL),
(97, 13, 'Stone', 'images/generated/pet_97_1760165919_1013.png', '2025-10-11 06:55:50', NULL, NULL, NULL, NULL, 0, 'Male', 40, 3, 0, 0, NULL, 'Wildling Rabbit', NULL, NULL, NULL, NULL, NULL, NULL, NULL, NULL, NULL, NULL, NULL, NULL, NULL, NULL, NULL, NULL, NULL, '', 0, NULL, NULL, 'No', 'None', 0, NULL, NULL, NULL, NULL, NULL, NULL, 0, 0, 0, NULL, 'loner', 20, NULL, NULL, NULL, 0, 'scout', 92, 100, 72, 92, NULL, 92, NULL, NULL, NULL, 0, 0, 0, 0, NULL, NULL, 0, 0, NULL, 0, 0, 0, 1, NULL, 0, 0, '2025-10-13 14:33:56', NULL, 0, 0, 0, NULL, NULL, NULL, NULL, NULL, 1, 0, 102, 71, NULL, NULL, NULL, NULL, 0, 0, 0, NULL),
(98, 13, 'Jump', 'images/generated/pet_98_1760165885_1373.png', '2025-10-11 06:56:19', NULL, NULL, NULL, NULL, 0, 'Male', 40, 3, 0, 0, NULL, 'Rampant Rabbit', NULL, NULL, NULL, NULL, NULL, NULL, NULL, NULL, NULL, NULL, NULL, NULL, NULL, NULL, NULL, NULL, NULL, '', 0, NULL, NULL, 'No', 'None', 0, NULL, NULL, NULL, NULL, NULL, NULL, 0, 0, 0, NULL, 'loner', 20, NULL, NULL, NULL, 0, 'scout', 92, 100, 72, 92, NULL, 20, NULL, NULL, NULL, 0, 0, 0, 0, NULL, NULL, 0, 0, NULL, 0, 0, 0, 1, NULL, 0, 0, '2025-10-13 14:33:56', NULL, 0, 0, 0, NULL, NULL, NULL, NULL, NULL, 1, 0, 106, 61, NULL, NULL, NULL, NULL, 0, 0, 0, NULL),
(99, 21, 'Chance', 'images/levels/adultbasic/Wildling_Rabbit.png', '2025-10-11 18:08:53', NULL, NULL, NULL, NULL, 0, 'Male', 0, 3, 0, 0, NULL, 'Wildling Rabbit', NULL, NULL, NULL, NULL, NULL, NULL, NULL, NULL, NULL, NULL, NULL, NULL, NULL, NULL, NULL, NULL, NULL, '', 0, NULL, NULL, 'No', 'None', 0, NULL, NULL, NULL, NULL, NULL, NULL, 0, 0, 0, NULL, 'loner', 24, NULL, NULL, NULL, 0, 'All', 92, 100, 92, 42, NULL, 2, NULL, NULL, NULL, 0, 0, 0, 0, NULL, NULL, 0, 0, NULL, 0, 0, 0, 1, NULL, 0, 0, NULL, NULL, 0, 0, 0, NULL, NULL, NULL, NULL, NULL, 0, 0, NULL, NULL, NULL, NULL, NULL, NULL, 0, 0, 0, NULL),
(100, 21, 'Lucky', 'images/levels/adultbasic/Rampant_Rabbit.png', '2025-10-11 18:09:23', NULL, NULL, NULL, NULL, 0, 'Female', 0, 3, 0, 0, NULL, 'Rampant Rabbit', NULL, NULL, NULL, NULL, NULL, NULL, NULL, NULL, NULL, NULL, NULL, NULL, NULL, NULL, NULL, NULL, NULL, '', 0, NULL, NULL, 'No', 'None', 0, NULL, NULL, NULL, NULL, NULL, NULL, 0, 0, 0, NULL, 'loner', NULL, NULL, NULL, NULL, 0, NULL, 92, 100, 92, 92, NULL, 92, NULL, NULL, NULL, 0, 0, 0, 0, NULL, NULL, 0, 0, NULL, 0, 0, 0, 1, NULL, 0, 0, NULL, NULL, 0, 0, 0, NULL, NULL, NULL, NULL, NULL, 0, 0, NULL, NULL, NULL, NULL, NULL, NULL, 0, 0, 0, NULL),
(101, 22, 'Zee', 'images/levels/adultbasic/Wildling_Rabbit.png', '2025-10-12 01:43:21', NULL, NULL, NULL, NULL, 0, 'Male', 0, 3, 0, 0, NULL, 'Wildling Rabbit', NULL, NULL, NULL, NULL, NULL, NULL, NULL, NULL, NULL, NULL, NULL, NULL, NULL, NULL, NULL, NULL, NULL, '', 0, NULL, NULL, 'No', 'None', 0, NULL, NULL, NULL, NULL, NULL, NULL, 0, 0, 0, NULL, 'loner', 25, NULL, NULL, NULL, 0, 'All', 84, 73, 0, 32, NULL, 2, NULL, 'Low Health', NULL, 0, 0, 0, 0, NULL, NULL, 0, 0, NULL, 0, 0, 0, 1, NULL, 1, 0, NULL, NULL, 0, 0, 0, NULL, NULL, NULL, NULL, NULL, 0, 0, NULL, NULL, NULL, NULL, NULL, NULL, 0, 0, 0, NULL),
(102, 22, 'Za', 'images/levels/adultbasic/Feral_Rabbit.png', '2025-10-12 01:46:28', NULL, NULL, NULL, NULL, 0, 'Female', 0, 3, 0, 0, NULL, 'Feral Rabbit', NULL, NULL, NULL, NULL, NULL, NULL, NULL, NULL, NULL, NULL, NULL, NULL, NULL, NULL, NULL, NULL, NULL, '', 0, NULL, NULL, 'No', 'None', 0, NULL, NULL, NULL, NULL, NULL, NULL, 0, 0, 0, NULL, 'loner', 25, NULL, NULL, NULL, 0, 'reserve', 92, 100, 92, 92, NULL, 92, NULL, NULL, NULL, 0, 0, 0, 0, NULL, NULL, 0, 0, NULL, 0, 0, 0, 1, NULL, 0, 0, NULL, NULL, 0, 0, 0, NULL, NULL, NULL, NULL, NULL, 1, 0, NULL, NULL, NULL, NULL, NULL, NULL, 0, 0, 0, NULL),
(103, 14, 'Bullseye', 'images/levels/adultbasic/Wildling_Rabbit.png', '2025-10-12 01:52:01', NULL, NULL, NULL, NULL, 0, 'Male', 0, 3, 0, 0, NULL, 'Wildling Rabbit', NULL, NULL, NULL, NULL, NULL, NULL, NULL, NULL, NULL, NULL, NULL, NULL, NULL, NULL, NULL, NULL, NULL, '', 0, NULL, NULL, 'No', 'None', 0, NULL, NULL, NULL, NULL, NULL, NULL, 0, 0, 0, NULL, 'loner', 12, NULL, NULL, NULL, 0, 'reserve', 92, 100, 72, 92, NULL, 92, NULL, NULL, NULL, 0, 0, 0, 0, NULL, NULL, 0, 0, NULL, 0, 0, 0, 1, NULL, 0, 0, NULL, NULL, 0, 0, 0, NULL, NULL, NULL, NULL, NULL, 1, 0, NULL, NULL, NULL, NULL, NULL, NULL, 0, 0, 0, NULL),
(104, 14, 'Whiteout', 'images/levels/adultbasic/Rampant_Rabbit.png', '2025-10-12 04:13:22', NULL, NULL, NULL, NULL, 0, 'Female', 0, 3, 0, 0, NULL, 'Rampant Rabbit', NULL, NULL, NULL, NULL, NULL, NULL, NULL, NULL, NULL, NULL, NULL, NULL, NULL, NULL, NULL, NULL, NULL, '', 0, NULL, NULL, 'No', 'None', 0, NULL, NULL, NULL, NULL, NULL, NULL, 0, 0, 0, NULL, 'loner', 12, NULL, NULL, NULL, 0, 'reserve', 92, 100, 92, 92, NULL, 92, NULL, NULL, NULL, 0, 0, 0, 0, NULL, NULL, 0, 0, NULL, 0, 0, 0, 1, NULL, 0, 0, NULL, NULL, 0, 0, 0, NULL, NULL, NULL, NULL, NULL, 1, 0, NULL, NULL, NULL, NULL, NULL, NULL, 0, 0, 0, NULL),
(105, 4, 'Sheena (Is a Punk Rocker)', 'images/generated/pet_105_1760248101_1195.png', '2025-10-12 05:46:26', NULL, NULL, NULL, NULL, 1, 'Female', 0, 3, 0, 0, NULL, 'Rampant Rabbit', NULL, NULL, NULL, NULL, NULL, NULL, NULL, NULL, NULL, NULL, NULL, NULL, NULL, NULL, NULL, NULL, NULL, '', 0, NULL, NULL, 'No', 'Joey Ramone', 106, NULL, NULL, NULL, NULL, NULL, NULL, 0, 0, 0, NULL, 'loner', 11, NULL, NULL, NULL, 0, 'reserve', 92, 100, 92, 92, NULL, 92, NULL, NULL, NULL, 0, 0, 0, 0, NULL, NULL, 0, 0, NULL, 0, 0, 0, 1, NULL, 0, 0, NULL, NULL, 0, 0, 0, NULL, NULL, NULL, NULL, NULL, 1, 0, 273, 128, NULL, NULL, NULL, NULL, 0, 0, 0, NULL),
(106, 4, 'Joey Ramone', 'images/generated/pet_106_1760248138_4686.png', '2025-10-12 05:47:32', NULL, NULL, NULL, NULL, 1, 'Male', 0, 3, 0, 0, NULL, 'Rampant Rabbit', NULL, NULL, NULL, NULL, NULL, NULL, NULL, NULL, NULL, NULL, NULL, NULL, NULL, NULL, NULL, NULL, NULL, '', 0, NULL, NULL, 'No', 'None', 0, NULL, NULL, NULL, NULL, NULL, NULL, 0, 0, 0, NULL, 'loner', 11, NULL, NULL, NULL, 0, 'reserve', 92, 100, 92, 92, NULL, 92, NULL, NULL, NULL, 0, 0, 0, 0, NULL, NULL, 0, 0, NULL, 0, 0, 0, 1, NULL, 0, 0, NULL, NULL, 0, 0, 0, NULL, NULL, NULL, NULL, NULL, 1, 0, 274, 129, NULL, NULL, NULL, NULL, 0, 0, 0, NULL),
(202, 3, 'Agate', '/images/generated/kits/kit_adult_1759882574_5702_v0.png', '2025-10-12 19:11:57', NULL, NULL, 'Queenie', 'Rutherford', 0, 'Male', 5, 3, 0, 0, NULL, 'Feral Rabbit', NULL, NULL, NULL, NULL, NULL, NULL, NULL, NULL, NULL, NULL, NULL, NULL, NULL, NULL, NULL, NULL, NULL, '', 0, NULL, NULL, 'No', 'None', 0, NULL, NULL, NULL, NULL, NULL, NULL, 0, 0, 0, NULL, 'reserve', 10, NULL, NULL, NULL, 0, NULL, 89, 100, 87, 92, NULL, 92, NULL, NULL, NULL, 0, 0, NULL, 0, 2, NULL, 0, 0, NULL, 0, 0, 0, 1, NULL, 0, 0, NULL, '2025-12-13 22:23:21', 0, 1, 0, NULL, NULL, NULL, NULL, NULL, 1, 0, NULL, NULL, NULL, '/images/generated/kits/kit_adult_1759882574_5702_v0.png', 'Mixed Fox', NULL, 0, 0, 0, NULL),
(203, 4, 'Newborn#582', '/images/generated/kits/kit_adult_1759883180_1428_v0.png', '2025-10-12 19:11:57', NULL, NULL, 'Fawn', 'Butch', 0, 'Female', 0, 3, 0, 0, NULL, 'Wildling Rabbit', NULL, NULL, NULL, NULL, NULL, NULL, NULL, NULL, NULL, NULL, NULL, NULL, NULL, NULL, NULL, NULL, NULL, '', 0, NULL, NULL, 'No', 'None', 0, NULL, NULL, NULL, NULL, NULL, NULL, 0, 0, 0, NULL, 'reserve', 11, NULL, NULL, NULL, 0, NULL, 92, 100, 92, 92, NULL, 92, NULL, NULL, NULL, 0, 0, NULL, 0, 4, NULL, 0, 0, NULL, 0, 0, 0, 1, NULL, 0, 0, NULL, NULL, 0, 0, 0, NULL, NULL, NULL, NULL, NULL, 1, 0, NULL, NULL, NULL, '/images/generated/kits/kit_adult_1759883180_1428_v0.png', 'Mixed Fox', NULL, 0, 0, 0, NULL),
(204, 5, 'Newborn#419', '/images/generated/kits/kit_adult_1759885920_6664_v0.png', '2025-10-12 19:11:57', NULL, NULL, 'Mothra', 'King Ghidorah', 0, 'Female', 0, 3, 0, 0, NULL, 'Wildling Rabbit', NULL, NULL, NULL, NULL, NULL, NULL, NULL, NULL, NULL, NULL, NULL, NULL, NULL, NULL, NULL, NULL, NULL, '', 0, NULL, NULL, 'No', 'None', 0, NULL, NULL, NULL, NULL, NULL, NULL, 0, 0, 0, NULL, 'reserve', 12, NULL, NULL, NULL, 0, NULL, 92, 100, 92, 92, NULL, 92, NULL, NULL, NULL, 0, 0, NULL, 0, 6, NULL, 0, 0, NULL, 0, 0, 0, 1, NULL, 0, 0, NULL, NULL, 0, 0, 0, NULL, NULL, NULL, NULL, NULL, 1, 0, NULL, NULL, NULL, '/images/generated/kits/kit_adult_1759885920_6664_v0.png', 'Mixed Fox', NULL, 0, 0, 0, NULL),
(205, 6, 'Base', '/images/generated/kits/kit_adult_1759989507_8903_v0.png', '2025-10-12 19:11:57', NULL, NULL, 'Rox', 'Battles', 5, 'Female', 75, 3, 0, 0, NULL, 'Wildling Rabbit', NULL, NULL, NULL, NULL, NULL, NULL, NULL, NULL, NULL, NULL, NULL, NULL, NULL, NULL, NULL, NULL, NULL, '', 0, NULL, NULL, 'No', 'Newborn#475', 318, NULL, NULL, NULL, NULL, NULL, NULL, 0, 0, 0, NULL, 'reserve', 13, NULL, NULL, NULL, 0, NULL, 77, 100, 67, 92, NULL, 92, NULL, NULL, NULL, 0, 0, NULL, 1, 8, NULL, 0, 0, NULL, 0, 0, 0, 1, NULL, 0, 0, '2025-11-01 15:17:50', '2025-12-15 13:37:46', 5, 2, 1, NULL, NULL, NULL, NULL, NULL, 1, 0, NULL, NULL, NULL, '/images/generated/kits/kit_adult_1759989507_8903_v0.png', 'Mixed Fox', NULL, 1, 0, 0, NULL),
(206, 6, 'Newborn#798', '/images/generated/kits/kit_adult_1759989507_8903_v0.png', '2025-10-12 19:11:57', NULL, NULL, 'Rox', 'Battles', 2, 'Male', 30, 3, 0, 0, NULL, 'Wildling Rabbit', NULL, NULL, NULL, NULL, NULL, NULL, NULL, NULL, NULL, NULL, NULL, NULL, NULL, NULL, NULL, NULL, NULL, '', 0, NULL, NULL, 'No', 'None', 0, NULL, NULL, NULL, NULL, NULL, NULL, 0, 0, 0, NULL, 'reserve', 13, NULL, NULL, NULL, 0, NULL, 74, 100, 62, 92, NULL, 92, NULL, NULL, NULL, 0, 0, NULL, 0, 8, NULL, 0, 0, NULL, 0, 0, 0, 1, NULL, 0, 0, NULL, '2025-12-15 13:37:46', 3, 2, 1, NULL, NULL, NULL, NULL, NULL, 1, 0, NULL, NULL, NULL, '/images/generated/kits/kit_adult_1759989507_8903_v0.png', 'Mixed Fox', NULL, 0, 0, 0, NULL),
(207, 1, 'Newborn#525', '/images/generated/kits/kit_adult_1759956567_5819_v0.png', '2025-10-12 19:11:57', NULL, NULL, 'Maple', 'Forest', 0, 'Female', 0, 3, 0, 0, NULL, 'Wildling Rabbit', NULL, NULL, NULL, NULL, NULL, NULL, NULL, NULL, NULL, NULL, NULL, NULL, NULL, NULL, NULL, NULL, NULL, '', 0, NULL, NULL, 'No', 'None', 0, NULL, NULL, NULL, NULL, NULL, NULL, 0, 0, 0, NULL, 'reserve', 14, NULL, NULL, NULL, 0, NULL, 100, 100, 100, 0, '2025-11-05', 0, '2025-11-05', NULL, NULL, 0, 0, NULL, 0, 10, NULL, 0, 0, NULL, 0, 0, 3, 0, NULL, 0, 0, NULL, NULL, 0, 0, 0, '2025-11-07 23:00:02', 'Dehydration', '2025-11-07 23:00:02', 'Dehydration', NULL, 1, 0, NULL, NULL, NULL, '/images/generated/kits/kit_adult_1759956567_5819_v0.png', 'Mixed Fox', NULL, 0, 0, 0, NULL),
(208, 1, 'Newborn#778', '/images/generated/kits/kit_adult_1759956567_5819_v0.png', '2025-10-12 19:11:57', NULL, NULL, 'Maple', 'Forest', 0, 'Female', 0, 3, 0, 0, NULL, 'Wildling Rabbit', NULL, NULL, NULL, NULL, NULL, NULL, NULL, NULL, NULL, NULL, NULL, NULL, NULL, NULL, NULL, NULL, NULL, '', 0, NULL, NULL, 'No', 'None', 0, NULL, NULL, NULL, NULL, NULL, NULL, 0, 0, 0, NULL, 'reserve', 14, NULL, NULL, NULL, 0, NULL, 100, 100, 100, 0, '2025-11-05', 0, '2025-11-05', NULL, NULL, 0, 0, NULL, 0, 10, NULL, 0, 0, NULL, 0, 0, 3, 0, NULL, 0, 0, NULL, NULL, 0, 0, 0, '2025-11-07 23:00:02', 'Dehydration', '2025-11-07 23:00:02', 'Dehydration', NULL, 1, 0, NULL, NULL, NULL, '/images/generated/kits/kit_adult_1759956567_5819_v0.png', 'Mixed Fox', NULL, 0, 0, 0, NULL),
(209, 3, 'Kaleidoscope', '/images/generated/kits/kit_adult_1759954905_4134_v0.png', '2025-10-12 19:11:57', NULL, NULL, 'Sheba', 'Alpha', 0, 'Male', 5, 3, 0, 0, NULL, 'Wildling Rabbit', NULL, NULL, NULL, NULL, NULL, NULL, NULL, NULL, NULL, NULL, NULL, NULL, NULL, NULL, NULL, NULL, NULL, '', 0, NULL, NULL, 'No', 'None', 0, NULL, NULL, NULL, NULL, NULL, NULL, 0, 0, 0, NULL, 'reserve', 10, NULL, NULL, NULL, 0, NULL, 89, 100, 87, 92, NULL, 92, NULL, NULL, NULL, 0, 0, NULL, 0, 11, NULL, 0, 0, NULL, 0, 0, 0, 1, NULL, 0, 0, NULL, '2025-12-13 22:23:21', 0, 0, 1, NULL, NULL, NULL, NULL, NULL, 1, 0, NULL, NULL, NULL, '/images/generated/kits/kit_adult_1759954905_4134_v0.png', 'Mixed Fox', NULL, 0, 0, 0, NULL),
(210, 3, 'Born To Be Bad', '/images/generated/kits/kit_adult_1759954905_4134_v0.png', '2025-10-12 19:11:57', NULL, NULL, 'Sheba', 'Alpha', 0, 'Female', 5, 3, 0, 0, NULL, 'Wildling Rabbit', NULL, NULL, NULL, NULL, NULL, NULL, NULL, NULL, NULL, NULL, NULL, NULL, NULL, NULL, NULL, NULL, NULL, '', 0, NULL, NULL, 'No', 'None', 0, NULL, NULL, NULL, NULL, NULL, NULL, 0, 0, 0, NULL, 'reserve', 10, NULL, NULL, NULL, 0, NULL, 89, 100, 87, 92, NULL, 92, NULL, NULL, NULL, 0, 0, NULL, 0, 11, NULL, 0, 0, NULL, 0, 0, 0, 1, NULL, 0, 0, NULL, '2025-12-13 22:23:21', 0, 1, 0, NULL, NULL, NULL, NULL, NULL, 1, 0, NULL, NULL, NULL, '/images/generated/kits/kit_adult_1759954905_4134_v0.png', 'Mixed Fox', NULL, 0, 0, 0, NULL),
(211, 8, 'Newborn#131', '/images/generated/kits/kit_adult_1759956353_1507_v0.png', '2025-10-12 19:11:57', NULL, NULL, 'Rubis', 'Emerald', 0, 'Male', 0, 3, 0, 0, NULL, 'Feral Rabbit', NULL, NULL, NULL, NULL, NULL, NULL, NULL, NULL, NULL, NULL, NULL, NULL, NULL, NULL, NULL, NULL, NULL, '', 0, NULL, NULL, 'No', 'None', 0, NULL, NULL, NULL, NULL, NULL, NULL, 0, 0, 0, NULL, 'reserve', 15, NULL, NULL, NULL, 0, NULL, 92, 100, 92, 92, NULL, 92, NULL, NULL, NULL, 0, 0, NULL, 0, 12, NULL, 0, 0, NULL, 0, 0, 0, 1, NULL, 0, 0, NULL, NULL, 0, 0, 0, NULL, NULL, NULL, NULL, NULL, 1, 0, NULL, NULL, NULL, '/images/generated/kits/kit_adult_1759956353_1507_v0.png', 'Mixed Fox', NULL, 0, 0, 0, NULL),
(212, 8, 'Newborn#427', '/images/generated/kits/kit_adult_1759956353_1507_v0.png', '2025-10-12 19:11:57', NULL, NULL, 'Rubis', 'Emerald', 0, 'Female', 0, 3, 0, 0, NULL, 'Feral Rabbit', NULL, NULL, NULL, NULL, NULL, NULL, NULL, NULL, NULL, NULL, NULL, NULL, NULL, NULL, NULL, NULL, NULL, '', 0, NULL, NULL, 'No', 'None', 0, NULL, NULL, NULL, NULL, NULL, NULL, 0, 0, 0, NULL, 'reserve', 15, NULL, NULL, NULL, 0, NULL, 92, 100, 92, 92, NULL, 92, NULL, NULL, NULL, 0, 0, NULL, 0, 12, NULL, 0, 0, NULL, 0, 0, 0, 1, NULL, 0, 0, NULL, NULL, 0, 0, 0, NULL, NULL, NULL, NULL, NULL, 1, 0, NULL, NULL, NULL, '/images/generated/kits/kit_adult_1759956353_1507_v0.png', 'Mixed Fox', NULL, 0, 0, 0, NULL),
(213, 1, 'Newborn#865', '/images/generated/kits/kit_adult_1759957056_1854_v0.png', '2025-10-12 19:11:57', NULL, NULL, 'Crystal', 'Leaf', 0, 'Male', 0, 3, 0, 0, NULL, 'Feral Rabbit', NULL, NULL, NULL, NULL, NULL, NULL, NULL, NULL, NULL, NULL, NULL, NULL, NULL, NULL, NULL, NULL, NULL, '', 0, NULL, NULL, 'No', 'None', 0, NULL, NULL, NULL, NULL, NULL, NULL, 0, 0, 0, NULL, 'reserve', 14, NULL, NULL, NULL, 0, NULL, 100, 100, 100, 0, '2025-11-05', 0, '2025-11-05', NULL, NULL, 0, 0, NULL, 0, 20, NULL, 0, 0, NULL, 0, 0, 3, 0, NULL, 0, 0, NULL, NULL, 0, 0, 0, '2025-11-07 23:00:02', 'Dehydration', '2025-11-07 23:00:02', 'Dehydration', NULL, 1, 0, NULL, NULL, NULL, '/images/generated/kits/kit_adult_1759957056_1854_v0.png', 'Mixed Fox', NULL, 0, 0, 0, NULL),
(214, 1, 'Newborn#971', '/images/generated/kits/kit_adult_1759957056_1854_v0.png', '2025-10-12 19:11:57', NULL, NULL, 'Crystal', 'Leaf', 0, 'Female', 0, 3, 0, 0, NULL, 'Feral Rabbit', NULL, NULL, NULL, NULL, NULL, NULL, NULL, NULL, NULL, NULL, NULL, NULL, NULL, NULL, NULL, NULL, NULL, '', 0, NULL, NULL, 'No', 'None', 0, NULL, NULL, NULL, NULL, NULL, NULL, 0, 0, 0, NULL, 'reserve', 14, NULL, NULL, NULL, 0, NULL, 100, 100, 100, 0, '2025-11-05', 0, '2025-11-05', NULL, NULL, 0, 0, NULL, 0, 20, NULL, 0, 0, NULL, 0, 0, 3, 0, NULL, 0, 0, NULL, NULL, 0, 0, 0, '2025-11-07 23:00:02', 'Dehydration', '2025-11-07 23:00:02', 'Dehydration', NULL, 1, 0, NULL, NULL, NULL, '/images/generated/kits/kit_adult_1759957056_1854_v0.png', 'Mixed Fox', NULL, 0, 0, 0, NULL),
(215, 10, 'Dilly Dally', '/images/generated/kits/kit_adult_1759990056_8521_v0.png', '2025-10-12 19:11:57', NULL, NULL, 'Aurora Skies', 'River Whisper', 0, 'Female', 10, 3, 0, 0, NULL, 'Rampant Rabbit', NULL, NULL, NULL, NULL, NULL, NULL, NULL, NULL, NULL, NULL, NULL, NULL, NULL, NULL, NULL, NULL, NULL, '', 0, NULL, NULL, 'No', 'None', 0, NULL, NULL, NULL, NULL, NULL, NULL, 0, 0, 0, NULL, 'reserve', 17, NULL, NULL, NULL, 0, NULL, 86, 100, 82, 92, NULL, 92, NULL, NULL, NULL, 0, 0, NULL, 0, 34, NULL, 0, 0, NULL, 0, 0, 0, 1, NULL, 0, 0, NULL, '2025-10-29 06:20:03', 0, 1, 1, NULL, NULL, NULL, NULL, NULL, 1, 0, NULL, NULL, NULL, '/images/generated/kits/kit_adult_1759990056_8521_v0.png', 'Mixed Fox', NULL, 0, 0, 0, NULL),
(216, 6, 'Newborn#335', '/images/generated/kits/kit_adult_1759988875_6382_v0.png', '2025-10-12 19:11:57', NULL, NULL, 'Fall', 'Spark', 6, 'Female', 45, 3, 0, 0, NULL, 'Rampant Rabbit', NULL, NULL, NULL, NULL, NULL, NULL, NULL, NULL, NULL, NULL, NULL, NULL, NULL, NULL, NULL, NULL, NULL, '', 0, NULL, NULL, 'No', 'Newborn#219', 347, NULL, NULL, NULL, NULL, NULL, NULL, 0, 0, 0, NULL, 'reserve', 13, NULL, NULL, NULL, 0, NULL, 77, 100, 67, 92, NULL, 92, NULL, NULL, NULL, 0, 0, NULL, 1, 35, NULL, 0, 0, NULL, 0, 0, 0, 1, NULL, 0, 0, NULL, '2025-12-15 13:37:46', 5, 3, 1, NULL, NULL, NULL, NULL, NULL, 1, 0, NULL, NULL, NULL, '/images/generated/kits/kit_adult_1759988875_6382_v0.png', 'Mixed Fox', NULL, 0, 0, 0, NULL),
(217, 6, 'Newborn#929', '/images/generated/kits/kit_adult_1759988875_6382_v0.png', '2025-10-12 19:11:57', NULL, NULL, 'Fall', 'Spark', 4, 'Male', 30, 3, 0, 0, NULL, 'Rampant Rabbit', NULL, NULL, NULL, NULL, NULL, NULL, NULL, NULL, NULL, NULL, NULL, NULL, NULL, NULL, NULL, NULL, NULL, '', 0, NULL, NULL, 'No', 'None', 0, NULL, NULL, NULL, NULL, NULL, NULL, 0, 0, 0, NULL, 'reserve', 13, NULL, NULL, NULL, 0, NULL, 74, 100, 62, 92, NULL, 92, NULL, NULL, NULL, 0, 0, NULL, 0, 35, NULL, 0, 0, NULL, 0, 0, 0, 1, NULL, 0, 0, NULL, '2025-12-15 13:37:46', 2, 3, 1, NULL, NULL, NULL, NULL, NULL, 1, 0, NULL, NULL, NULL, '/images/generated/kits/kit_adult_1759988875_6382_v0.png', 'Mixed Fox', NULL, 0, 0, 0, NULL),
(218, 6, 'Newborn#567', '/images/generated/kits/kit_adult_1759988875_6382_v0.png', '2025-10-12 19:11:57', NULL, NULL, 'Fall', 'Spark', 1, 'Male', 35, 3, 0, 0, NULL, 'Rampant Rabbit', NULL, NULL, NULL, NULL, NULL, NULL, NULL, NULL, NULL, NULL, NULL, NULL, NULL, NULL, NULL, NULL, NULL, '', 0, NULL, NULL, 'No', 'None', 0, NULL, NULL, NULL, NULL, NULL, NULL, 0, 0, 0, NULL, 'reserve', 13, NULL, NULL, NULL, 0, NULL, 71, 100, 57, 92, NULL, 92, NULL, NULL, NULL, 0, 0, NULL, 0, 35, NULL, 0, 0, NULL, 0, 0, 0, 1, NULL, 0, 0, NULL, '2025-12-15 13:37:46', 4, 3, 0, NULL, NULL, NULL, NULL, NULL, 1, 0, NULL, NULL, NULL, '/images/generated/kits/kit_adult_1759988875_6382_v0.png', 'Mixed Fox', NULL, 0, 0, 0, NULL),
(219, 6, 'Newborn#438', '/images/generated/kits/kit_adult_1759988959_1566_v0.png', '2025-10-12 19:11:57', NULL, NULL, 'Feek', 'Spark', 6, 'Female', 40, 3, 0, 0, NULL, 'Rampant Rabbit', NULL, NULL, NULL, NULL, NULL, NULL, NULL, NULL, NULL, NULL, NULL, NULL, NULL, NULL, NULL, NULL, NULL, '', 0, NULL, NULL, 'No', 'Newborn#355', 325, NULL, NULL, NULL, NULL, NULL, NULL, 0, 0, 0, NULL, 'reserve', 13, NULL, NULL, NULL, 0, NULL, 77, 100, 67, 92, NULL, 92, NULL, NULL, NULL, 0, 0, NULL, 1, 36, NULL, 0, 0, NULL, 0, 0, 0, 1, NULL, 0, 0, NULL, '2025-12-15 13:37:46', 4, 2, 2, NULL, NULL, NULL, NULL, NULL, 1, 0, NULL, NULL, NULL, '/images/generated/kits/kit_adult_1759988959_1566_v0.png', 'Mixed Fox', NULL, 0, 0, 0, NULL),
(220, 6, 'Newborn#710', '/images/generated/kits/kit_adult_1759988959_1566_v0.png', '2025-10-12 19:11:57', NULL, NULL, 'Feek', 'Spark', 1, 'Male', 35, 3, 0, 0, NULL, 'Rampant Rabbit', NULL, NULL, NULL, NULL, NULL, NULL, NULL, NULL, NULL, NULL, NULL, NULL, NULL, NULL, NULL, NULL, NULL, '', 0, NULL, NULL, 'No', 'None', 0, NULL, NULL, NULL, NULL, NULL, NULL, 0, 0, 0, NULL, 'reserve', 13, NULL, NULL, NULL, 0, NULL, 71, 100, 57, 92, NULL, 92, NULL, NULL, NULL, 0, 0, NULL, 0, 36, NULL, 0, 0, NULL, 0, 0, 0, 1, NULL, 0, 0, NULL, '2025-12-15 13:37:46', 2, 5, 0, NULL, NULL, NULL, NULL, NULL, 1, 0, NULL, NULL, NULL, '/images/generated/kits/kit_adult_1759988959_1566_v0.png', 'Mixed Fox', NULL, 0, 0, 0, NULL),
(221, 6, 'Newborn#476', '/images/generated/kits/kit_adult_1759988959_1566_v0.png', '2025-10-12 19:11:57', NULL, NULL, 'Feek', 'Spark', 1, 'Male', 40, 3, 0, 0, NULL, 'Rampant Rabbit', NULL, NULL, NULL, NULL, NULL, NULL, NULL, NULL, NULL, NULL, NULL, NULL, NULL, NULL, NULL, NULL, NULL, '', 0, NULL, NULL, 'No', 'None', 0, NULL, NULL, NULL, NULL, NULL, NULL, 0, 0, 0, NULL, 'reserve', 13, NULL, NULL, NULL, 0, NULL, 68, 100, 52, 92, NULL, 92, NULL, NULL, NULL, 0, 0, NULL, 0, 36, NULL, 0, 0, NULL, 0, 0, 0, 1, NULL, 0, 0, NULL, '2025-12-15 13:37:46', 4, 2, 2, NULL, NULL, NULL, NULL, NULL, 1, 0, NULL, NULL, NULL, '/images/generated/kits/kit_adult_1759988959_1566_v0.png', 'Mixed Fox', NULL, 0, 0, 0, NULL),
(222, 6, 'Newborn#345', '/images/generated/kits/kit_adult_1759988963_8952_v0.png', '2025-10-12 19:11:57', NULL, NULL, 'Ramps', 'Spark', 5, 'Female', 40, 3, 0, 0, NULL, 'Rampant Rabbit', NULL, NULL, NULL, NULL, NULL, NULL, NULL, NULL, NULL, NULL, NULL, NULL, NULL, NULL, NULL, NULL, NULL, '', 0, NULL, NULL, 'No', 'Newborn#432', 240, NULL, NULL, NULL, NULL, NULL, NULL, 0, 0, 0, NULL, 'reserve', 13, NULL, NULL, NULL, 0, NULL, 77, 100, 67, 92, NULL, 92, NULL, NULL, NULL, 0, 0, NULL, 1, 37, NULL, 0, 0, NULL, 0, 0, 0, 1, NULL, 0, 0, NULL, '2025-12-15 13:37:46', 3, 3, 2, NULL, NULL, NULL, NULL, NULL, 1, 0, NULL, NULL, NULL, '/images/generated/kits/kit_adult_1759988963_8952_v0.png', 'Mixed Fox', NULL, 0, 0, 0, NULL),
(223, 6, 'Base', '/images/generated/kits/kit_adult_1759989504_3511_v0.png', '2025-10-12 19:11:57', NULL, NULL, 'Fers', 'Feral', 3, 'Male', 35, 3, 0, 0, NULL, 'Feral Rabbit', NULL, NULL, NULL, NULL, NULL, NULL, NULL, NULL, NULL, NULL, NULL, NULL, NULL, NULL, NULL, NULL, NULL, '', 0, NULL, NULL, 'No', 'None', 0, NULL, NULL, NULL, NULL, NULL, NULL, 0, 0, 0, NULL, 'reserve', 13, NULL, NULL, NULL, 0, NULL, 71, 100, 57, 92, NULL, 92, NULL, NULL, NULL, 0, 0, NULL, 0, 41, NULL, 0, 0, NULL, 0, 0, 0, 1, NULL, 0, 0, NULL, '2025-12-15 13:37:46', 3, 3, 1, NULL, NULL, NULL, NULL, NULL, 1, 0, NULL, NULL, NULL, '/images/generated/kits/kit_adult_1759989504_3511_v0.png', 'Mixed Fox', NULL, 0, 0, 0, NULL),
(224, 6, 'Newborn#657', '/images/generated/kits/kit_adult_1759989510_5243_v0.png', '2025-10-12 19:11:57', NULL, NULL, 'Scitchy', 'Battles', 5, 'Female', 65, 3, 0, 0, NULL, 'Wildling Rabbit', NULL, NULL, NULL, NULL, NULL, NULL, NULL, NULL, NULL, NULL, NULL, NULL, NULL, NULL, NULL, NULL, NULL, '', 0, NULL, NULL, 'No', '1', 47, NULL, NULL, NULL, NULL, NULL, NULL, 0, 0, 0, NULL, 'reserve', 13, NULL, NULL, NULL, 0, NULL, 80, 100, 72, 92, NULL, 92, NULL, NULL, NULL, 0, 0, NULL, 1, 42, NULL, 0, 0, NULL, 0, 0, 0, 1, NULL, 0, 0, '2025-11-01 15:17:50', '2025-12-15 13:37:46', 1, 3, 1, NULL, NULL, NULL, NULL, NULL, 1, 0, NULL, NULL, NULL, '/images/generated/kits/kit_adult_1759989510_5243_v0.png', 'Mixed Fox', NULL, 0, 0, 0, NULL),
(225, 6, 'Newborn#150', 'images/generated/pet_225_1761170502_6749.png', '2025-10-12 19:11:57', NULL, NULL, 'Scitchy', 'Battles', 1, 'Male', 45, 3, 0, 0, NULL, 'Wildling Rabbit', NULL, NULL, NULL, NULL, NULL, NULL, NULL, NULL, NULL, NULL, NULL, NULL, NULL, NULL, NULL, NULL, NULL, '', 0, NULL, NULL, 'No', 'None', 0, NULL, NULL, NULL, NULL, NULL, NULL, 0, 0, 0, NULL, 'reserve', 13, NULL, NULL, NULL, 0, NULL, 82, 100, 0, 30, NULL, 26, NULL, NULL, NULL, 0, 0, NULL, 0, 42, NULL, 0, 0, NULL, 0, 0, 0, 1, NULL, 0, 0, '2025-11-01 15:17:50', '2025-11-01 14:24:34', 0, 0, 1, NULL, NULL, NULL, NULL, NULL, 1, 0, 22, 71, NULL, '/images/generated/kits/kit_adult_1759989510_5243_v0.png', 'Mixed Fox', NULL, 0, 0, 0, NULL),
(226, 6, 'Base', '/images/generated/kits/kit_adult_1759989510_5243_v0.png', '2025-10-12 19:11:57', NULL, NULL, 'Scitchy', 'Battles', 3, 'Male', 115, 3, 0, 0, NULL, 'Wildling Rabbit', NULL, NULL, NULL, NULL, NULL, NULL, NULL, NULL, NULL, NULL, NULL, NULL, NULL, NULL, NULL, NULL, NULL, '', 0, NULL, NULL, 'No', 'None', 0, NULL, NULL, NULL, NULL, NULL, NULL, 0, 0, 0, NULL, 'reserve', 13, NULL, NULL, NULL, 0, NULL, 80, 100, 62, 17, NULL, 23, NULL, NULL, NULL, 0, 0, NULL, 0, 42, NULL, 0, 0, NULL, 0, 0, 0, 1, NULL, 0, 0, '2025-11-06 21:52:14', '2025-12-15 13:37:46', 4, 2, 1, NULL, NULL, NULL, NULL, NULL, 1, 0, NULL, NULL, NULL, '/images/generated/kits/kit_adult_1759989510_5243_v0.png', 'Mixed Fox', NULL, 0, 0, 0, NULL),
(227, 6, 'Base', '/images/generated/kits/kit_adult_1759998979_8099_v0.png', '2025-10-12 19:11:57', NULL, NULL, 'Pizzazz', 'Feral', 4, 'Female', 30, 3, 0, 0, NULL, 'Feral Rabbit', NULL, NULL, NULL, NULL, NULL, NULL, NULL, NULL, NULL, NULL, NULL, NULL, NULL, NULL, NULL, NULL, NULL, '', 0, NULL, NULL, 'No', 'Scotchy', 44, NULL, NULL, NULL, NULL, NULL, NULL, 0, 0, 0, NULL, 'reserve', 13, NULL, NULL, NULL, 0, NULL, 80, 100, 72, 92, NULL, 92, NULL, NULL, NULL, 0, 0, NULL, 1, 45, NULL, 0, 0, NULL, 0, 0, 0, 1, NULL, 0, 0, NULL, '2025-12-15 13:37:46', 2, 2, 2, NULL, NULL, NULL, NULL, NULL, 1, 0, NULL, NULL, NULL, '/images/generated/kits/kit_adult_1759998979_8099_v0.png', 'Mixed Fox', NULL, 0, 0, 0, NULL),
(228, 6, 'Newborn#797', '/images/generated/kits/kit_adult_1759998979_8099_v0.png', '2025-10-12 19:11:57', NULL, NULL, 'Pizzazz', 'Feral', 5, 'Male', 30, 3, 0, 0, NULL, 'Feral Rabbit', NULL, NULL, NULL, NULL, NULL, NULL, NULL, NULL, NULL, NULL, NULL, NULL, NULL, NULL, NULL, NULL, NULL, '', 0, NULL, NULL, 'No', 'None', 0, NULL, NULL, NULL, NULL, NULL, NULL, 0, 0, 0, NULL, 'reserve', 13, NULL, NULL, NULL, 0, NULL, 74, 100, 62, 92, NULL, 92, NULL, NULL, NULL, 0, 0, NULL, 0, 45, NULL, 0, 0, NULL, 0, 0, 0, 1, NULL, 0, 0, NULL, '2025-12-15 13:37:46', 2, 1, 3, NULL, NULL, NULL, NULL, NULL, 1, 0, NULL, NULL, NULL, '/images/generated/kits/kit_adult_1759998979_8099_v0.png', 'Mixed Fox', NULL, 0, 0, 0, NULL),
(229, 11, 'Newborn#753', '/images/generated/kits/kit_adult_1760049242_5715_v0.png', '2025-10-12 19:11:57', NULL, NULL, 'Snowy', 'Rain Snow', 0, 'Male', 5, 3, 0, 0, NULL, 'Rampant Rabbit', NULL, NULL, NULL, NULL, NULL, NULL, NULL, NULL, NULL, NULL, NULL, NULL, NULL, NULL, NULL, NULL, NULL, '', 0, NULL, NULL, 'No', 'None', 0, NULL, NULL, NULL, NULL, NULL, NULL, 0, 0, 0, NULL, 'reserve', 18, NULL, NULL, NULL, 0, 'caretaker', 92, 45, 17, 42, NULL, 2, NULL, 'Low Health', NULL, 0, 0, NULL, 0, 46, NULL, 0, 0, NULL, 0, 0, 0, 1, NULL, 1, 0, NULL, '2025-10-31 19:49:42', 1, 0, 0, NULL, NULL, NULL, NULL, NULL, 1, 0, NULL, NULL, NULL, '/images/generated/kits/kit_adult_1760049242_5715_v0.png', 'Mixed Fox', NULL, 1, 0, 0, NULL),
(230, 11, 'Newborn#882', '/images/generated/kits/kit_adult_1760049242_5715_v0.png', '2025-10-12 19:11:57', NULL, NULL, 'Snowy', 'Rain Snow', 0, 'Male', 5, 3, 0, 0, NULL, 'Rampant Rabbit', NULL, NULL, NULL, NULL, NULL, NULL, NULL, NULL, NULL, NULL, NULL, NULL, NULL, NULL, NULL, NULL, NULL, '', 0, NULL, NULL, 'No', 'None', 0, NULL, NULL, NULL, NULL, NULL, NULL, 0, 0, 0, NULL, 'reserve', 18, NULL, NULL, NULL, 0, 'builder', 89, 21, 27, 92, NULL, 92, NULL, NULL, NULL, 0, 0, NULL, 0, 46, NULL, 0, 0, NULL, 0, 0, 0, 1, NULL, 0, 0, NULL, '2025-10-31 19:49:54', 0, 0, 1, NULL, NULL, NULL, NULL, NULL, 1, 0, NULL, NULL, NULL, '/images/generated/kits/kit_adult_1760049242_5715_v0.png', 'Mixed Fox', NULL, 1, 0, 0, NULL),
(231, 6, 'Newborn#910', '/images/generated/kits/kit_adult_1759997440_9531_v0.png', '2025-10-12 19:11:57', NULL, NULL, '2', '1', 2, 'Male', 35, 3, 0, 0, NULL, 'Wildling Rabbit', NULL, NULL, NULL, NULL, NULL, NULL, NULL, NULL, NULL, NULL, NULL, NULL, NULL, NULL, NULL, NULL, NULL, '', 0, NULL, NULL, 'No', 'None', 0, NULL, NULL, NULL, NULL, NULL, NULL, 0, 0, 0, NULL, 'reserve', 13, NULL, NULL, NULL, 0, NULL, 71, 100, 57, 92, NULL, 92, NULL, NULL, NULL, 0, 0, NULL, 0, 48, NULL, 0, 0, NULL, 0, 0, 0, 1, NULL, 0, 0, NULL, '2025-12-15 13:37:46', 1, 4, 2, NULL, NULL, NULL, NULL, NULL, 1, 0, NULL, NULL, NULL, '/images/generated/kits/kit_adult_1759997440_9531_v0.png', 'Mixed Fox', NULL, 0, 0, 0, NULL),
(232, 6, 'Newborn#449', '/images/generated/kits/kit_adult_1759997440_9531_v0.png', '2025-10-12 19:11:57', NULL, NULL, '2', '1', 6, 'Female', 40, 3, 0, 0, NULL, 'Wildling Rabbit', NULL, NULL, NULL, NULL, NULL, NULL, NULL, NULL, NULL, NULL, NULL, NULL, NULL, NULL, NULL, NULL, NULL, '', 0, NULL, NULL, 'No', '1', 47, NULL, NULL, NULL, NULL, NULL, NULL, 0, 0, 0, NULL, 'reserve', 13, NULL, NULL, NULL, 0, NULL, 77, 100, 67, 92, NULL, 92, NULL, NULL, NULL, 0, 0, NULL, 1, 48, NULL, 0, 0, NULL, 0, 0, 0, 1, NULL, 0, 0, NULL, '2025-12-15 13:37:46', 2, 4, 2, NULL, NULL, NULL, NULL, NULL, 1, 0, NULL, NULL, NULL, '/images/generated/kits/kit_adult_1759997440_9531_v0.png', 'Mixed Fox', NULL, 0, 0, 0, NULL),
(233, 11, 'Newborn#676', '/images/generated/kits/kit_adult_1760005936_3931_v0.png', '2025-10-12 19:11:57', NULL, NULL, 'Snows', 'Rain Snow', 0, 'Female', 5, 3, 0, 0, NULL, 'Rampant Rabbit', NULL, NULL, NULL, NULL, NULL, NULL, NULL, NULL, NULL, NULL, NULL, NULL, NULL, NULL, NULL, NULL, NULL, '', 0, NULL, NULL, 'No', 'None', 0, NULL, NULL, NULL, NULL, NULL, NULL, 0, 0, 0, NULL, 'reserve', 18, NULL, NULL, NULL, 0, 'caretaker', 92, 100, 87, 42, NULL, 2, NULL, NULL, NULL, 0, 0, NULL, 0, 52, NULL, 0, 0, NULL, 0, 0, 0, 1, NULL, 0, 0, NULL, '2025-10-31 19:49:12', 0, 1, 0, NULL, NULL, NULL, NULL, NULL, 1, 0, NULL, NULL, NULL, '/images/generated/kits/kit_adult_1760005936_3931_v0.png', 'Mixed Fox', NULL, 0, 0, 0, NULL),
(234, 11, 'Newborn#534', '/images/generated/kits/kit_adult_1760005936_3931_v0.png', '2025-10-12 19:11:57', NULL, NULL, 'Snows', 'Rain Snow', 0, 'Female', 5, 3, 0, 0, NULL, 'Rampant Rabbit', NULL, NULL, NULL, NULL, NULL, NULL, NULL, NULL, NULL, NULL, NULL, NULL, NULL, NULL, NULL, NULL, NULL, '', 0, NULL, NULL, 'No', 'None', 0, NULL, NULL, NULL, NULL, NULL, NULL, 0, 0, 0, NULL, 'reserve', 18, NULL, NULL, NULL, 0, 'caretaker', 92, 100, 87, 42, NULL, 2, NULL, NULL, NULL, 0, 0, NULL, 0, 52, NULL, 0, 0, NULL, 0, 0, 0, 1, NULL, 0, 0, NULL, '2025-10-31 19:49:05', 1, 0, 0, NULL, NULL, NULL, NULL, NULL, 1, 0, NULL, NULL, NULL, '/images/generated/kits/kit_adult_1760005936_3931_v0.png', 'Mixed Fox', NULL, 0, 0, 0, NULL),
(235, 11, 'Newborn#509', '/images/generated/kits/kit_adult_1760005936_3931_v0.png', '2025-10-12 19:11:57', NULL, NULL, 'Snows', 'Rain Snow', 0, 'Female', 10, 3, 0, 0, NULL, 'Rampant Rabbit', NULL, NULL, NULL, NULL, NULL, NULL, NULL, NULL, NULL, NULL, NULL, NULL, NULL, NULL, NULL, NULL, NULL, '', 0, NULL, NULL, 'No', 'None', 0, NULL, NULL, NULL, NULL, NULL, NULL, 0, 0, 0, NULL, 'reserve', 18, NULL, NULL, NULL, 0, 'builder', 86, 100, 82, 92, NULL, 92, NULL, NULL, NULL, 0, 0, NULL, 0, 52, NULL, 0, 0, NULL, 0, 0, 0, 1, NULL, 0, 0, NULL, '2025-11-05 03:24:53', 1, 1, 0, NULL, NULL, NULL, NULL, NULL, 1, 0, NULL, NULL, NULL, '/images/generated/kits/kit_adult_1760005936_3931_v0.png', 'Mixed Fox', NULL, 0, 0, 0, NULL),
(236, 13, 'Newborn#684', '/images/generated/kits/kit_adult_1760050382_3796_v0.png', '2025-10-12 19:11:57', NULL, NULL, 'Swan', 'Seashell', 0, 'Female', 0, 3, 0, 0, NULL, 'Rampant Rabbit', NULL, NULL, NULL, NULL, NULL, NULL, NULL, NULL, NULL, NULL, NULL, NULL, NULL, NULL, NULL, NULL, NULL, '', 0, NULL, NULL, 'No', 'None', 0, NULL, NULL, NULL, NULL, NULL, NULL, 0, 0, 0, NULL, 'reserve', 20, NULL, NULL, NULL, 0, NULL, 92, 100, 92, 92, NULL, 92, NULL, NULL, NULL, 0, 0, NULL, 0, 55, NULL, 0, 0, NULL, 0, 0, 0, 1, NULL, 0, 0, NULL, NULL, 0, 0, 0, NULL, NULL, NULL, NULL, NULL, 1, 0, NULL, NULL, NULL, '/images/generated/kits/kit_adult_1760050382_3796_v0.png', 'Mixed Fox', NULL, 0, 0, 0, NULL),
(237, 13, 'Newborn#423', '/images/generated/kits/kit_adult_1760050382_3796_v0.png', '2025-10-12 19:11:57', NULL, NULL, 'Swan', 'Seashell', 0, 'Male', 0, 3, 0, 0, NULL, 'Rampant Rabbit', NULL, NULL, NULL, NULL, NULL, NULL, NULL, NULL, NULL, NULL, NULL, NULL, NULL, NULL, NULL, NULL, NULL, '', 0, NULL, NULL, 'No', 'None', 0, NULL, NULL, NULL, NULL, NULL, NULL, 0, 0, 0, NULL, 'reserve', 20, NULL, NULL, NULL, 0, NULL, 92, 100, 92, 92, NULL, 92, NULL, NULL, NULL, 0, 0, NULL, 0, 55, NULL, 0, 0, NULL, 0, 0, 0, 1, NULL, 0, 0, NULL, NULL, 0, 0, 0, NULL, NULL, NULL, NULL, NULL, 1, 0, NULL, NULL, NULL, '/images/generated/kits/kit_adult_1760050382_3796_v0.png', 'Mixed Fox', NULL, 0, 0, 0, NULL),
(238, 13, 'Newborn#764', '/images/generated/kits/kit_adult_1760050308_2946_v0.png', '2025-10-12 19:11:57', NULL, NULL, 'Moss', 'Mushroom', 0, 'Male', 0, 3, 0, 0, NULL, 'Wildling Rabbit', NULL, NULL, NULL, NULL, NULL, NULL, NULL, NULL, NULL, NULL, NULL, NULL, NULL, NULL, NULL, NULL, NULL, '', 0, NULL, NULL, 'No', 'None', 0, NULL, NULL, NULL, NULL, NULL, NULL, 0, 0, 0, NULL, 'reserve', 20, NULL, NULL, NULL, 0, NULL, 92, 100, 92, 92, NULL, 92, NULL, NULL, NULL, 0, 0, NULL, 0, 57, NULL, 0, 0, NULL, 0, 0, 0, 1, NULL, 0, 0, NULL, NULL, 0, 0, 0, NULL, NULL, NULL, NULL, NULL, 1, 0, NULL, NULL, NULL, '/images/generated/kits/kit_adult_1760050308_2946_v0.png', 'Mixed Fox', NULL, 0, 0, 0, NULL),
(239, 13, 'Newborn#168', '/images/generated/kits/kit_adult_1760050308_2946_v0.png', '2025-10-12 19:11:57', NULL, NULL, 'Moss', 'Mushroom', 0, 'Female', 0, 3, 0, 0, NULL, 'Wildling Rabbit', NULL, NULL, NULL, NULL, NULL, NULL, NULL, NULL, NULL, NULL, NULL, NULL, NULL, NULL, NULL, NULL, NULL, '', 0, NULL, NULL, 'No', 'None', 0, NULL, NULL, NULL, NULL, NULL, NULL, 0, 0, 0, NULL, 'reserve', 20, NULL, NULL, NULL, 0, NULL, 92, 100, 92, 92, NULL, 92, NULL, NULL, NULL, 0, 0, NULL, 0, 57, NULL, 0, 0, NULL, 0, 0, 0, 1, NULL, 0, 0, NULL, NULL, 0, 0, 0, NULL, NULL, NULL, NULL, NULL, 1, 0, NULL, NULL, NULL, '/images/generated/kits/kit_adult_1760050308_2946_v0.png', 'Mixed Fox', NULL, 0, 0, 0, NULL),
(240, 6, 'Newborn#432', '/images/generated/kits/kit_adult_1760065854_6721_v0.png', '2025-10-12 19:11:57', NULL, NULL, 'Fee', 'Foo', 3, 'Male', 35, 3, 0, 0, NULL, 'Rampant Rabbit', NULL, NULL, NULL, NULL, NULL, NULL, NULL, NULL, NULL, NULL, NULL, NULL, NULL, NULL, NULL, NULL, NULL, '', 0, NULL, NULL, 'No', 'None', 0, NULL, NULL, NULL, NULL, NULL, NULL, 0, 0, 0, NULL, 'reserve', 13, NULL, NULL, NULL, 0, NULL, 71, 100, 57, 92, NULL, 92, NULL, NULL, NULL, 0, 0, NULL, 0, 63, NULL, 0, 0, NULL, 0, 0, 0, 1, NULL, 0, 0, NULL, '2025-12-15 13:37:46', 1, 3, 3, NULL, NULL, NULL, NULL, NULL, 1, 0, NULL, NULL, NULL, '/images/generated/kits/kit_adult_1760065854_6721_v0.png', 'Mixed Fox', NULL, 0, 0, 0, NULL),
(241, 6, 'Newborn#902', '/images/generated/kits/kit_adult_1760065854_6721_v0.png', '2025-10-12 19:11:57', NULL, NULL, 'Fee', 'Foo', 2, 'Male', 30, 3, 0, 0, NULL, 'Rampant Rabbit', NULL, NULL, NULL, NULL, NULL, NULL, NULL, NULL, NULL, NULL, NULL, NULL, NULL, NULL, NULL, NULL, NULL, '', 0, NULL, NULL, 'No', 'None', 0, NULL, NULL, NULL, NULL, NULL, NULL, 0, 0, 0, NULL, 'reserve', 13, NULL, NULL, NULL, 0, NULL, 74, 100, 62, 92, NULL, 92, NULL, NULL, NULL, 0, 0, NULL, 0, 63, NULL, 0, 0, NULL, 0, 0, 0, 1, NULL, 0, 0, NULL, '2025-12-15 13:37:46', 3, 1, 2, NULL, NULL, NULL, NULL, NULL, 1, 0, NULL, NULL, NULL, '/images/generated/kits/kit_adult_1760065854_6721_v0.png', 'Mixed Fox', NULL, 0, 0, 0, NULL),
(242, 6, 'Newborn#505', '/images/generated/kits/kit_adult_1760065860_7876_v0.png', '2025-10-12 19:11:57', NULL, NULL, 'Fix', 'Reex', 8, 'Female', 35, 3, 0, 0, NULL, 'Rampant Rabbit', NULL, NULL, NULL, NULL, NULL, NULL, NULL, NULL, NULL, NULL, NULL, NULL, NULL, NULL, NULL, NULL, NULL, '', 0, NULL, NULL, 'No', 'Newborn#355', 325, NULL, NULL, NULL, NULL, NULL, NULL, 0, 0, 0, NULL, 'reserve', 13, NULL, NULL, NULL, 0, 'scout', 100, 100, 0, 49, NULL, 63, NULL, NULL, NULL, 0, 0, NULL, 1, 65, NULL, 0, 0, NULL, 0, 0, 0, 1, NULL, 0, 0, NULL, '2025-12-15 13:37:46', 2, 3, 2, NULL, NULL, NULL, NULL, NULL, 1, 0, NULL, NULL, NULL, '/images/generated/kits/kit_adult_1760065860_7876_v0.png', 'Mixed Fox', NULL, 0, 0, 0, NULL),
(243, 6, 'Newborn#555', '/images/generated/kits/kit_adult_1760065867_1612_v0.png', '2025-10-12 19:11:57', NULL, NULL, 'Sleep', 'Reex', 8, 'Female', 35, 3, 0, 0, NULL, 'Rampant Rabbit', NULL, NULL, NULL, NULL, NULL, NULL, NULL, NULL, NULL, NULL, NULL, NULL, NULL, NULL, NULL, NULL, NULL, '', 0, NULL, NULL, 'No', 'Newborn#355', 325, NULL, NULL, NULL, NULL, NULL, NULL, 0, 0, 0, NULL, 'reserve', 13, NULL, NULL, NULL, 0, NULL, 80, 100, 72, 92, NULL, 92, NULL, NULL, NULL, 0, 0, NULL, 1, 66, NULL, 0, 0, NULL, 0, 0, 0, 1, NULL, 0, 0, NULL, '2025-12-15 13:37:46', 2, 4, 1, NULL, NULL, NULL, NULL, NULL, 1, 0, NULL, NULL, NULL, '/images/generated/kits/kit_adult_1760065867_1612_v0.png', 'Mixed Fox', NULL, 0, 0, 0, NULL),
(244, 15, 'Rainbow Bridge', 'images/generated/pet_244_1760303310_8678.png', '2025-10-12 21:06:28', NULL, NULL, NULL, NULL, 2, 'Female', 15, 3, 0, 0, NULL, 'Rampant Rabbit', NULL, NULL, NULL, NULL, NULL, NULL, NULL, NULL, NULL, NULL, NULL, NULL, NULL, NULL, NULL, NULL, NULL, '', 0, NULL, NULL, 'No', 'Snowball', 77, NULL, NULL, NULL, NULL, NULL, NULL, 0, 0, 0, NULL, 'loner', 18, NULL, NULL, NULL, 0, 'caretaker', 92, 100, 87, 42, NULL, 2, NULL, NULL, NULL, 0, 0, 0, 0, NULL, NULL, 0, 0, NULL, 0, 0, 0, 1, NULL, 0, 0, NULL, '2025-10-31 20:32:36', 1, 1, 1, NULL, NULL, NULL, NULL, NULL, 1, 0, 153, 125, NULL, NULL, NULL, NULL, 0, 0, 0, NULL);
INSERT INTO `user_pets` (`id`, `user_id`, `pet_name`, `pet_image`, `adopted_at`, `background`, `accessory`, `mother`, `father`, `offspring`, `gender`, `exp`, `level`, `skill`, `boosts`, `description`, `type`, `price`, `background_url`, `toy1`, `toy2`, `toy3`, `deco`, `marking1`, `marking2`, `marking3`, `toy1_x`, `toy1_y`, `toy2_x`, `toy2_y`, `toy3_x`, `toy3_y`, `deco_x`, `deco_y`, `base`, `sparring_wins`, `marking4`, `marking5`, `sale`, `mate`, `mate_id`, `due_date`, `last_quest`, `appearance_effect`, `appearance_size`, `appearance_pattern`, `temp_species`, `appearance_fluff`, `has_wings`, `appearance_glow`, `appearance_elemental`, `status`, `colony_id`, `apprentice_role`, `mentor_user_id`, `last_cared_for`, `growth_blocked`, `colony_role`, `mood`, `health`, `energy`, `hunger`, `hunger_zero_since`, `thirst`, `thirst_zero_since`, `sickness`, `injury`, `is_pregnant`, `is_kit`, `kit_level`, `needs_care`, `mother_id`, `father_id`, `inbreed_score`, `congenital_sick`, `congenital_note`, `has_inbreed_badge`, `fed_kits_today`, `hunger_strikes`, `is_alive`, `last_caretaker_action`, `is_sick`, `days_sick`, `last_rest_time`, `last_training_time`, `strength`, `agility`, `intellect`, `death_date`, `death_reason`, `date_of_death`, `cause_of_death`, `health_zero_since`, `is_reserve`, `battle_ready`, `base_inv_id`, `base_item_id`, `pregnant_adult_image`, `adult_image`, `variant_label`, `next_growth_at`, `reserve_can_fight`, `inbreeding_score`, `inbred_flag`, `inbreeding_history`) VALUES
(245, 3, 'Mary', 'images/generated/pet_245_1760311845_3347.png', '2025-10-12 23:29:35', NULL, NULL, NULL, NULL, 4, 'Female', 5, 3, 0, 0, NULL, 'Feral Rabbit', NULL, NULL, NULL, NULL, NULL, NULL, NULL, NULL, NULL, NULL, NULL, NULL, NULL, NULL, NULL, NULL, NULL, '', 0, NULL, NULL, 'No', 'Rutherford', 1, NULL, NULL, NULL, NULL, NULL, NULL, 0, 0, 0, NULL, 'loner', 10, NULL, NULL, NULL, 0, 'caretaker', 90, 100, 88, 93, NULL, 93, NULL, NULL, NULL, 0, 0, 0, 0, NULL, NULL, 0, 0, NULL, 0, 0, 0, 1, NULL, 0, 0, NULL, '2025-12-13 22:23:21', 0, 1, 0, NULL, NULL, NULL, NULL, NULL, 1, 0, 125, 130, NULL, NULL, NULL, NULL, 0, 0, 0, NULL),
(246, 3, 'Titan', 'images/generated/pet_246_1760311818_1572.png', '2025-10-12 23:29:48', NULL, NULL, NULL, NULL, 1, 'Male', 5, 3, 0, 0, NULL, 'Feral Rabbit', NULL, NULL, NULL, NULL, NULL, NULL, NULL, NULL, NULL, NULL, NULL, NULL, NULL, NULL, NULL, NULL, NULL, '', 0, NULL, NULL, 'No', 'None', 0, NULL, NULL, NULL, NULL, NULL, NULL, 0, 0, 0, NULL, 'loner', 10, NULL, NULL, NULL, 0, 'scout', 89, 100, 77, 92, NULL, 92, NULL, NULL, NULL, 0, 0, 0, 0, NULL, NULL, 0, 0, NULL, 0, 0, 0, 1, NULL, 0, 0, NULL, '2025-12-13 22:23:21', 0, 0, 1, NULL, NULL, NULL, NULL, NULL, 1, 0, 124, 129, NULL, NULL, NULL, NULL, 0, 0, 0, NULL),
(247, 23, 'Thicket', 'images/levels/adultbasic/Wildling_Rabbit.png', '2025-10-13 00:02:16', NULL, NULL, NULL, NULL, 0, 'Female', 0, 3, 0, 0, NULL, 'Wildling Rabbit', NULL, NULL, NULL, NULL, NULL, NULL, NULL, NULL, NULL, NULL, NULL, NULL, NULL, NULL, NULL, NULL, NULL, '', 0, NULL, NULL, 'No', 'None', 0, NULL, NULL, NULL, NULL, NULL, NULL, 0, 0, 0, NULL, 'loner', 26, NULL, NULL, NULL, 0, 'All', 89, 29, 0, 32, NULL, 2, NULL, NULL, NULL, 0, 0, 0, 0, NULL, NULL, 0, 0, NULL, 0, 0, 0, 1, NULL, 0, 0, NULL, NULL, 0, 0, 0, NULL, NULL, NULL, NULL, NULL, 0, 1, NULL, NULL, NULL, NULL, NULL, NULL, 0, 0, 0, NULL),
(248, 23, 'Almond', 'images/levels/adultbasic/Wildling_Rabbit.png', '2025-10-13 00:02:52', NULL, NULL, NULL, NULL, 0, 'Male', 0, 3, 0, 0, NULL, 'Wildling Rabbit', NULL, NULL, NULL, NULL, NULL, NULL, NULL, NULL, NULL, NULL, NULL, NULL, NULL, NULL, NULL, NULL, NULL, '', 0, NULL, NULL, 'No', 'None', 0, NULL, NULL, NULL, NULL, NULL, NULL, 0, 0, 0, NULL, 'loner', 26, NULL, NULL, NULL, 0, 'reserve', 92, 100, 92, 92, NULL, 92, NULL, NULL, NULL, 0, 0, 0, 0, NULL, NULL, 0, 0, NULL, 0, 0, 0, 1, NULL, 0, 0, NULL, NULL, 0, 0, 0, NULL, NULL, NULL, NULL, NULL, 1, 0, NULL, NULL, NULL, NULL, NULL, NULL, 0, 0, 0, NULL),
(249, 3, 'Skalliwag', '/images/generated/kits/kit_adult_1760311858_3589_v0.png', '2025-10-13 01:15:07', NULL, NULL, 'Mary', 'Titan', 0, 'Female', 5, 3, 0, 0, NULL, 'Feral Rabbit', NULL, NULL, NULL, NULL, NULL, NULL, NULL, NULL, NULL, NULL, NULL, NULL, NULL, NULL, NULL, NULL, NULL, '', 0, NULL, NULL, 'No', 'None', 0, NULL, NULL, NULL, NULL, NULL, NULL, 0, 0, 0, NULL, 'reserve', 10, NULL, NULL, NULL, 0, NULL, 89, 100, 87, 92, NULL, 92, NULL, NULL, NULL, 0, 0, NULL, 0, 245, NULL, 0, 0, NULL, 0, 0, 0, 1, NULL, 0, 0, NULL, '2025-12-13 22:23:21', 0, 0, 1, NULL, NULL, NULL, NULL, NULL, 1, 0, NULL, NULL, NULL, '/images/generated/kits/kit_adult_1760311858_3589_v0.png', 'Mixed Fox', NULL, 0, 0, 0, NULL),
(250, 4, 'Newborn#864', '/images/generated/kits/kit_adult_1760248152_6950_v0.png', '2025-10-13 02:50:02', NULL, NULL, 'Sheena (Is a Punk Rocker)', 'Joey Ramone', 0, 'Female', 0, 3, 0, 0, NULL, 'Rampant Rabbit', NULL, NULL, NULL, NULL, NULL, NULL, NULL, NULL, NULL, NULL, NULL, NULL, NULL, NULL, NULL, NULL, NULL, '', 0, NULL, NULL, 'No', 'None', 0, NULL, NULL, NULL, NULL, NULL, NULL, 0, 0, 0, NULL, 'reserve', 11, NULL, NULL, NULL, 0, NULL, 92, 100, 92, 92, NULL, 92, NULL, NULL, NULL, 0, 0, NULL, 0, 105, NULL, 0, 0, NULL, 0, 0, 0, 1, NULL, 0, 0, NULL, NULL, 0, 0, 0, NULL, NULL, NULL, NULL, NULL, 1, 0, NULL, NULL, NULL, '/images/generated/kits/kit_adult_1760248152_6950_v0.png', 'Mixed Fox', NULL, 0, 0, 0, NULL),
(251, 12, 'Newborn#112', '/images/generated/kits/kit_adult_1760141591_3594_v0.png', '2025-10-13 04:00:03', NULL, NULL, 'Ocean', 'Solar eclipse', 0, 'Male', 0, 3, 0, 0, NULL, 'Rampant Rabbit', NULL, NULL, NULL, NULL, NULL, NULL, NULL, NULL, NULL, NULL, NULL, NULL, NULL, NULL, NULL, NULL, NULL, '', 0, NULL, NULL, 'No', 'None', 0, NULL, NULL, NULL, NULL, NULL, NULL, 0, 0, 0, NULL, 'reserve', 19, NULL, NULL, NULL, 0, NULL, 92, 100, 92, 92, NULL, 92, NULL, NULL, NULL, 0, 0, NULL, 0, 51, NULL, 0, 0, NULL, 0, 0, 0, 1, NULL, 0, 0, NULL, NULL, 0, 0, 0, NULL, NULL, NULL, NULL, NULL, 1, 0, NULL, NULL, NULL, '/images/generated/kits/kit_adult_1760141591_3594_v0.png', 'Mixed Fox', NULL, 0, 0, 0, NULL),
(252, 12, 'Newborn#860', '/images/generated/kits/kit_adult_1760141591_3594_v0.png', '2025-10-13 04:00:03', NULL, NULL, 'Ocean', 'Solar eclipse', 0, 'Male', 0, 3, 0, 0, NULL, 'Rampant Rabbit', NULL, NULL, NULL, NULL, NULL, NULL, NULL, NULL, NULL, NULL, NULL, NULL, NULL, NULL, NULL, NULL, NULL, '', 0, NULL, NULL, 'No', 'None', 0, NULL, NULL, NULL, NULL, NULL, NULL, 0, 0, 0, NULL, 'reserve', 19, NULL, NULL, NULL, 0, NULL, 92, 100, 92, 92, NULL, 92, NULL, NULL, NULL, 0, 0, NULL, 0, 51, NULL, 0, 0, NULL, 0, 0, 0, 1, NULL, 0, 0, NULL, NULL, 0, 0, 0, NULL, NULL, NULL, NULL, NULL, 1, 0, NULL, NULL, NULL, '/images/generated/kits/kit_adult_1760141591_3594_v0.png', 'Mixed Fox', NULL, 0, 0, 0, NULL),
(253, 13, 'Newborn#961', '/images/generated/kits/kit_adult_1760084684_9686_v0.png', '2025-10-13 04:00:03', NULL, NULL, 'Cone', 'Sun', 0, 'Male', 0, 3, 0, 0, NULL, 'Feral Rabbit', NULL, NULL, NULL, NULL, NULL, NULL, NULL, NULL, NULL, NULL, NULL, NULL, NULL, NULL, NULL, NULL, NULL, '', 0, NULL, NULL, 'No', 'None', 0, NULL, NULL, NULL, NULL, NULL, NULL, 0, 0, 0, NULL, 'reserve', 20, NULL, NULL, NULL, 0, NULL, 92, 100, 92, 92, NULL, 92, NULL, NULL, NULL, 0, 0, NULL, 0, 59, NULL, 0, 0, NULL, 0, 0, 0, 1, NULL, 0, 0, NULL, NULL, 0, 0, 0, NULL, NULL, NULL, NULL, NULL, 1, 0, NULL, NULL, NULL, '/images/generated/kits/kit_adult_1760084684_9686_v0.png', 'Mixed Fox', NULL, 0, 0, 0, NULL),
(254, 11, 'Newborn#767', '/images/generated/kits/kit_adult_1760091344_4286_v0.png', '2025-10-13 04:00:03', NULL, NULL, 'Orange', 'Nuggets', 0, 'Male', 5, 3, 0, 0, NULL, 'Feral Rabbit', NULL, NULL, NULL, NULL, NULL, NULL, NULL, NULL, NULL, NULL, NULL, NULL, NULL, NULL, NULL, NULL, NULL, '', 0, NULL, NULL, 'No', 'None', 0, NULL, NULL, NULL, NULL, NULL, NULL, 0, 0, 0, NULL, 'reserve', 18, NULL, NULL, NULL, 0, 'scout', 89, 43, 17, 92, NULL, 92, NULL, 'Low Health', NULL, 0, 0, NULL, 0, 72, NULL, 0, 0, NULL, 0, 0, 0, 1, NULL, 1, 0, NULL, '2025-10-31 19:49:37', 0, 0, 1, NULL, NULL, NULL, NULL, NULL, 1, 0, NULL, NULL, NULL, '/images/generated/kits/kit_adult_1760091344_4286_v0.png', 'Mixed Fox', NULL, 1, 0, 0, NULL),
(255, 11, 'Newborn#410', '/images/generated/kits/kit_adult_1760131941_1973_v0.png', '2025-10-13 04:00:03', NULL, NULL, 'Chocolate Chip', 'Chocolate', 0, 'Male', 10, 3, 0, 0, NULL, 'Wildling Rabbit', NULL, NULL, NULL, NULL, NULL, NULL, NULL, NULL, NULL, NULL, NULL, NULL, NULL, NULL, NULL, NULL, NULL, '', 0, NULL, NULL, 'No', 'None', 0, NULL, NULL, NULL, NULL, NULL, NULL, 0, 0, 0, NULL, 'reserve', 18, NULL, NULL, NULL, 0, 'caretaker', 91, 24, 12, 42, NULL, 2, NULL, NULL, NULL, 0, 0, NULL, 0, 73, NULL, 0, 0, NULL, 0, 0, 0, 1, NULL, 0, 0, NULL, '2025-11-05 03:24:34', 2, 0, 0, NULL, NULL, NULL, NULL, NULL, 1, 0, NULL, NULL, NULL, '/images/generated/kits/kit_adult_1760131941_1973_v0.png', 'Mixed Fox', NULL, 1, 0, 0, NULL),
(256, 11, 'Newborn#375', '/images/generated/kits/kit_adult_1760092799_9998_v0.png', '2025-10-13 04:00:03', NULL, NULL, 'Chicken Nugget', 'Nuggets', 0, 'Female', 10, 3, 0, 0, NULL, 'Feral Rabbit', NULL, NULL, NULL, NULL, NULL, NULL, NULL, NULL, NULL, NULL, NULL, NULL, NULL, NULL, NULL, NULL, NULL, '', 0, NULL, NULL, 'No', 'None', 0, NULL, NULL, NULL, NULL, NULL, NULL, 0, 0, 0, NULL, 'reserve', 18, NULL, NULL, NULL, 0, 'caretaker', 91, 54, 12, 42, NULL, 2, NULL, 'Low Health', NULL, 0, 0, NULL, 0, 74, NULL, 0, 0, NULL, 0, 0, 0, 1, NULL, 1, 0, NULL, '2025-11-05 03:24:27', 1, 1, 0, NULL, NULL, NULL, NULL, NULL, 1, 0, NULL, NULL, NULL, '/images/generated/kits/kit_adult_1760092799_9998_v0.png', 'Mixed Fox', NULL, 1, 0, 0, NULL),
(257, 11, 'Newborn#465', '/images/generated/kits/kit_adult_1760092799_9998_v0.png', '2025-10-13 04:00:03', NULL, NULL, 'Chicken Nugget', 'Nuggets', 0, 'Male', 10, 3, 0, 0, NULL, 'Feral Rabbit', NULL, NULL, NULL, NULL, NULL, NULL, NULL, NULL, NULL, NULL, NULL, NULL, NULL, NULL, NULL, NULL, NULL, '', 0, NULL, NULL, 'No', 'None', 0, NULL, NULL, NULL, NULL, NULL, NULL, 0, 0, 0, NULL, 'reserve', 18, NULL, NULL, NULL, 0, 'caretaker', 91, 100, 82, 42, NULL, 2, NULL, NULL, NULL, 0, 0, NULL, 0, 74, NULL, 0, 0, NULL, 0, 0, 0, 1, NULL, 0, 0, NULL, '2025-11-05 03:24:38', 2, 0, 0, NULL, NULL, NULL, NULL, NULL, 1, 0, NULL, NULL, NULL, '/images/generated/kits/kit_adult_1760092799_9998_v0.png', 'Mixed Fox', NULL, 0, 0, 0, NULL),
(258, 11, 'Newborn#467', '/images/generated/kits/kit_adult_1760092799_9998_v0.png', '2025-10-13 04:00:03', NULL, NULL, 'Chicken Nugget', 'Nuggets', 0, 'Male', 10, 3, 0, 0, NULL, 'Feral Rabbit', NULL, NULL, NULL, NULL, NULL, NULL, NULL, NULL, NULL, NULL, NULL, NULL, NULL, NULL, NULL, NULL, NULL, '', 0, NULL, NULL, 'No', 'None', 0, NULL, NULL, NULL, NULL, NULL, NULL, 0, 0, 0, NULL, 'reserve', 18, NULL, NULL, NULL, 0, 'scout', 86, 100, 82, 92, NULL, 92, NULL, NULL, NULL, 0, 0, NULL, 0, 74, NULL, 0, 0, NULL, 0, 0, 0, 1, NULL, 0, 0, NULL, '2025-11-05 03:24:42', 1, 0, 1, NULL, NULL, NULL, NULL, NULL, 1, 0, NULL, NULL, NULL, '/images/generated/kits/kit_adult_1760092799_9998_v0.png', 'Mixed Fox', NULL, 0, 0, 0, NULL),
(259, 12, 'Newborn#574', '/images/generated/kits/kit_adult_1760133468_2958_v0.png', '2025-10-13 04:00:03', NULL, NULL, 'White Chocolate', 'Solar eclipse', 0, 'Female', 0, 3, 0, 0, NULL, 'Rampant Rabbit', NULL, NULL, NULL, NULL, NULL, NULL, NULL, NULL, NULL, NULL, NULL, NULL, NULL, NULL, NULL, NULL, NULL, '', 0, NULL, NULL, 'No', 'None', 0, NULL, NULL, NULL, NULL, NULL, NULL, 0, 0, 0, NULL, 'reserve', 19, NULL, NULL, NULL, 0, NULL, 92, 100, 92, 92, NULL, 92, NULL, NULL, NULL, 0, 0, NULL, 0, 76, NULL, 0, 0, NULL, 0, 0, 0, 1, NULL, 0, 0, NULL, NULL, 0, 0, 0, NULL, NULL, NULL, NULL, NULL, 1, 0, NULL, NULL, NULL, '/images/generated/kits/kit_adult_1760133468_2958_v0.png', 'Mixed Fox', NULL, 0, 0, 0, NULL),
(260, 1, 'Newborn#703', '/images/generated/kits/kit_adult_1760129797_5026_v0.png', '2025-10-13 04:00:03', NULL, NULL, 'Silly', 'Brad', 0, 'Male', 0, 3, 0, 0, NULL, 'Feral Rabbit', NULL, NULL, NULL, NULL, NULL, NULL, NULL, NULL, NULL, NULL, NULL, NULL, NULL, NULL, NULL, NULL, NULL, '', 0, NULL, NULL, 'No', 'None', 0, NULL, NULL, NULL, NULL, NULL, NULL, 0, 0, 0, NULL, 'reserve', 22, NULL, NULL, NULL, 0, NULL, 100, 100, 100, 0, '2025-11-05', 0, '2025-11-05', NULL, NULL, 0, 0, NULL, 0, 89, NULL, 0, 0, NULL, 0, 0, 3, 0, NULL, 0, 0, NULL, NULL, 0, 0, 0, '2025-11-07 23:00:02', 'Dehydration', '2025-11-07 23:00:02', 'Dehydration', NULL, 1, 0, NULL, NULL, NULL, '/images/generated/kits/kit_adult_1760129797_5026_v0.png', 'Mixed Fox', NULL, 0, 0, 0, NULL),
(261, 1, 'Newborn#244', '/images/generated/kits/kit_adult_1760129797_5026_v0.png', '2025-10-13 04:00:03', NULL, NULL, 'Silly', 'Brad', 0, 'Female', 0, 3, 0, 0, NULL, 'Feral Rabbit', NULL, NULL, NULL, NULL, NULL, NULL, NULL, NULL, NULL, NULL, NULL, NULL, NULL, NULL, NULL, NULL, NULL, '', 0, NULL, NULL, 'No', 'None', 0, NULL, NULL, NULL, NULL, NULL, NULL, 0, 0, 0, NULL, 'reserve', 22, NULL, NULL, NULL, 0, NULL, 100, 100, 100, 0, '2025-11-05', 0, '2025-11-05', NULL, NULL, 0, 0, NULL, 0, 89, NULL, 0, 0, NULL, 0, 0, 3, 0, NULL, 0, 0, NULL, NULL, 0, 0, 0, '2025-11-07 23:00:02', 'Dehydration', '2025-11-07 23:00:02', 'Dehydration', NULL, 1, 0, NULL, NULL, NULL, '/images/generated/kits/kit_adult_1760129797_5026_v0.png', 'Mixed Fox', NULL, 0, 0, 0, NULL),
(262, 1, 'Newborn#838', '/images/generated/kits/kit_adult_1760129797_5026_v0.png', '2025-10-13 04:00:03', NULL, NULL, 'Silly', 'Brad', 0, 'Male', 0, 3, 0, 0, NULL, 'Feral Rabbit', NULL, NULL, NULL, NULL, NULL, NULL, NULL, NULL, NULL, NULL, NULL, NULL, NULL, NULL, NULL, NULL, NULL, '', 0, NULL, NULL, 'No', 'None', 0, NULL, NULL, NULL, NULL, NULL, NULL, 0, 0, 0, NULL, 'reserve', 22, NULL, NULL, NULL, 0, NULL, 100, 100, 100, 0, '2025-11-05', 0, '2025-11-05', NULL, NULL, 0, 0, NULL, 0, 89, NULL, 0, 0, NULL, 0, 0, 3, 0, NULL, 0, 0, NULL, NULL, 0, 0, 0, '2025-11-07 23:00:02', 'Dehydration', '2025-11-07 23:00:02', 'Dehydration', NULL, 1, 0, NULL, NULL, NULL, '/images/generated/kits/kit_adult_1760129797_5026_v0.png', 'Mixed Fox', NULL, 0, 0, 0, NULL),
(263, 1, 'Newborn#870', '/images/generated/kits/kit_adult_1760129804_9641_v0.png', '2025-10-13 04:00:03', NULL, NULL, 'Stacey', 'Brad', 0, 'Male', 0, 3, 0, 0, NULL, 'Feral Rabbit', NULL, NULL, NULL, NULL, NULL, NULL, NULL, NULL, NULL, NULL, NULL, NULL, NULL, NULL, NULL, NULL, NULL, '', 0, NULL, NULL, 'No', 'None', 0, NULL, NULL, NULL, NULL, NULL, NULL, 0, 0, 0, NULL, 'reserve', 22, NULL, NULL, NULL, 0, NULL, 100, 100, 100, 0, '2025-11-05', 0, '2025-11-05', NULL, NULL, 0, 0, NULL, 0, 91, NULL, 0, 0, NULL, 0, 0, 3, 0, NULL, 0, 0, NULL, NULL, 0, 0, 0, '2025-11-07 23:00:02', 'Dehydration', '2025-11-07 23:00:02', 'Dehydration', NULL, 1, 0, NULL, NULL, NULL, '/images/generated/kits/kit_adult_1760129804_9641_v0.png', 'Mixed Fox', NULL, 0, 0, 0, NULL),
(264, 11, 'Newborn#308', '/images/generated/kits/kit_adult_1760132737_2481_v0.png', '2025-10-13 04:00:03', NULL, NULL, 'Tree', 'Nugget', 0, 'Female', 10, 3, 0, 0, NULL, 'Feral Rabbit', NULL, NULL, NULL, NULL, NULL, NULL, NULL, NULL, NULL, NULL, NULL, NULL, NULL, NULL, NULL, NULL, NULL, '', 0, NULL, NULL, 'No', 'None', 0, NULL, NULL, NULL, NULL, NULL, NULL, 0, 0, 0, NULL, 'reserve', 18, NULL, NULL, NULL, 0, 'scout', 86, 28, 22, 92, NULL, 92, NULL, NULL, NULL, 0, 0, NULL, 0, 92, NULL, 0, 0, NULL, 0, 0, 0, 1, NULL, 0, 0, NULL, '2025-11-05 03:24:18', 0, 1, 1, NULL, NULL, NULL, NULL, NULL, 1, 0, NULL, NULL, NULL, '/images/generated/kits/kit_adult_1760132737_2481_v0.png', 'Mixed Fox', NULL, 1, 0, 0, NULL),
(265, 11, 'Newborn#214', '/images/generated/kits/kit_adult_1760132737_2481_v0.png', '2025-10-13 04:00:03', NULL, NULL, 'Tree', 'Nugget', 0, 'Female', 10, 3, 0, 0, NULL, 'Feral Rabbit', NULL, NULL, NULL, NULL, NULL, NULL, NULL, NULL, NULL, NULL, NULL, NULL, NULL, NULL, NULL, NULL, NULL, '', 0, NULL, NULL, 'No', 'None', 0, NULL, NULL, NULL, NULL, NULL, NULL, 0, 0, 0, NULL, 'reserve', 18, NULL, NULL, NULL, 0, 'scout', 86, 27, 6, 92, NULL, 92, NULL, NULL, NULL, 0, 0, NULL, 0, 92, NULL, 0, 0, NULL, 0, 0, 0, 1, NULL, 0, 0, NULL, '2025-11-05 03:24:04', 2, 0, 0, NULL, NULL, NULL, NULL, NULL, 1, 0, NULL, NULL, NULL, '/images/generated/kits/kit_adult_1760132737_2481_v0.png', 'Mixed Fox', NULL, 1, 0, 0, NULL),
(266, 1, 'Newborn#531', '/images/generated/kits/kit_adult_1760141849_5481_v0.png', '2025-10-13 04:00:03', NULL, NULL, 'Dandelion', 'Honeycomb', 0, 'Male', 0, 3, 0, 0, NULL, 'Feral Rabbit', NULL, NULL, NULL, NULL, NULL, NULL, NULL, NULL, NULL, NULL, NULL, NULL, NULL, NULL, NULL, NULL, NULL, '', 0, NULL, NULL, 'No', 'None', 0, NULL, NULL, NULL, NULL, NULL, NULL, 0, 0, 0, NULL, 'reserve', 23, NULL, NULL, NULL, 0, NULL, 100, 100, 100, 0, '2025-11-05', 0, '2025-11-05', NULL, NULL, 0, 0, NULL, 0, 94, NULL, 0, 0, NULL, 0, 0, 3, 0, NULL, 0, 0, NULL, NULL, 0, 0, 0, '2025-11-07 23:00:02', 'Dehydration', '2025-11-07 23:00:02', 'Dehydration', NULL, 1, 0, NULL, NULL, NULL, '/images/generated/kits/kit_adult_1760141849_5481_v0.png', 'Mixed Fox', NULL, 0, 0, 0, NULL),
(267, 11, 'Newborn#738', '/images/generated/kits/kit_adult_1760142455_6526_v0.png', '2025-10-13 04:00:03', NULL, NULL, 'Berry', 'Snow', 0, 'Female', 5, 3, 0, 0, NULL, 'Rampant Rabbit', NULL, NULL, NULL, NULL, NULL, NULL, NULL, NULL, NULL, NULL, NULL, NULL, NULL, NULL, NULL, NULL, NULL, '', 0, NULL, NULL, 'No', 'None', 0, NULL, NULL, NULL, NULL, NULL, NULL, 0, 0, 0, NULL, 'reserve', 18, NULL, NULL, NULL, 0, 'scout', 89, 100, 87, 92, NULL, 92, NULL, NULL, NULL, 0, 0, NULL, 0, 96, NULL, 0, 0, NULL, 0, 0, 0, 1, NULL, 0, 0, NULL, '2025-10-31 19:49:15', 0, 1, 0, NULL, NULL, NULL, NULL, NULL, 1, 0, NULL, NULL, NULL, '/images/generated/kits/kit_adult_1760142455_6526_v0.png', 'Mixed Fox', NULL, 0, 0, 0, NULL),
(268, 11, 'Newborn#307', '/images/generated/kits/kit_adult_1760142455_6526_v0.png', '2025-10-13 04:00:03', NULL, NULL, 'Berry', 'Snow', 0, 'Male', 10, 3, 0, 0, NULL, 'Rampant Rabbit', NULL, NULL, NULL, NULL, NULL, NULL, NULL, NULL, NULL, NULL, NULL, NULL, NULL, NULL, NULL, NULL, NULL, '', 0, NULL, NULL, 'No', 'None', 0, NULL, NULL, NULL, NULL, NULL, NULL, 0, 0, 0, NULL, 'reserve', 18, NULL, NULL, NULL, 0, 'builder', 86, 32, 22, 92, NULL, 92, NULL, 'Low Health', NULL, 0, 0, NULL, 0, 96, NULL, 0, 0, NULL, 0, 0, 0, 1, NULL, 1, 0, NULL, '2025-11-05 03:24:15', 0, 2, 0, NULL, NULL, NULL, NULL, NULL, 1, 0, NULL, NULL, NULL, '/images/generated/kits/kit_adult_1760142455_6526_v0.png', 'Mixed Fox', NULL, 1, 0, 0, NULL),
(269, 3, 'Winter Wonder', 'images/levels/adultbasic/Rampant_Rabbit.png', '2025-10-13 20:03:55', NULL, NULL, NULL, NULL, 0, 'Male', 5, 3, 0, 0, NULL, 'Rampant Rabbit', NULL, NULL, NULL, NULL, NULL, NULL, NULL, NULL, NULL, NULL, NULL, NULL, NULL, NULL, NULL, NULL, NULL, '', 0, NULL, NULL, 'No', 'None', 0, NULL, NULL, NULL, NULL, NULL, NULL, 0, 0, 0, NULL, 'loner', 10, NULL, NULL, NULL, 0, 'reserve', 89, 100, 87, 92, NULL, 92, NULL, NULL, NULL, 0, 0, 0, 0, NULL, NULL, 0, 0, NULL, 0, 0, 0, 1, NULL, 0, 0, NULL, '2025-12-13 22:23:21', 0, 1, 0, NULL, NULL, NULL, NULL, NULL, 1, 0, NULL, NULL, NULL, NULL, NULL, NULL, 0, 0, 0, NULL),
(270, 3, 'Cotton Ball', 'images/generated/pet_270_1760390139_3188.png', '2025-10-13 21:13:42', NULL, NULL, NULL, NULL, 2, 'Male', 5, 3, 0, 0, NULL, 'Rampant Rabbit', NULL, NULL, NULL, NULL, NULL, NULL, NULL, NULL, NULL, NULL, NULL, NULL, NULL, NULL, NULL, NULL, NULL, '', 0, NULL, NULL, 'No', 'None', 0, NULL, NULL, NULL, NULL, NULL, NULL, 0, 0, 0, NULL, 'loner', 10, NULL, NULL, NULL, 0, 'reserve', 89, 100, 87, 92, NULL, 92, NULL, NULL, NULL, 0, 0, 0, 0, NULL, NULL, 0, 0, NULL, 0, 0, 0, 1, NULL, 0, 0, NULL, '2025-12-13 22:23:21', 0, 1, 0, NULL, NULL, NULL, NULL, NULL, 1, 0, 123, 128, NULL, NULL, NULL, NULL, 0, 0, 0, NULL),
(271, 3, 'Fairsnow', 'images/levels/adultbasic/Rampant_Rabbit.png', '2025-10-13 21:14:37', NULL, NULL, NULL, NULL, 5, 'Female', 5, 3, 0, 0, NULL, 'Rampant Rabbit', NULL, NULL, NULL, NULL, NULL, NULL, NULL, NULL, NULL, NULL, NULL, NULL, NULL, NULL, NULL, NULL, NULL, '', 0, NULL, NULL, 'No', 'Alpha', 15, NULL, NULL, NULL, NULL, NULL, NULL, 0, 0, 0, NULL, 'loner', 10, NULL, NULL, NULL, 0, 'reserve', 89, 100, 87, 92, NULL, 92, NULL, NULL, NULL, 0, 0, 0, 1, NULL, NULL, 0, 0, NULL, 0, 0, 0, 1, NULL, 0, 0, NULL, '2025-12-13 22:23:21', 0, 1, 0, NULL, NULL, NULL, NULL, NULL, 1, 0, NULL, NULL, NULL, NULL, NULL, NULL, 0, 0, 0, NULL),
(272, 3, 'Rampaige', 'images/generated/pet_272_1765560295_1715.png', '2025-10-13 20:30:01', NULL, NULL, 'Fairsnow', 'Cotton Ball', 3, 'Female', 5, 3, 0, 0, NULL, 'Rampant Rabbit', NULL, NULL, NULL, NULL, NULL, NULL, NULL, NULL, NULL, NULL, NULL, NULL, NULL, NULL, NULL, NULL, NULL, '', 0, NULL, NULL, 'No', 'Chisle', 273, NULL, NULL, NULL, NULL, NULL, NULL, 0, 0, 0, NULL, 'reserve', 10, NULL, NULL, NULL, 0, NULL, 92, 100, 90, 95, NULL, 95, NULL, NULL, NULL, 0, 0, NULL, 0, 271, NULL, 0, 0, NULL, 0, 0, 0, 1, NULL, 0, 0, NULL, '2025-12-13 22:23:21', 0, 1, 0, NULL, NULL, NULL, NULL, NULL, 1, 0, 416, 147, NULL, '/images/generated/kits/kit_adult_1760390151_3476_v0.png', 'Mixed Fox', NULL, 0, 0, 0, NULL),
(273, 3, 'Chisle', 'images/generated/pet_273_1765555002_8681.png', '2025-10-13 20:30:01', NULL, NULL, 'Fairsnow', 'Cotton Ball', 1, 'Male', 5, 3, 0, 0, NULL, 'Rampant Rabbit', NULL, NULL, NULL, NULL, NULL, NULL, NULL, NULL, NULL, NULL, NULL, NULL, NULL, NULL, NULL, NULL, NULL, '', 0, NULL, NULL, 'No', 'None', 0, NULL, NULL, NULL, NULL, NULL, NULL, 0, 0, 0, NULL, 'reserve', 10, NULL, NULL, NULL, 0, NULL, 89, 100, 87, 92, NULL, 92, NULL, NULL, NULL, 0, 0, NULL, 0, 271, NULL, 0, 0, NULL, 0, 0, 0, 1, NULL, 0, 0, NULL, '2025-12-13 22:23:21', 1, 0, 0, NULL, NULL, NULL, NULL, NULL, 1, 0, 414, 145, NULL, '/images/generated/kits/kit_adult_1760390151_3476_v0.png', 'Mixed Fox', NULL, 0, 0, 0, NULL),
(274, 3, 'Lucky Charm', '/images/generated/kits/kit_adult_1760390151_3476_v0.png', '2025-10-13 20:30:01', NULL, NULL, 'Fairsnow', 'Cotton Ball', 0, 'Female', 5, 3, 0, 0, NULL, 'Rampant Rabbit', NULL, NULL, NULL, NULL, NULL, NULL, NULL, NULL, NULL, NULL, NULL, NULL, NULL, NULL, NULL, NULL, NULL, '', 0, NULL, NULL, 'No', 'None', 0, NULL, NULL, NULL, NULL, NULL, NULL, 0, 0, 0, NULL, 'reserve', 10, NULL, NULL, NULL, 0, NULL, 89, 100, 87, 92, NULL, 92, NULL, NULL, NULL, 0, 0, NULL, 0, 271, NULL, 0, 0, NULL, 0, 0, 0, 1, NULL, 0, 0, NULL, '2025-12-13 22:23:21', 0, 1, 0, NULL, NULL, NULL, NULL, NULL, 1, 0, NULL, NULL, NULL, '/images/generated/kits/kit_adult_1760390151_3476_v0.png', 'Mixed Fox', NULL, 0, 0, 0, NULL),
(275, 24, 'Walnut', 'images/levels/adultbasic/Wildling_Rabbit.png', '2025-10-14 10:08:48', NULL, NULL, NULL, NULL, 0, 'Male', 0, 3, 0, 0, NULL, 'Wildling Rabbit', NULL, NULL, NULL, NULL, NULL, NULL, NULL, NULL, NULL, NULL, NULL, NULL, NULL, NULL, NULL, NULL, NULL, '', 0, NULL, NULL, 'No', 'None', 0, NULL, NULL, NULL, NULL, NULL, NULL, 0, 0, 0, NULL, 'loner', 27, NULL, NULL, NULL, 0, 'All', 88, 82, 64, 42, NULL, 2, NULL, NULL, NULL, 0, 0, 0, 0, NULL, NULL, 0, 0, NULL, 0, 0, 0, 1, NULL, 0, 0, NULL, NULL, 0, 0, 0, NULL, NULL, NULL, NULL, NULL, 0, 0, NULL, NULL, NULL, NULL, NULL, NULL, 0, 0, 0, NULL),
(276, 24, 'Cashew', 'images/levels/adultbasic/Feral_Rabbit.png', '2025-10-14 10:09:30', NULL, NULL, NULL, NULL, 0, 'Female', 0, 3, 0, 0, NULL, 'Feral Rabbit', NULL, NULL, NULL, NULL, NULL, NULL, NULL, NULL, NULL, NULL, NULL, NULL, NULL, NULL, NULL, NULL, NULL, '', 0, NULL, NULL, 'No', 'None', 0, NULL, NULL, NULL, NULL, NULL, NULL, 0, 0, 0, NULL, 'loner', 27, NULL, NULL, NULL, 0, 'reserve', 92, 100, 92, 92, NULL, 92, NULL, NULL, NULL, 0, 0, 0, 0, NULL, NULL, 0, 0, NULL, 0, 0, 0, 1, NULL, 0, 0, NULL, NULL, 0, 0, 0, NULL, NULL, NULL, NULL, NULL, 1, 0, NULL, NULL, NULL, NULL, NULL, NULL, 0, 0, 0, NULL),
(277, 24, 'Mars', 'images/levels/adultbasic/Rampant_Rabbit.png', '2025-10-14 10:15:19', NULL, NULL, NULL, NULL, 0, 'Male', 0, 3, 0, 0, NULL, 'Rampant Rabbit', NULL, NULL, NULL, NULL, NULL, NULL, NULL, NULL, NULL, NULL, NULL, NULL, NULL, NULL, NULL, NULL, NULL, '', 0, NULL, NULL, 'No', 'None', 0, NULL, NULL, NULL, NULL, NULL, NULL, 0, 0, 0, NULL, 'loner', 27, NULL, NULL, NULL, 0, 'reserve', 92, 100, 92, 92, NULL, 92, NULL, NULL, NULL, 0, 0, 0, 0, NULL, NULL, 0, 0, NULL, 0, 0, 0, 1, NULL, 0, 0, NULL, NULL, 0, 0, 0, NULL, NULL, NULL, NULL, NULL, 1, 0, NULL, NULL, NULL, NULL, NULL, NULL, 0, 0, 0, NULL),
(278, 25, 'Jack-in-the-Box', 'images/generated/pet_278_1760476952_3790.png', '2025-10-14 21:18:07', NULL, NULL, NULL, NULL, 0, 'Female', 0, 3, 0, 0, NULL, 'Rampant Rabbit', NULL, NULL, NULL, NULL, NULL, NULL, NULL, NULL, NULL, NULL, NULL, NULL, NULL, NULL, NULL, NULL, NULL, '', 0, NULL, NULL, 'No', 'None', 0, NULL, NULL, NULL, NULL, NULL, NULL, 0, 0, 0, NULL, 'loner', 13, NULL, NULL, NULL, 0, 'scout', 92, 100, 0, 92, NULL, 92, NULL, NULL, NULL, 0, 0, 0, 0, NULL, NULL, 0, 0, NULL, 0, 0, 0, 1, NULL, 0, 0, NULL, NULL, 0, 0, 0, NULL, NULL, NULL, NULL, NULL, 0, 1, 316, 130, NULL, NULL, NULL, NULL, 0, 0, 0, NULL),
(279, 15, 'Newborn#939', '/images/generated/kits/kit_adult_1760303355_1574_v0.png', '2025-10-15 04:00:03', NULL, NULL, 'White Rabbit', 'Snowball', 0, 'Female', 5, 3, 0, 0, NULL, 'Rampant Rabbit', NULL, NULL, NULL, NULL, NULL, NULL, NULL, NULL, NULL, NULL, NULL, NULL, NULL, NULL, NULL, NULL, NULL, '', 0, NULL, NULL, 'No', 'None', 0, NULL, NULL, NULL, NULL, NULL, NULL, 0, 0, 0, NULL, 'reserve', 18, NULL, NULL, NULL, 0, 'builder', 89, 100, 87, 92, NULL, 92, NULL, NULL, NULL, 0, 0, NULL, 0, 78, NULL, 0, 0, NULL, 0, 0, 0, 1, NULL, 0, 0, NULL, '2025-10-31 20:32:32', 0, 1, 0, NULL, NULL, NULL, NULL, NULL, 1, 0, NULL, NULL, NULL, '/images/generated/kits/kit_adult_1760303355_1574_v0.png', 'Mixed Fox', NULL, 0, 0, 0, NULL),
(280, 15, 'Newborn#666', '/images/generated/kits/kit_adult_1760303355_1574_v0.png', '2025-10-15 04:00:03', NULL, NULL, 'White Rabbit', 'Snowball', 0, 'Female', 5, 3, 0, 0, NULL, 'Rampant Rabbit', NULL, NULL, NULL, NULL, NULL, NULL, NULL, NULL, NULL, NULL, NULL, NULL, NULL, NULL, NULL, NULL, NULL, '', 0, NULL, NULL, 'No', 'None', 0, NULL, NULL, NULL, NULL, NULL, NULL, 0, 0, 0, NULL, 'reserve', 18, NULL, NULL, NULL, 0, 'scout', 92, 100, 0, 16, NULL, 26, NULL, NULL, NULL, 0, 0, NULL, 0, 78, NULL, 0, 0, NULL, 0, 0, 0, 1, NULL, 0, 0, NULL, '2025-10-31 20:32:30', 0, 1, 0, NULL, NULL, NULL, NULL, NULL, 1, 0, NULL, NULL, NULL, '/images/generated/kits/kit_adult_1760303355_1574_v0.png', 'Mixed Fox', NULL, 0, 0, 0, NULL),
(281, 15, 'Newborn#521', '/images/generated/kits/kit_adult_1760303344_7567_v0.png', '2025-10-15 04:00:03', NULL, NULL, 'Rabbit Foot', 'Snowball', 0, 'Female', 5, 3, 0, 0, NULL, 'Rampant Rabbit', NULL, NULL, NULL, NULL, NULL, NULL, NULL, NULL, NULL, NULL, NULL, NULL, NULL, NULL, NULL, NULL, NULL, '', 0, NULL, NULL, 'No', 'None', 0, NULL, NULL, NULL, NULL, NULL, NULL, 0, 0, 0, NULL, 'reserve', 18, NULL, NULL, NULL, 0, 'scout', 92, 100, 0, 75, NULL, 83, NULL, NULL, NULL, 0, 0, NULL, 0, 95, NULL, 0, 0, NULL, 0, 0, 0, 1, NULL, 0, 0, NULL, '2025-10-31 20:32:23', 1, 0, 0, NULL, NULL, NULL, NULL, NULL, 1, 0, NULL, NULL, NULL, '/images/generated/kits/kit_adult_1760303344_7567_v0.png', 'Mixed Fox', NULL, 0, 0, 0, NULL),
(282, 15, 'Newborn#310', '/images/generated/kits/kit_adult_1760303348_4334_v0.png', '2025-10-15 04:00:03', NULL, NULL, 'Rainbow Bridge', 'Snowball', 0, 'Male', 5, 3, 0, 0, NULL, 'Rampant Rabbit', NULL, NULL, NULL, NULL, NULL, NULL, NULL, NULL, NULL, NULL, NULL, NULL, NULL, NULL, NULL, NULL, NULL, '', 0, NULL, NULL, 'No', 'None', 0, NULL, NULL, NULL, NULL, NULL, NULL, 0, 0, 0, NULL, 'reserve', 18, NULL, NULL, NULL, 0, 'builder', 92, 100, 0, 98, NULL, 102, NULL, NULL, NULL, 0, 0, NULL, 0, 244, NULL, 0, 0, NULL, 0, 0, 0, 1, NULL, 0, 0, NULL, '2025-10-31 20:32:25', 1, 0, 0, NULL, NULL, NULL, NULL, NULL, 1, 0, NULL, NULL, NULL, '/images/generated/kits/kit_adult_1760303348_4334_v0.png', 'Mixed Fox', NULL, 0, 0, 0, NULL),
(283, 15, 'Newborn#530', '/images/generated/kits/kit_adult_1760303348_4334_v0.png', '2025-10-15 04:00:03', NULL, NULL, 'Rainbow Bridge', 'Snowball', 0, 'Male', 5, 3, 0, 0, NULL, 'Rampant Rabbit', NULL, NULL, NULL, NULL, NULL, NULL, NULL, NULL, NULL, NULL, NULL, NULL, NULL, NULL, NULL, NULL, NULL, '', 0, NULL, NULL, 'No', 'None', 0, NULL, NULL, NULL, NULL, NULL, NULL, 0, 0, 0, NULL, 'reserve', 18, NULL, NULL, NULL, 0, 'scout', 62, 100, 0, 6, NULL, 81, NULL, NULL, NULL, 0, 0, NULL, 0, 244, NULL, 0, 0, NULL, 0, 0, 0, 1, NULL, 0, 0, NULL, '2025-10-31 20:32:28', 0, 0, 1, NULL, NULL, NULL, NULL, NULL, 1, 0, NULL, NULL, NULL, '/images/generated/kits/kit_adult_1760303348_4334_v0.png', 'Mixed Fox', NULL, 0, 0, 0, NULL),
(284, 11, 'Newborn#998', '/images/generated/kits/kit_adult_1760619757_9305_v0.png', '2025-10-18 04:00:03', NULL, NULL, '🌿Minty🌿', 'Rain Snow', 0, 'Male', 5, 3, 0, 0, NULL, 'Rampant Rabbit', NULL, NULL, NULL, NULL, NULL, NULL, NULL, NULL, NULL, NULL, NULL, NULL, NULL, NULL, NULL, NULL, NULL, '', 0, NULL, NULL, 'No', 'None', 0, NULL, NULL, NULL, NULL, NULL, NULL, 0, 0, 0, NULL, 'reserve', 18, NULL, NULL, NULL, 0, 'caretaker', 92, 24, 7, 42, NULL, 2, NULL, NULL, NULL, 0, 0, NULL, 0, 80, NULL, 0, 0, NULL, 0, 0, 0, 1, NULL, 0, 0, NULL, '2025-10-31 19:49:51', 0, 0, 1, NULL, NULL, NULL, NULL, NULL, 1, 0, NULL, NULL, NULL, '/images/generated/kits/kit_adult_1760619757_9305_v0.png', 'Mixed Fox', NULL, 1, 0, 0, NULL),
(285, 26, 'Holly', 'images/levels/adultbasic/Rampant_Rabbit.png', '2025-10-19 03:48:49', NULL, NULL, NULL, NULL, 0, 'Female', 0, 3, 0, 0, NULL, 'Rampant Rabbit', NULL, NULL, NULL, NULL, NULL, NULL, NULL, NULL, NULL, NULL, NULL, NULL, NULL, NULL, NULL, NULL, NULL, '', 0, NULL, NULL, 'No', 'None', 0, NULL, NULL, NULL, NULL, NULL, NULL, 0, 0, 0, NULL, 'loner', NULL, NULL, NULL, NULL, 0, NULL, 92, 100, 92, 92, NULL, 92, NULL, NULL, NULL, 0, 0, 0, 0, NULL, NULL, 0, 0, NULL, 0, 0, 0, 1, NULL, 0, 0, NULL, NULL, 0, 0, 0, NULL, NULL, NULL, NULL, NULL, 0, 0, NULL, NULL, NULL, NULL, NULL, NULL, 0, 0, 0, NULL),
(286, 26, 'Acorn', 'images/levels/adultbasic/Wildling_Rabbit.png', '2025-10-19 03:49:43', NULL, NULL, NULL, NULL, 0, 'Male', 0, 3, 0, 0, NULL, 'Wildling Rabbit', NULL, NULL, NULL, NULL, NULL, NULL, NULL, NULL, NULL, NULL, NULL, NULL, NULL, NULL, NULL, NULL, NULL, '', 0, NULL, NULL, 'No', 'None', 0, NULL, NULL, NULL, NULL, NULL, NULL, 0, 0, 0, NULL, 'loner', NULL, NULL, NULL, NULL, 0, NULL, 92, 100, 92, 92, NULL, 92, NULL, NULL, NULL, 0, 0, 0, 0, NULL, NULL, 0, 0, NULL, 0, 0, 0, 1, NULL, 0, 0, NULL, NULL, 0, 0, 0, NULL, NULL, NULL, NULL, NULL, 0, 0, NULL, NULL, NULL, NULL, NULL, NULL, 0, 0, 0, NULL),
(287, 26, 'Sunstream', 'images/levels/adultbasic/Feral_Rabbit.png', '2025-10-19 03:51:22', NULL, NULL, NULL, NULL, 0, 'Male', 0, 3, 0, 0, NULL, 'Feral Rabbit', NULL, NULL, NULL, NULL, NULL, NULL, NULL, NULL, NULL, NULL, NULL, NULL, NULL, NULL, NULL, NULL, NULL, '', 0, NULL, NULL, 'No', 'None', 0, NULL, NULL, NULL, NULL, NULL, NULL, 0, 0, 0, NULL, 'loner', NULL, NULL, NULL, NULL, 0, NULL, 92, 100, 92, 92, NULL, 92, NULL, NULL, NULL, 0, 0, 0, 0, NULL, NULL, 0, 0, NULL, 0, 0, 0, 1, NULL, 0, 0, NULL, NULL, 0, 0, 0, NULL, NULL, NULL, NULL, NULL, 0, 0, NULL, NULL, NULL, NULL, NULL, NULL, 0, 0, 0, NULL),
(288, 11, 'Newborn#368', '/images/generated/kits/kit_adult_1760049242_5715_v0.png', '2025-10-19 04:00:03', NULL, NULL, 'Snowy', 'Snow', 0, 'Female', 10, 3, 0, 0, NULL, 'Rampant Rabbit', NULL, NULL, NULL, NULL, NULL, NULL, NULL, NULL, NULL, NULL, NULL, NULL, NULL, NULL, NULL, NULL, NULL, '', 0, NULL, NULL, 'No', 'None', 0, NULL, NULL, NULL, NULL, NULL, NULL, 0, 0, 0, NULL, 'reserve', 18, NULL, NULL, NULL, 0, 'caretaker', 91, 42, 12, 42, NULL, 2, NULL, 'Low Health', NULL, 0, 0, NULL, 0, 46, NULL, 0, 0, NULL, 0, 0, 0, 1, NULL, 1, 0, NULL, '2025-11-05 03:24:23', 0, 0, 2, NULL, NULL, NULL, NULL, NULL, 1, 0, NULL, NULL, NULL, '/images/generated/kits/kit_adult_1760049242_5715_v0.png', 'Mixed Fox', NULL, 1, 0, 0, NULL),
(289, 11, 'Newborn#198', '/images/generated/kits/kit_adult_1760049242_5715_v0.png', '2025-10-19 04:00:03', NULL, NULL, 'Snowy', 'Snow', 0, 'Female', 10, 3, 0, 0, NULL, 'Rampant Rabbit', NULL, NULL, NULL, NULL, NULL, NULL, NULL, NULL, NULL, NULL, NULL, NULL, NULL, NULL, NULL, NULL, NULL, '', 0, NULL, NULL, 'No', 'None', 0, NULL, NULL, NULL, NULL, NULL, NULL, 0, 0, 0, NULL, 'reserve', 18, NULL, NULL, NULL, 0, 'builder', 86, 22, 12, 92, NULL, 92, NULL, NULL, NULL, 0, 0, NULL, 0, 46, NULL, 0, 0, NULL, 0, 0, 0, 1, NULL, 0, 0, NULL, '2025-11-05 03:24:01', 1, 1, 0, NULL, NULL, NULL, NULL, NULL, 1, 0, NULL, NULL, NULL, '/images/generated/kits/kit_adult_1760049242_5715_v0.png', 'Mixed Fox', NULL, 1, 0, 0, NULL),
(290, 11, 'Newborn#273', '/images/generated/kits/kit_adult_1760005936_3931_v0.png', '2025-10-19 04:00:03', NULL, NULL, 'Snows', 'Snow', 0, 'Male', 10, 3, 0, 0, NULL, 'Rampant Rabbit', NULL, NULL, NULL, NULL, NULL, NULL, NULL, NULL, NULL, NULL, NULL, NULL, NULL, NULL, NULL, NULL, NULL, '', 0, NULL, NULL, 'No', 'None', 0, NULL, NULL, NULL, NULL, NULL, NULL, 0, 0, 0, NULL, 'reserve', 18, NULL, NULL, NULL, 0, 'scout', 86, 25, 22, 92, NULL, 92, NULL, NULL, NULL, 0, 0, NULL, 0, 52, NULL, 0, 0, NULL, 0, 0, 0, 1, NULL, 0, 0, NULL, '2025-11-05 03:24:12', 0, 1, 1, NULL, NULL, NULL, NULL, NULL, 1, 0, NULL, NULL, NULL, '/images/generated/kits/kit_adult_1760005936_3931_v0.png', 'Mixed Fox', NULL, 1, 0, 0, NULL),
(291, 11, 'Newborn#197', '/images/generated/kits/kit_adult_1760091344_4286_v0.png', '2025-10-19 04:00:03', NULL, NULL, 'Orange', 'Nuggets', 0, 'Male', 10, 3, 0, 0, NULL, 'Feral Rabbit', NULL, NULL, NULL, NULL, NULL, NULL, NULL, NULL, NULL, NULL, NULL, NULL, NULL, NULL, NULL, NULL, NULL, '', 0, NULL, NULL, 'No', 'None', 0, NULL, NULL, NULL, NULL, NULL, NULL, 0, 0, 0, NULL, 'reserve', 18, NULL, NULL, NULL, 0, 'builder', 86, 28, 12, 92, NULL, 92, NULL, NULL, NULL, 0, 0, NULL, 0, 72, NULL, 0, 0, NULL, 0, 0, 0, 1, NULL, 0, 0, NULL, '2025-11-05 03:23:57', 2, 0, 0, NULL, NULL, NULL, NULL, NULL, 1, 0, NULL, NULL, NULL, '/images/generated/kits/kit_adult_1760091344_4286_v0.png', 'Mixed Fox', NULL, 1, 0, 0, NULL),
(292, 11, 'Newborn#745', '/images/generated/kits/kit_adult_1760091344_4286_v0.png', '2025-10-19 04:00:03', NULL, NULL, 'Orange', 'Nuggets', 0, 'Female', 5, 3, 0, 0, NULL, 'Feral Rabbit', NULL, NULL, NULL, NULL, NULL, NULL, NULL, NULL, NULL, NULL, NULL, NULL, NULL, NULL, NULL, NULL, NULL, '', 0, NULL, NULL, 'No', 'None', 0, NULL, NULL, NULL, NULL, NULL, NULL, 0, 0, 0, NULL, 'reserve', 18, NULL, NULL, NULL, 0, 'scout', 89, 100, 87, 92, NULL, 92, NULL, NULL, NULL, 0, 0, NULL, 0, 72, NULL, 0, 0, NULL, 0, 0, 0, 1, NULL, 0, 0, NULL, '2025-10-31 19:49:25', 0, 0, 1, NULL, NULL, NULL, NULL, NULL, 1, 0, NULL, NULL, NULL, '/images/generated/kits/kit_adult_1760091344_4286_v0.png', 'Mixed Fox', NULL, 0, 0, 0, NULL),
(293, 11, 'Newborn#505', '/images/generated/kits/kit_adult_1760091344_4286_v0.png', '2025-10-19 04:00:03', NULL, NULL, 'Orange', 'Nuggets', 0, 'Female', 10, 3, 0, 0, NULL, 'Feral Rabbit', NULL, NULL, NULL, NULL, NULL, NULL, NULL, NULL, NULL, NULL, NULL, NULL, NULL, NULL, NULL, NULL, NULL, '', 0, NULL, NULL, 'No', 'None', 0, NULL, NULL, NULL, NULL, NULL, NULL, 0, 0, 0, NULL, 'reserve', 18, NULL, NULL, NULL, 0, 'scout', 86, 100, 82, 92, NULL, 92, NULL, NULL, NULL, 0, 0, NULL, 0, 72, NULL, 0, 0, NULL, 0, 0, 0, 1, NULL, 0, 0, NULL, '2025-11-05 03:24:46', 1, 1, 0, NULL, NULL, NULL, NULL, NULL, 1, 0, NULL, NULL, NULL, '/images/generated/kits/kit_adult_1760091344_4286_v0.png', 'Mixed Fox', NULL, 0, 0, 0, NULL),
(294, 11, 'Newborn#603', '/images/generated/kits/kit_adult_1760092799_9998_v0.png', '2025-10-19 04:00:03', NULL, NULL, 'Chicken Nugget', 'Nuggets', 0, 'Male', 5, 3, 0, 0, NULL, 'Feral Rabbit', NULL, NULL, NULL, NULL, NULL, NULL, NULL, NULL, NULL, NULL, NULL, NULL, NULL, NULL, NULL, NULL, NULL, '', 0, NULL, NULL, 'No', 'None', 0, NULL, NULL, NULL, NULL, NULL, NULL, 0, 0, 0, NULL, 'reserve', 18, NULL, NULL, NULL, 0, 'healer', 89, 100, 87, 92, NULL, 92, NULL, NULL, NULL, 0, 0, NULL, 0, 74, NULL, 0, 0, NULL, 0, 0, 0, 1, NULL, 0, 0, NULL, '2025-10-31 19:49:08', 0, 1, 0, NULL, NULL, NULL, NULL, NULL, 1, 0, NULL, NULL, NULL, '/images/generated/kits/kit_adult_1760092799_9998_v0.png', 'Mixed Fox', NULL, 0, 0, 0, NULL),
(295, 11, 'Newborn#219', '/images/generated/kits/kit_adult_1760092799_9998_v0.png', '2025-10-19 04:00:03', NULL, NULL, 'Chicken Nugget', 'Nuggets', 0, 'Male', 10, 3, 0, 0, NULL, 'Feral Rabbit', NULL, NULL, NULL, NULL, NULL, NULL, NULL, NULL, NULL, NULL, NULL, NULL, NULL, NULL, NULL, NULL, NULL, '', 0, NULL, NULL, 'No', 'None', 0, NULL, NULL, NULL, NULL, NULL, NULL, 0, 0, 0, NULL, 'reserve', 18, NULL, NULL, NULL, 0, 'builder', 86, 29, 22, 92, NULL, 92, NULL, NULL, NULL, 0, 0, NULL, 0, 74, NULL, 0, 0, NULL, 0, 0, 0, 1, NULL, 0, 0, NULL, '2025-11-05 03:24:08', 1, 0, 1, NULL, NULL, NULL, NULL, NULL, 1, 0, NULL, NULL, NULL, '/images/generated/kits/kit_adult_1760092799_9998_v0.png', 'Mixed Fox', NULL, 1, 0, 0, NULL),
(296, 11, 'Newborn#509', '/images/generated/kits/kit_adult_1760092799_9998_v0.png', '2025-10-19 04:00:03', NULL, NULL, 'Chicken Nugget', 'Nuggets', 0, 'Female', 10, 3, 0, 0, NULL, 'Feral Rabbit', NULL, NULL, NULL, NULL, NULL, NULL, NULL, NULL, NULL, NULL, NULL, NULL, NULL, NULL, NULL, NULL, NULL, '', 0, NULL, NULL, 'No', 'None', 0, NULL, NULL, NULL, NULL, NULL, NULL, 0, 0, 0, NULL, 'reserve', 18, NULL, NULL, NULL, 0, 'builder', 86, 100, 82, 92, NULL, 92, NULL, NULL, NULL, 0, 0, NULL, 0, 74, NULL, 0, 0, NULL, 0, 0, 0, 1, NULL, 0, 0, NULL, '2025-11-05 03:24:50', 1, 1, 0, NULL, NULL, NULL, NULL, NULL, 1, 0, NULL, NULL, NULL, '/images/generated/kits/kit_adult_1760092799_9998_v0.png', 'Mixed Fox', NULL, 0, 0, 0, NULL),
(297, 11, 'Newborn#524', '/images/generated/kits/kit_adult_1760132737_2481_v0.png', '2025-10-19 04:00:03', NULL, NULL, 'Tree', 'Nuggets', 0, 'Male', 5, 3, 0, 0, NULL, 'Feral Rabbit', NULL, NULL, NULL, NULL, NULL, NULL, NULL, NULL, NULL, NULL, NULL, NULL, NULL, NULL, NULL, NULL, NULL, '', 0, NULL, NULL, 'No', 'None', 0, NULL, NULL, NULL, NULL, NULL, NULL, 0, 0, 0, NULL, 'reserve', 18, NULL, NULL, NULL, 0, 'scout', 89, 100, 87, 92, NULL, 92, NULL, NULL, NULL, 0, 0, NULL, 0, 92, NULL, 0, 0, NULL, 0, 0, 0, 1, NULL, 0, 0, NULL, '2025-10-31 19:49:01', 1, 0, 0, NULL, NULL, NULL, NULL, NULL, 1, 0, NULL, NULL, NULL, '/images/generated/kits/kit_adult_1760132737_2481_v0.png', 'Mixed Fox', NULL, 0, 0, 0, NULL),
(298, 11, 'Newborn#749', '/images/generated/kits/kit_adult_1760132737_2481_v0.png', '2025-10-19 04:00:03', NULL, NULL, 'Tree', 'Nuggets', 0, 'Male', 5, 3, 0, 0, NULL, 'Feral Rabbit', NULL, NULL, NULL, NULL, NULL, NULL, NULL, NULL, NULL, NULL, NULL, NULL, NULL, NULL, NULL, NULL, NULL, '', 0, NULL, NULL, 'No', 'None', 0, NULL, NULL, NULL, NULL, NULL, NULL, 0, 0, 0, NULL, 'reserve', 18, NULL, NULL, NULL, 0, 'scout', 89, 100, 87, 92, NULL, 92, NULL, NULL, NULL, 0, 0, NULL, 0, 92, NULL, 0, 0, NULL, 0, 0, 0, 1, NULL, 0, 0, NULL, '2025-10-31 19:49:19', 0, 0, 1, NULL, NULL, NULL, NULL, NULL, 1, 0, NULL, NULL, NULL, '/images/generated/kits/kit_adult_1760132737_2481_v0.png', 'Mixed Fox', NULL, 0, 0, 0, NULL),
(299, 11, 'Newborn#517', '/images/generated/kits/kit_adult_1760132737_2481_v0.png', '2025-10-19 04:00:03', NULL, NULL, 'Tree', 'Nuggets', 0, 'Male', 10, 3, 0, 0, NULL, 'Feral Rabbit', NULL, NULL, NULL, NULL, NULL, NULL, NULL, NULL, NULL, NULL, NULL, NULL, NULL, NULL, NULL, NULL, NULL, '', 0, NULL, NULL, 'No', 'None', 0, NULL, NULL, NULL, NULL, NULL, NULL, 0, 0, 0, NULL, 'reserve', 18, NULL, NULL, NULL, 0, 'scout', 86, 100, 82, 92, NULL, 92, NULL, NULL, NULL, 0, 0, NULL, 0, 92, NULL, 0, 0, NULL, 0, 0, 0, 1, NULL, 0, 0, NULL, '2025-11-05 03:25:01', 1, 0, 1, NULL, NULL, NULL, NULL, NULL, 1, 0, NULL, NULL, NULL, '/images/generated/kits/kit_adult_1760132737_2481_v0.png', 'Mixed Fox', NULL, 0, 0, 0, NULL),
(300, 11, 'Newborn#883', '/images/generated/kits/kit_adult_1760142455_6526_v0.png', '2025-10-19 04:00:03', NULL, NULL, 'Berry', 'Snow', 0, 'Female', 5, 3, 0, 0, NULL, 'Rampant Rabbit', NULL, NULL, NULL, NULL, NULL, NULL, NULL, NULL, NULL, NULL, NULL, NULL, NULL, NULL, NULL, NULL, NULL, '', 0, NULL, NULL, 'No', 'None', 0, NULL, NULL, NULL, NULL, NULL, NULL, 0, 0, 0, NULL, 'reserve', 18, NULL, NULL, NULL, 0, 'scout', 89, 24, 17, 92, NULL, 92, NULL, NULL, NULL, 0, 0, NULL, 0, 96, NULL, 0, 0, NULL, 0, 0, 0, 1, NULL, 0, 0, NULL, '2025-10-31 19:49:39', 0, 0, 1, NULL, NULL, NULL, NULL, NULL, 1, 0, NULL, NULL, NULL, '/images/generated/kits/kit_adult_1760142455_6526_v0.png', 'Mixed Fox', NULL, 1, 0, 0, NULL),
(301, 11, 'Newborn#381', '/images/generated/kits/kit_adult_1760142455_6526_v0.png', '2025-10-19 04:00:03', NULL, NULL, 'Berry', 'Snow', 0, 'Male', 10, 3, 0, 0, NULL, 'Rampant Rabbit', NULL, NULL, NULL, NULL, NULL, NULL, NULL, NULL, NULL, NULL, NULL, NULL, NULL, NULL, NULL, NULL, NULL, '', 0, NULL, NULL, 'No', 'None', 0, NULL, NULL, NULL, NULL, NULL, NULL, 0, 0, 0, NULL, 'reserve', 18, NULL, NULL, NULL, 0, 'builder', 86, 100, 82, 92, NULL, 92, NULL, NULL, NULL, 0, 0, NULL, 0, 96, NULL, 0, 0, NULL, 0, 0, 0, 1, NULL, 0, 0, NULL, '2025-11-05 03:24:30', 2, 0, 0, NULL, NULL, NULL, NULL, NULL, 1, 0, NULL, NULL, NULL, '/images/generated/kits/kit_adult_1760142455_6526_v0.png', 'Mixed Fox', NULL, 0, 0, 0, NULL),
(302, 3, 'Dandelion', '/images/generated/kits/kit_adult_1760390151_3476_v0.png', '2025-10-19 04:00:03', NULL, NULL, 'Fairsnow', 'Cotton Ball', 0, 'Female', 5, 3, 0, 0, NULL, 'Rampant Rabbit', NULL, NULL, NULL, NULL, NULL, NULL, NULL, NULL, NULL, NULL, NULL, NULL, NULL, NULL, NULL, NULL, NULL, '', 0, NULL, NULL, 'No', 'None', 0, NULL, NULL, NULL, NULL, NULL, NULL, 0, 0, 0, NULL, 'reserve', 10, NULL, NULL, NULL, 0, NULL, 89, 100, 87, 92, NULL, 92, NULL, NULL, NULL, 0, 0, NULL, 0, 271, NULL, 0, 0, NULL, 0, 0, 0, 1, NULL, 0, 0, NULL, '2025-12-13 22:23:21', 1, 0, 0, NULL, NULL, NULL, NULL, NULL, 1, 0, NULL, NULL, NULL, '/images/generated/kits/kit_adult_1760390151_3476_v0.png', 'Mixed Fox', NULL, 0, 0, 0, NULL),
(303, 1, 'Mutation tester', '/images/generated/kits/kit_adult_1759989507_8903_v0.png', '2025-10-24 04:00:03', NULL, NULL, 'Rox', '1', 1, 'Female', 40, 3, 0, 0, NULL, 'Wildling Rabbit', NULL, NULL, NULL, NULL, NULL, NULL, NULL, NULL, NULL, NULL, NULL, NULL, NULL, NULL, NULL, NULL, NULL, '', 0, NULL, NULL, 'No', 'Newborn#229', 367, NULL, NULL, NULL, NULL, NULL, NULL, 0, 0, 0, NULL, 'reserve', NULL, NULL, NULL, NULL, 0, NULL, 62, 0, 0, 33, NULL, 51, NULL, 'Low Health', NULL, 0, 0, NULL, 1, 8, NULL, 0, 0, NULL, 0, 0, 0, 0, NULL, 1, 0, '2025-11-06 21:52:14', NULL, 0, 0, 0, '2025-11-13 22:07:01', 'Died from risky self-treatment', NULL, NULL, NULL, 1, 0, NULL, NULL, NULL, '/images/generated/kits/kit_adult_1759989507_8903_v0.png', 'Mixed Fox', NULL, 0, 0, 0, NULL),
(304, 6, 'Newborn#187', '/images/generated/kits/kit_adult_1759988875_6382_v0.png', '2025-10-24 04:00:03', NULL, NULL, 'Fall', 'Newborn#929', 1, 'Female', 20, 3, 0, 0, NULL, 'Rampant Rabbit', NULL, NULL, NULL, NULL, NULL, NULL, NULL, NULL, NULL, NULL, NULL, NULL, NULL, NULL, NULL, NULL, NULL, '', 0, NULL, NULL, 'No', 'Foo', 64, NULL, NULL, NULL, NULL, NULL, NULL, 0, 0, 0, NULL, 'reserve', 13, NULL, NULL, NULL, 0, NULL, 80, 100, 72, 92, NULL, 92, NULL, NULL, NULL, 0, 0, NULL, 1, 35, NULL, 0, 0, NULL, 0, 0, 0, 1, NULL, 0, 0, NULL, '2025-12-15 13:37:46', 0, 3, 1, NULL, NULL, NULL, NULL, NULL, 1, 0, NULL, NULL, NULL, '/images/generated/kits/kit_adult_1759988875_6382_v0.png', 'Mixed Fox', NULL, 0, 0, 0, NULL),
(305, 6, 'Newborn#770', '/images/generated/kits/kit_adult_1759988959_1566_v0.png', '2025-10-24 04:00:03', NULL, NULL, 'Feek', 'Foo', 0, 'Male', 20, 3, 0, 0, NULL, 'Rampant Rabbit', NULL, NULL, NULL, NULL, NULL, NULL, NULL, NULL, NULL, NULL, NULL, NULL, NULL, NULL, NULL, NULL, NULL, '', 0, NULL, NULL, 'No', 'None', 0, NULL, NULL, NULL, NULL, NULL, NULL, 0, 0, 0, NULL, 'reserve', 13, NULL, NULL, NULL, 0, NULL, 80, 100, 72, 92, NULL, 92, NULL, NULL, NULL, 0, 0, NULL, 0, 36, NULL, 0, 0, NULL, 0, 0, 0, 1, NULL, 0, 0, NULL, '2025-12-15 13:37:46', 1, 1, 2, NULL, NULL, NULL, NULL, NULL, 1, 0, NULL, NULL, NULL, '/images/generated/kits/kit_adult_1759988959_1566_v0.png', 'Mixed Fox', NULL, 0, 0, 0, NULL),
(306, 6, 'Newborn#115', '/images/generated/kits/kit_adult_1759988959_1566_v0.png', '2025-10-24 04:00:03', NULL, NULL, 'Feek', 'Foo', 1, 'Female', 25, 3, 0, 0, NULL, 'Rampant Rabbit', NULL, NULL, NULL, NULL, NULL, NULL, NULL, NULL, NULL, NULL, NULL, NULL, NULL, NULL, NULL, NULL, NULL, '', 0, NULL, NULL, 'No', 'Foo', 64, NULL, NULL, NULL, NULL, NULL, NULL, 0, 0, 0, NULL, 'reserve', 13, NULL, NULL, NULL, 0, NULL, 77, 100, 50, 79, NULL, 77, NULL, NULL, NULL, 0, 0, NULL, 1, 36, NULL, 0, 0, NULL, 0, 0, 0, 1, NULL, 0, 0, NULL, '2025-12-15 13:37:46', 4, 1, 0, NULL, NULL, NULL, NULL, NULL, 1, 0, NULL, NULL, NULL, '/images/generated/kits/kit_adult_1759988959_1566_v0.png', 'Mixed Fox', NULL, 0, 0, 0, NULL),
(307, 6, 'Newborn#794', '/images/generated/kits/kit_adult_1759988959_1566_v0.png', '2025-10-24 04:00:03', NULL, NULL, 'Feek', 'Foo', 2, 'Female', 20, 3, 0, 0, NULL, 'Rampant Rabbit', NULL, NULL, NULL, NULL, NULL, NULL, NULL, NULL, NULL, NULL, NULL, NULL, NULL, NULL, NULL, NULL, NULL, '', 0, NULL, NULL, 'No', 'Spark', 7, NULL, NULL, NULL, NULL, NULL, NULL, 0, 0, 0, NULL, 'reserve', 13, NULL, NULL, NULL, 0, NULL, 80, 100, 72, 92, NULL, 92, NULL, NULL, NULL, 0, 0, NULL, 1, 36, NULL, 0, 0, NULL, 0, 0, 0, 1, NULL, 0, 0, NULL, '2025-12-15 13:37:46', 0, 1, 3, NULL, NULL, NULL, NULL, NULL, 1, 0, NULL, NULL, NULL, '/images/generated/kits/kit_adult_1759988959_1566_v0.png', 'Mixed Fox', NULL, 0, 0, 0, NULL),
(308, 6, 'Newborn#395', '/images/generated/kits/kit_adult_1759988963_8952_v0.png', '2025-10-24 04:00:03', NULL, NULL, 'Ramps', 'Spark', 3, 'Female', 20, 3, 0, 0, NULL, 'Rampant Rabbit', NULL, NULL, NULL, NULL, NULL, NULL, NULL, NULL, NULL, NULL, NULL, NULL, NULL, NULL, NULL, NULL, NULL, '', 0, NULL, NULL, 'No', 'Newborn#355', 325, NULL, NULL, NULL, NULL, NULL, NULL, 0, 0, 0, NULL, 'reserve', 13, NULL, NULL, NULL, 0, NULL, 80, 100, 72, 92, NULL, 92, NULL, NULL, NULL, 0, 0, NULL, 1, 37, NULL, 0, 0, NULL, 0, 0, 0, 1, NULL, 0, 0, NULL, '2025-12-15 13:37:46', 0, 1, 3, NULL, NULL, NULL, NULL, NULL, 1, 0, NULL, NULL, NULL, '/images/generated/kits/kit_adult_1759988963_8952_v0.png', 'Mixed Fox', NULL, 0, 0, 0, NULL),
(309, 6, 'Newborn#548', '/images/generated/kits/kit_adult_1759988963_8952_v0.png', '2025-10-24 04:00:03', NULL, NULL, 'Ramps', 'Spark', 0, 'Male', 20, 3, 0, 0, NULL, 'Rampant Rabbit', NULL, NULL, NULL, NULL, NULL, NULL, NULL, NULL, NULL, NULL, NULL, NULL, NULL, NULL, NULL, NULL, NULL, '', 0, NULL, NULL, 'No', 'None', 0, NULL, NULL, NULL, NULL, NULL, NULL, 0, 0, 0, NULL, 'reserve', 13, NULL, NULL, NULL, 0, NULL, 80, 100, 72, 92, NULL, 92, NULL, NULL, NULL, 0, 0, NULL, 0, 37, NULL, 0, 0, NULL, 0, 0, 0, 1, NULL, 0, 0, NULL, '2025-12-15 13:37:47', 1, 1, 2, NULL, NULL, NULL, NULL, NULL, 1, 0, NULL, NULL, NULL, '/images/generated/kits/kit_adult_1759988963_8952_v0.png', 'Mixed Fox', NULL, 0, 0, 0, NULL),
(310, 6, 'Newborn#520', '/images/generated/kits/kit_adult_1759988963_8952_v0.png', '2025-10-24 04:00:03', NULL, NULL, 'Ramps', 'Spark', 2, 'Female', 20, 3, 0, 0, NULL, 'Rampant Rabbit', NULL, NULL, NULL, NULL, NULL, NULL, NULL, NULL, NULL, NULL, NULL, NULL, NULL, NULL, NULL, NULL, NULL, '', 0, NULL, NULL, 'No', 'Newborn#355', 325, NULL, NULL, NULL, NULL, NULL, NULL, 0, 0, 0, NULL, 'reserve', 13, NULL, NULL, NULL, 0, NULL, 80, 100, 72, 92, NULL, 92, NULL, NULL, NULL, 0, 0, NULL, 1, 37, NULL, 0, 0, NULL, 0, 0, 0, 1, NULL, 0, 0, NULL, '2025-12-15 13:37:47', 4, 0, 0, NULL, NULL, NULL, NULL, NULL, 1, 0, NULL, NULL, NULL, '/images/generated/kits/kit_adult_1759988963_8952_v0.png', 'Mixed Fox', NULL, 0, 0, 0, NULL),
(311, 6, 'Base', '/images/generated/kits/kit_adult_1759989504_3511_v0.png', '2025-10-24 04:00:03', NULL, NULL, 'Fers', 'Newborn#797', 3, 'Female', 20, 3, 0, 0, NULL, 'Feral Rabbit', NULL, NULL, NULL, NULL, NULL, NULL, NULL, NULL, NULL, NULL, NULL, NULL, NULL, NULL, NULL, NULL, NULL, '', 0, NULL, NULL, 'No', 'Newborn#211', 375, NULL, NULL, NULL, NULL, NULL, NULL, 0, 0, 0, NULL, 'reserve', 13, NULL, NULL, NULL, 0, NULL, 80, 100, 72, 92, NULL, 92, NULL, NULL, NULL, 0, 0, NULL, 1, 41, NULL, 0, 0, NULL, 0, 0, 0, 1, NULL, 0, 0, NULL, '2025-12-15 13:37:47', 0, 2, 2, NULL, NULL, NULL, NULL, NULL, 1, 0, NULL, NULL, NULL, '/images/generated/kits/kit_adult_1759989504_3511_v0.png', 'Mixed Fox', NULL, 0, 0, 0, NULL),
(312, 6, 'Base', '/images/generated/kits/kit_adult_1759989504_3511_v0.png', '2025-10-24 04:00:03', NULL, NULL, 'Fers', 'Newborn#797', 0, 'Male', 20, 3, 0, 0, NULL, 'Feral Rabbit', NULL, NULL, NULL, NULL, NULL, NULL, NULL, NULL, NULL, NULL, NULL, NULL, NULL, NULL, NULL, NULL, NULL, '', 0, NULL, NULL, 'No', 'None', 0, NULL, NULL, NULL, NULL, NULL, NULL, 0, 0, 0, NULL, 'reserve', 13, NULL, NULL, NULL, 0, NULL, 80, 100, 72, 92, NULL, 92, NULL, NULL, NULL, 0, 0, NULL, 0, 41, NULL, 0, 0, NULL, 0, 0, 0, 1, NULL, 0, 0, NULL, '2025-12-15 13:37:47', 1, 1, 2, NULL, NULL, NULL, NULL, NULL, 1, 0, NULL, NULL, NULL, '/images/generated/kits/kit_adult_1759989504_3511_v0.png', 'Mixed Fox', NULL, 0, 0, 0, NULL),
(313, 6, '290', '/images/generated/kits/kit_adult_1759989510_5243_v0.png', '2025-10-24 04:00:03', NULL, NULL, 'Scitchy', 'Newborn#910', 0, 'Male', 20, 3, 0, 0, NULL, 'Wildling Rabbit', NULL, NULL, NULL, NULL, NULL, NULL, NULL, NULL, NULL, NULL, NULL, NULL, NULL, NULL, NULL, NULL, NULL, '', 0, NULL, NULL, 'No', 'None', 0, NULL, NULL, NULL, NULL, NULL, NULL, 0, 0, 0, NULL, 'reserve', 13, NULL, NULL, NULL, 0, 'scout', 80, 100, 72, 92, NULL, 92, NULL, NULL, NULL, 0, 0, NULL, 0, 42, NULL, 0, 0, NULL, 0, 0, 0, 1, NULL, 0, 0, NULL, '2025-12-15 13:37:47', 2, 2, 0, NULL, NULL, NULL, NULL, NULL, 1, 0, NULL, NULL, NULL, '/images/generated/kits/kit_adult_1759989510_5243_v0.png', 'Mixed Fox', NULL, 0, 0, 0, NULL);
INSERT INTO `user_pets` (`id`, `user_id`, `pet_name`, `pet_image`, `adopted_at`, `background`, `accessory`, `mother`, `father`, `offspring`, `gender`, `exp`, `level`, `skill`, `boosts`, `description`, `type`, `price`, `background_url`, `toy1`, `toy2`, `toy3`, `deco`, `marking1`, `marking2`, `marking3`, `toy1_x`, `toy1_y`, `toy2_x`, `toy2_y`, `toy3_x`, `toy3_y`, `deco_x`, `deco_y`, `base`, `sparring_wins`, `marking4`, `marking5`, `sale`, `mate`, `mate_id`, `due_date`, `last_quest`, `appearance_effect`, `appearance_size`, `appearance_pattern`, `temp_species`, `appearance_fluff`, `has_wings`, `appearance_glow`, `appearance_elemental`, `status`, `colony_id`, `apprentice_role`, `mentor_user_id`, `last_cared_for`, `growth_blocked`, `colony_role`, `mood`, `health`, `energy`, `hunger`, `hunger_zero_since`, `thirst`, `thirst_zero_since`, `sickness`, `injury`, `is_pregnant`, `is_kit`, `kit_level`, `needs_care`, `mother_id`, `father_id`, `inbreed_score`, `congenital_sick`, `congenital_note`, `has_inbreed_badge`, `fed_kits_today`, `hunger_strikes`, `is_alive`, `last_caretaker_action`, `is_sick`, `days_sick`, `last_rest_time`, `last_training_time`, `strength`, `agility`, `intellect`, `death_date`, `death_reason`, `date_of_death`, `cause_of_death`, `health_zero_since`, `is_reserve`, `battle_ready`, `base_inv_id`, `base_item_id`, `pregnant_adult_image`, `adult_image`, `variant_label`, `next_growth_at`, `reserve_can_fight`, `inbreeding_score`, `inbred_flag`, `inbreeding_history`) VALUES
(314, 6, 'Base', '/images/generated/kits/kit_adult_1759989510_5243_v0.png', '2025-10-24 04:00:03', NULL, NULL, 'Scitchy', 'Newborn#910', 1, 'Female', 25, 3, 0, 0, NULL, 'Wildling Rabbit', NULL, NULL, NULL, NULL, NULL, NULL, NULL, NULL, NULL, NULL, NULL, NULL, NULL, NULL, NULL, NULL, NULL, '', 0, NULL, NULL, 'No', '1', 47, NULL, NULL, NULL, NULL, NULL, NULL, 0, 0, 0, NULL, 'reserve', 13, NULL, NULL, NULL, 0, NULL, 77, 100, 67, 92, NULL, 92, NULL, NULL, NULL, 0, 0, NULL, 1, 42, NULL, 0, 0, NULL, 0, 0, 0, 1, NULL, 0, 0, NULL, '2025-12-15 13:37:47', 2, 2, 1, NULL, NULL, NULL, NULL, NULL, 1, 0, NULL, NULL, NULL, '/images/generated/kits/kit_adult_1759989510_5243_v0.png', 'Mixed Fox', NULL, 0, 0, 0, NULL),
(315, 6, 'Base', '/images/generated/kits/kit_adult_1759998979_8099_v0.png', '2025-10-24 04:00:03', NULL, NULL, 'Pizzazz', 'Newborn#797', 2, 'Female', 20, 3, 0, 0, NULL, 'Feral Rabbit', NULL, NULL, NULL, NULL, NULL, NULL, NULL, NULL, NULL, NULL, NULL, NULL, NULL, NULL, NULL, NULL, NULL, '', 0, NULL, NULL, 'No', 'Newborn#396', 223, NULL, NULL, NULL, NULL, NULL, NULL, 0, 0, 0, NULL, 'reserve', 13, NULL, NULL, NULL, 0, NULL, 80, 100, 72, 92, NULL, 92, NULL, NULL, NULL, 0, 0, NULL, 1, 45, NULL, 0, 0, NULL, 0, 0, 0, 1, NULL, 0, 0, NULL, '2025-12-15 13:37:47', 1, 3, 0, NULL, NULL, NULL, NULL, NULL, 1, 0, NULL, NULL, NULL, '/images/generated/kits/kit_adult_1759998979_8099_v0.png', 'Mixed Fox', NULL, 0, 0, 0, NULL),
(316, 6, 'Base', '/images/generated/kits/kit_adult_1759998979_8099_v0.png', '2025-10-24 04:00:03', NULL, NULL, 'Pizzazz', 'Newborn#797', 3, 'Female', 20, 3, 0, 0, NULL, 'Feral Rabbit', NULL, NULL, NULL, NULL, NULL, NULL, NULL, NULL, NULL, NULL, NULL, NULL, NULL, NULL, NULL, NULL, NULL, '', 0, NULL, NULL, 'No', 'Newborn#396', 223, NULL, NULL, NULL, NULL, NULL, NULL, 0, 0, 0, NULL, 'reserve', 13, NULL, NULL, NULL, 0, NULL, 80, 100, 72, 92, NULL, 92, NULL, NULL, NULL, 0, 0, NULL, 1, 45, NULL, 0, 0, NULL, 0, 0, 0, 1, NULL, 0, 0, NULL, '2025-12-15 13:37:47', 0, 2, 2, NULL, NULL, NULL, NULL, NULL, 1, 0, NULL, NULL, NULL, '/images/generated/kits/kit_adult_1759998979_8099_v0.png', 'Mixed Fox', NULL, 0, 0, 0, NULL),
(317, 6, 'Newborn#300', '/images/generated/kits/kit_adult_1759997440_9531_v0.png', '2025-10-24 04:00:03', NULL, NULL, '2', '1', 2, 'Female', 20, 3, 0, 0, NULL, 'Wildling Rabbit', NULL, NULL, NULL, NULL, NULL, NULL, NULL, NULL, NULL, NULL, NULL, NULL, NULL, NULL, NULL, NULL, NULL, '', 0, NULL, NULL, 'No', '1', 47, NULL, NULL, NULL, NULL, NULL, NULL, 0, 0, 0, NULL, 'reserve', 13, NULL, NULL, NULL, 0, NULL, 80, 100, 72, 92, NULL, 92, NULL, NULL, NULL, 0, 0, NULL, 1, 48, NULL, 0, 0, NULL, 0, 0, 0, 1, NULL, 0, 0, NULL, '2025-12-15 13:37:47', 1, 1, 2, NULL, NULL, NULL, NULL, NULL, 1, 0, NULL, NULL, NULL, '/images/generated/kits/kit_adult_1759997440_9531_v0.png', 'Mixed Fox', NULL, 0, 0, 0, NULL),
(318, 6, 'Newborn#475', '/images/generated/kits/kit_adult_1759997440_9531_v0.png', '2025-10-24 04:00:03', NULL, NULL, '2', '1', 1, 'Male', 20, 3, 0, 0, NULL, 'Wildling Rabbit', NULL, NULL, NULL, NULL, NULL, NULL, NULL, NULL, NULL, NULL, NULL, NULL, NULL, NULL, NULL, NULL, NULL, '', 0, NULL, NULL, 'No', 'None', 0, NULL, NULL, NULL, NULL, NULL, NULL, 0, 0, 0, NULL, 'reserve', 13, NULL, NULL, NULL, 0, NULL, 80, 100, 72, 92, NULL, 92, NULL, NULL, NULL, 0, 0, NULL, 0, 48, NULL, 0, 0, NULL, 0, 0, 0, 1, NULL, 0, 0, NULL, '2025-12-15 13:37:47', 1, 3, 0, NULL, NULL, NULL, NULL, NULL, 1, 0, NULL, NULL, NULL, '/images/generated/kits/kit_adult_1759997440_9531_v0.png', 'Mixed Fox', NULL, 0, 0, 0, NULL),
(319, 6, 'Newborn#694', '/images/generated/kits/kit_adult_1760065854_6721_v0.png', '2025-10-24 04:00:03', NULL, NULL, 'Fee', 'Foo', 0, 'Male', 20, 3, 0, 0, NULL, 'Rampant Rabbit', NULL, NULL, NULL, NULL, NULL, NULL, NULL, NULL, NULL, NULL, NULL, NULL, NULL, NULL, NULL, NULL, NULL, '', 0, NULL, NULL, 'No', 'None', 0, NULL, NULL, NULL, NULL, NULL, NULL, 0, 0, 0, NULL, 'reserve', 13, NULL, NULL, NULL, 0, NULL, 80, 100, 72, 92, NULL, 92, NULL, NULL, NULL, 0, 0, NULL, 0, 63, NULL, 0, 0, NULL, 0, 0, 0, 1, NULL, 0, 0, NULL, '2025-12-15 13:37:47', 1, 1, 2, NULL, NULL, NULL, NULL, NULL, 1, 0, NULL, NULL, NULL, '/images/generated/kits/kit_adult_1760065854_6721_v0.png', 'Mixed Fox', NULL, 0, 0, 0, NULL),
(320, 6, 'Newborn#831', '/images/generated/kits/kit_adult_1760065860_7876_v0.png', '2025-10-24 04:00:03', NULL, NULL, 'Fix', 'Newborn#929', 1, 'Male', 20, 3, 0, 0, NULL, 'Rampant Rabbit', NULL, NULL, NULL, NULL, NULL, NULL, NULL, NULL, NULL, NULL, NULL, NULL, NULL, NULL, NULL, NULL, NULL, '', 0, NULL, NULL, 'No', 'None', 0, NULL, NULL, NULL, NULL, NULL, NULL, 0, 0, 0, NULL, 'reserve', 13, NULL, NULL, NULL, 0, NULL, 80, 100, 72, 92, NULL, 92, NULL, NULL, NULL, 0, 0, NULL, 0, 65, NULL, 0, 0, NULL, 0, 0, 0, 1, NULL, 0, 0, NULL, '2025-12-15 13:37:47', 1, 1, 2, NULL, NULL, NULL, NULL, NULL, 1, 0, NULL, NULL, NULL, '/images/generated/kits/kit_adult_1760065860_7876_v0.png', 'Mixed Fox', NULL, 0, 0, 0, NULL),
(321, 6, 'Newborn#196', '/images/generated/kits/kit_adult_1760065860_7876_v0.png', '2025-10-24 04:00:03', NULL, NULL, 'Fix', 'Newborn#929', 3, 'Female', 20, 3, 0, 0, NULL, 'Rampant Rabbit', NULL, NULL, NULL, NULL, NULL, NULL, NULL, NULL, NULL, NULL, NULL, NULL, NULL, NULL, NULL, NULL, NULL, '', 0, NULL, NULL, 'No', 'Newborn#586', 336, NULL, NULL, NULL, NULL, NULL, NULL, 0, 0, 0, NULL, 'reserve', 13, NULL, NULL, NULL, 0, NULL, 80, 100, 72, 92, NULL, 92, NULL, NULL, NULL, 0, 0, NULL, 1, 65, NULL, 0, 0, NULL, 0, 0, 0, 1, NULL, 0, 0, NULL, '2025-12-15 13:37:47', 2, 1, 1, NULL, NULL, NULL, NULL, NULL, 1, 0, NULL, NULL, NULL, '/images/generated/kits/kit_adult_1760065860_7876_v0.png', 'Mixed Fox', NULL, 1, 0, 0, NULL),
(322, 6, 'Newborn#862', '/images/generated/kits/kit_adult_1760065860_7876_v0.png', '2025-10-24 04:00:03', NULL, NULL, 'Fix', 'Newborn#929', 3, 'Female', 20, 3, 0, 0, NULL, 'Rampant Rabbit', NULL, NULL, NULL, NULL, NULL, NULL, NULL, NULL, NULL, NULL, NULL, NULL, NULL, NULL, NULL, NULL, NULL, '', 0, NULL, NULL, 'No', 'Newborn#355', 325, NULL, NULL, NULL, NULL, NULL, NULL, 0, 0, 0, NULL, 'reserve', 13, NULL, NULL, NULL, 0, NULL, 80, 100, 72, 92, NULL, 92, NULL, NULL, NULL, 0, 0, NULL, 1, 65, NULL, 0, 0, NULL, 0, 0, 0, 1, NULL, 0, 0, NULL, '2025-12-15 13:37:47', 0, 2, 2, NULL, NULL, NULL, NULL, NULL, 1, 0, NULL, NULL, NULL, '/images/generated/kits/kit_adult_1760065860_7876_v0.png', 'Mixed Fox', NULL, 0, 0, 0, NULL),
(323, 6, 'Newborn#963', '/images/generated/kits/kit_adult_1760065867_1612_v0.png', '2025-10-24 04:00:03', NULL, NULL, 'Sleep', 'Spark', 0, 'Male', 20, 3, 0, 0, NULL, 'Rampant Rabbit', NULL, NULL, NULL, NULL, NULL, NULL, NULL, NULL, NULL, NULL, NULL, NULL, NULL, NULL, NULL, NULL, NULL, '', 0, NULL, NULL, 'No', 'None', 0, NULL, NULL, NULL, NULL, NULL, NULL, 0, 0, 0, NULL, 'reserve', 13, NULL, NULL, NULL, 0, NULL, 80, 100, 72, 92, NULL, 92, NULL, NULL, NULL, 0, 0, NULL, 0, 66, NULL, 0, 0, NULL, 0, 0, 0, 1, NULL, 0, 0, NULL, '2025-12-15 13:37:47', 2, 0, 2, NULL, NULL, NULL, NULL, NULL, 1, 0, NULL, NULL, NULL, '/images/generated/kits/kit_adult_1760065867_1612_v0.png', 'Mixed Fox', NULL, 0, 0, 0, NULL),
(324, 6, 'Base', '/images/generated/kits/kit_adult_1761170299_2198_v0.png', '2025-10-24 04:00:03', NULL, NULL, 'Newborn#299', 'Newborn#175', 0, 'Male', 25, 3, 0, 0, NULL, 'Wildling Rabbit', NULL, NULL, NULL, NULL, NULL, NULL, NULL, NULL, NULL, NULL, NULL, NULL, NULL, NULL, NULL, NULL, NULL, '', 0, NULL, NULL, 'No', 'None', 0, NULL, NULL, NULL, NULL, NULL, NULL, 0, 0, 0, NULL, 'reserve', 13, NULL, NULL, NULL, 0, NULL, 77, 100, 67, 92, NULL, 92, NULL, NULL, NULL, 0, 0, NULL, 0, 205, NULL, 0, 0, NULL, 0, 0, 0, 1, NULL, 0, 0, NULL, '2025-12-15 13:37:47', 2, 0, 3, NULL, NULL, NULL, NULL, NULL, 1, 0, NULL, NULL, NULL, '/images/generated/kits/kit_adult_1761170299_2198_v0.png', 'Mixed Fox', NULL, 0, 0, 0, NULL),
(325, 6, 'Newborn#355', '/images/generated/kits/kit_adult_1761170351_7164_v0.png', '2025-10-24 04:00:03', NULL, NULL, 'Newborn#335', 'Newborn#929', 16, 'Male', 25, 3, 0, 0, NULL, 'Rampant Rabbit', NULL, NULL, NULL, NULL, NULL, NULL, NULL, NULL, NULL, NULL, NULL, NULL, NULL, NULL, NULL, NULL, NULL, '', 0, NULL, NULL, 'No', 'None', 0, NULL, NULL, NULL, NULL, NULL, NULL, 0, 0, 0, NULL, 'reserve', 13, NULL, NULL, NULL, 0, NULL, 77, 100, 67, 92, NULL, 92, NULL, NULL, NULL, 0, 0, NULL, 0, 216, NULL, 0, 0, NULL, 0, 0, 0, 1, NULL, 0, 0, NULL, '2025-12-15 13:37:47', 3, 0, 2, NULL, NULL, NULL, NULL, NULL, 1, 0, NULL, NULL, NULL, '/images/generated/kits/kit_adult_1761170351_7164_v0.png', 'Mixed Fox', NULL, 0, 0, 0, NULL),
(326, 6, 'Newborn#562', '/images/generated/kits/kit_adult_1761170366_3058_v0.png', '2025-10-24 04:00:03', NULL, NULL, 'Newborn#438', 'Newborn#929', 1, 'Male', 20, 3, 0, 0, NULL, 'Rampant Rabbit', NULL, NULL, NULL, NULL, NULL, NULL, NULL, NULL, NULL, NULL, NULL, NULL, NULL, NULL, NULL, NULL, NULL, '', 0, NULL, NULL, 'No', 'None', 0, NULL, NULL, NULL, NULL, NULL, NULL, 0, 0, 0, NULL, 'reserve', 13, NULL, NULL, NULL, 0, NULL, 80, 100, 72, 92, NULL, 92, NULL, NULL, NULL, 0, 0, NULL, 0, 219, NULL, 0, 0, NULL, 0, 0, 0, 1, NULL, 0, 0, NULL, '2025-12-15 13:37:47', 0, 0, 4, NULL, NULL, NULL, NULL, NULL, 1, 0, NULL, NULL, NULL, '/images/generated/kits/kit_adult_1761170366_3058_v0.png', 'Mixed Fox', NULL, 0, 0, 0, NULL),
(327, 6, 'Newborn#394', '/images/generated/kits/kit_adult_1761170366_3058_v0.png', '2025-10-24 04:00:03', NULL, NULL, 'Newborn#438', 'Newborn#929', 2, 'Female', 20, 3, 0, 0, NULL, 'Rampant Rabbit', NULL, NULL, NULL, NULL, NULL, NULL, NULL, NULL, NULL, NULL, NULL, NULL, NULL, NULL, NULL, NULL, NULL, '', 0, NULL, NULL, 'No', 'Newborn#355', 325, NULL, NULL, NULL, NULL, NULL, NULL, 0, 0, 0, NULL, 'reserve', 13, NULL, NULL, NULL, 0, NULL, 80, 100, 72, 92, NULL, 92, NULL, NULL, NULL, 0, 0, NULL, 1, 219, NULL, 0, 0, NULL, 0, 0, 0, 1, NULL, 0, 0, NULL, '2025-12-15 13:37:47', 0, 3, 1, NULL, NULL, NULL, NULL, NULL, 1, 0, NULL, NULL, NULL, '/images/generated/kits/kit_adult_1761170366_3058_v0.png', 'Mixed Fox', NULL, 0, 0, 0, NULL),
(328, 6, 'Newborn#435', '/images/generated/kits/kit_adult_1761170358_8677_v0.png', '2025-10-24 04:00:03', NULL, NULL, 'Newborn#345', 'Newborn#902', 2, 'Female', 20, 3, 0, 0, NULL, 'Rampant Rabbit', NULL, NULL, NULL, NULL, NULL, NULL, NULL, NULL, NULL, NULL, NULL, NULL, NULL, NULL, NULL, NULL, NULL, '', 0, NULL, NULL, 'No', 'Newborn#355', 325, NULL, NULL, NULL, NULL, NULL, NULL, 0, 0, 0, NULL, 'reserve', 13, NULL, NULL, NULL, 0, NULL, 80, 100, 72, 92, NULL, 92, NULL, NULL, NULL, 0, 0, NULL, 1, 222, NULL, 0, 0, NULL, 0, 0, 0, 1, NULL, 0, 0, NULL, '2025-12-15 13:37:47', 1, 1, 2, NULL, NULL, NULL, NULL, NULL, 1, 0, NULL, NULL, NULL, '/images/generated/kits/kit_adult_1761170358_8677_v0.png', 'Mixed Fox', NULL, 0, 0, 0, NULL),
(329, 6, 'Newborn#129', '/images/generated/kits/kit_adult_1761170311_5028_v0.png', '2025-10-24 04:00:03', NULL, NULL, 'Newborn#657', '1', 0, 'Male', 0, 3, 0, 0, NULL, 'Wildling Rabbit', NULL, NULL, NULL, NULL, NULL, NULL, NULL, NULL, NULL, NULL, NULL, NULL, NULL, NULL, NULL, NULL, NULL, '', 0, NULL, NULL, 'No', 'None', 0, NULL, NULL, NULL, NULL, NULL, NULL, 0, 0, 0, NULL, 'reserve', 13, NULL, NULL, NULL, 0, NULL, 66, 100, 0, 3, NULL, 12, NULL, NULL, NULL, 0, 0, NULL, 0, 224, NULL, 0, 0, NULL, 0, 0, 0, 1, NULL, 0, 0, NULL, NULL, 0, 0, 0, NULL, NULL, NULL, NULL, NULL, 1, 0, NULL, NULL, NULL, '/images/generated/kits/kit_adult_1761170311_5028_v0.png', 'Mixed Fox', NULL, 0, 0, 0, NULL),
(330, 6, 'Newborn#807', '/images/generated/kits/kit_adult_1761170402_6404_v0.png', '2025-10-24 04:00:03', NULL, NULL, 'Newborn#765', 'Scotchy', 2, 'Female', 20, 3, 0, 0, NULL, 'Feral Rabbit', NULL, NULL, NULL, NULL, NULL, NULL, NULL, NULL, NULL, NULL, NULL, NULL, NULL, NULL, NULL, NULL, NULL, '', 0, NULL, NULL, 'No', 'Newborn#797', 228, NULL, NULL, NULL, NULL, NULL, NULL, 0, 0, 0, NULL, 'reserve', 13, NULL, NULL, NULL, 0, NULL, 80, 100, 72, 92, NULL, 92, NULL, NULL, NULL, 0, 0, NULL, 1, 227, NULL, 0, 0, NULL, 0, 0, 0, 1, NULL, 0, 0, NULL, '2025-12-15 13:37:47', 1, 1, 2, NULL, NULL, NULL, NULL, NULL, 1, 0, NULL, NULL, NULL, '/images/generated/kits/kit_adult_1761170402_6404_v0.png', 'Mixed Fox', NULL, 0, 0, 0, NULL),
(331, 6, 'Newborn#252', '/images/generated/kits/kit_adult_1761170378_3088_v0.png', '2025-10-24 04:00:03', NULL, NULL, 'Newborn#449', 'Newborn#798', 0, 'Male', 20, 3, 0, 0, NULL, 'Wildling Rabbit', NULL, NULL, NULL, NULL, NULL, NULL, NULL, NULL, NULL, NULL, NULL, NULL, NULL, NULL, NULL, NULL, NULL, '', 0, NULL, NULL, 'No', 'None', 0, NULL, NULL, NULL, NULL, NULL, NULL, 0, 0, 0, NULL, 'reserve', 13, NULL, NULL, NULL, 0, NULL, 80, 100, 72, 92, NULL, 92, NULL, NULL, NULL, 0, 0, NULL, 0, 232, NULL, 0, 0, NULL, 0, 0, 0, 1, NULL, 0, 0, NULL, '2025-12-15 13:37:47', 2, 1, 1, NULL, NULL, NULL, NULL, NULL, 1, 0, NULL, NULL, NULL, '/images/generated/kits/kit_adult_1761170378_3088_v0.png', 'Mixed Fox', NULL, 0, 0, 0, NULL),
(332, 6, 'Newborn#792', '/images/generated/kits/kit_adult_1761170386_9818_v0.png', '2025-10-24 04:00:03', NULL, NULL, 'Newborn#505', 'Spark', 0, 'Male', 20, 3, 0, 0, NULL, 'Rampant Rabbit', NULL, NULL, NULL, NULL, NULL, NULL, NULL, NULL, NULL, NULL, NULL, NULL, NULL, NULL, NULL, NULL, NULL, '', 0, NULL, NULL, 'No', 'None', 0, NULL, NULL, NULL, NULL, NULL, NULL, 0, 0, 0, NULL, 'reserve', 13, NULL, NULL, NULL, 0, NULL, 80, 100, 72, 92, NULL, 92, NULL, NULL, NULL, 0, 0, NULL, 0, 242, NULL, 0, 0, NULL, 0, 0, 0, 1, NULL, 0, 0, NULL, '2025-12-15 13:37:47', 3, 1, 0, NULL, NULL, NULL, NULL, NULL, 1, 0, NULL, NULL, NULL, '/images/generated/kits/kit_adult_1761170386_9818_v0.png', 'Mixed Fox', NULL, 0, 0, 0, NULL),
(333, 6, 'Newborn#291', '/images/generated/kits/kit_adult_1761170386_9818_v0.png', '2025-10-24 04:00:03', NULL, NULL, 'Newborn#505', 'Spark', 3, 'Female', 60, 3, 0, 0, NULL, 'Rampant Rabbit', NULL, NULL, NULL, NULL, NULL, NULL, NULL, NULL, NULL, NULL, NULL, NULL, NULL, NULL, NULL, NULL, NULL, '', 0, NULL, NULL, 'No', 'Newborn#831', 320, NULL, NULL, NULL, NULL, NULL, NULL, 0, 0, 0, NULL, 'reserve', 13, NULL, NULL, NULL, 0, NULL, 80, 100, 72, 92, NULL, 92, NULL, NULL, NULL, 0, 0, NULL, 1, 242, NULL, 0, 0, NULL, 0, 0, 0, 1, NULL, 0, 0, '2025-11-06 21:52:15', '2025-12-15 13:37:47', 2, 1, 1, NULL, NULL, NULL, NULL, NULL, 1, 0, NULL, NULL, NULL, '/images/generated/kits/kit_adult_1761170386_9818_v0.png', 'Mixed Fox', NULL, 0, 0, 0, NULL),
(334, 6, 'Newborn#961', '/images/generated/kits/kit_adult_1761170386_9818_v0.png', '2025-10-24 04:00:03', NULL, NULL, 'Newborn#505', 'Spark', 3, 'Female', 20, 3, 0, 0, NULL, 'Rampant Rabbit', NULL, NULL, NULL, NULL, NULL, NULL, NULL, NULL, NULL, NULL, NULL, NULL, NULL, NULL, NULL, NULL, NULL, '', 0, NULL, NULL, 'No', 'Newborn#314', 351, NULL, NULL, NULL, NULL, NULL, NULL, 0, 0, 0, NULL, 'reserve', 13, NULL, NULL, NULL, 0, NULL, 80, 100, 72, 92, NULL, 92, NULL, NULL, NULL, 0, 0, NULL, 1, 242, NULL, 0, 0, NULL, 0, 0, 0, 1, NULL, 0, 0, NULL, '2025-12-15 13:37:47', 2, 2, 0, NULL, NULL, NULL, NULL, NULL, 1, 0, NULL, NULL, NULL, '/images/generated/kits/kit_adult_1761170386_9818_v0.png', 'Mixed Fox', NULL, 0, 0, 0, NULL),
(335, 6, 'Newborn#357', '/images/generated/kits/kit_adult_1761170394_6294_v0.png', '2025-10-24 04:00:03', NULL, NULL, 'Newborn#555', 'Spark', 2, 'Female', 20, 3, 0, 0, NULL, 'Rampant Rabbit', NULL, NULL, NULL, NULL, NULL, NULL, NULL, NULL, NULL, NULL, NULL, NULL, NULL, NULL, NULL, NULL, NULL, '', 0, NULL, NULL, 'No', 'Newborn#355', 325, NULL, NULL, NULL, NULL, NULL, NULL, 0, 0, 0, NULL, 'reserve', 13, NULL, NULL, NULL, 0, NULL, 80, 100, 72, 92, NULL, 92, NULL, NULL, NULL, 0, 0, NULL, 1, 243, NULL, 0, 0, NULL, 0, 0, 0, 1, NULL, 0, 0, NULL, '2025-12-15 13:37:47', 1, 2, 1, NULL, NULL, NULL, NULL, NULL, 1, 0, NULL, NULL, NULL, '/images/generated/kits/kit_adult_1761170394_6294_v0.png', 'Mixed Fox', NULL, 0, 0, 0, NULL),
(336, 6, 'Newborn#586', '/images/generated/kits/kit_adult_1761170394_6294_v0.png', '2025-10-24 04:00:03', NULL, NULL, 'Newborn#555', 'Spark', 1, 'Male', 20, 3, 0, 0, NULL, 'Rampant Rabbit', NULL, NULL, NULL, NULL, NULL, NULL, NULL, NULL, NULL, NULL, NULL, NULL, NULL, NULL, NULL, NULL, NULL, '', 0, NULL, NULL, 'No', 'None', 0, NULL, NULL, NULL, NULL, NULL, NULL, 0, 0, 0, NULL, 'reserve', 13, NULL, NULL, NULL, 0, NULL, 80, 100, 72, 92, NULL, 92, NULL, NULL, NULL, 0, 0, NULL, 0, 243, NULL, 0, 0, NULL, 0, 0, 0, 1, NULL, 0, 0, NULL, '2025-12-15 13:37:47', 1, 2, 1, NULL, NULL, NULL, NULL, NULL, 1, 0, NULL, NULL, NULL, '/images/generated/kits/kit_adult_1761170394_6294_v0.png', 'Mixed Fox', NULL, 0, 0, 0, NULL),
(337, 11, 'Newborn#512', '/images/generated/kits/kit_adult_1760131941_1973_v0.png', '2025-10-25 04:00:02', NULL, NULL, 'Chocolate Chip', 'Chocolate', 0, 'Female', 5, 3, 0, 0, NULL, 'Wildling Rabbit', NULL, NULL, NULL, NULL, NULL, NULL, NULL, NULL, NULL, NULL, NULL, NULL, NULL, NULL, NULL, NULL, NULL, '', 0, NULL, NULL, 'No', 'None', 0, NULL, NULL, NULL, NULL, NULL, NULL, 0, 0, 0, NULL, 'reserve', 18, NULL, NULL, NULL, 0, 'caretaker', 92, 100, 87, 42, NULL, 2, NULL, NULL, NULL, 0, 0, NULL, 0, 73, NULL, 0, 0, NULL, 0, 0, 0, 1, NULL, 0, 0, NULL, '2025-11-05 03:24:57', 0, 0, 1, NULL, NULL, NULL, NULL, NULL, 1, 0, NULL, NULL, NULL, '/images/generated/kits/kit_adult_1760131941_1973_v0.png', 'Mixed Fox', NULL, 0, 0, 0, NULL),
(338, 11, 'Newborn#567', '/images/generated/kits/kit_adult_1760131941_1973_v0.png', '2025-10-25 04:00:02', NULL, NULL, 'Chocolate Chip', 'Chocolate', 0, 'Male', 0, 3, 0, 0, NULL, 'Wildling Rabbit', NULL, NULL, NULL, NULL, NULL, NULL, NULL, NULL, NULL, NULL, NULL, NULL, NULL, NULL, NULL, NULL, NULL, '', 0, NULL, NULL, 'No', 'None', 0, NULL, NULL, NULL, NULL, NULL, NULL, 0, 0, 0, NULL, 'reserve', 18, NULL, NULL, NULL, 0, 'caretaker', 92, 100, 92, 42, NULL, 2, NULL, NULL, NULL, 0, 0, NULL, 0, 73, NULL, 0, 0, NULL, 0, 0, 0, 1, NULL, 0, 0, NULL, NULL, 0, 0, 0, NULL, NULL, NULL, NULL, NULL, 1, 0, NULL, NULL, NULL, '/images/generated/kits/kit_adult_1760131941_1973_v0.png', 'Mixed Fox', NULL, 0, 0, 0, NULL),
(339, 27, 'Rose', 'images/levels/adultbasic/Wildling_Rabbit.png', '2025-10-26 01:46:42', NULL, NULL, NULL, NULL, 0, 'Female', 0, 3, 0, 0, NULL, 'Wildling Rabbit', NULL, NULL, NULL, NULL, NULL, NULL, NULL, NULL, NULL, NULL, NULL, NULL, NULL, NULL, NULL, NULL, NULL, '', 0, NULL, NULL, 'No', 'None', 0, NULL, NULL, NULL, NULL, NULL, NULL, 0, 0, 0, NULL, 'loner', 20, NULL, NULL, NULL, 0, 'scout', 92, 25, 22, 92, NULL, 92, NULL, NULL, NULL, 0, 0, 0, 0, NULL, NULL, 0, 0, NULL, 0, 0, 0, 1, NULL, 0, 0, NULL, NULL, 0, 0, 0, NULL, NULL, NULL, NULL, NULL, 0, 1, NULL, NULL, NULL, NULL, NULL, NULL, 0, 0, 0, NULL),
(340, 29, 'Shrewfeather', 'images/generated/pet_340_1761884765_7177.png', '2025-10-31 03:36:49', NULL, NULL, NULL, NULL, 0, 'Female', 0, 3, 0, 0, NULL, 'Wildling Rabbit', NULL, NULL, NULL, NULL, NULL, NULL, NULL, NULL, NULL, NULL, NULL, NULL, NULL, NULL, NULL, NULL, NULL, '', 0, NULL, NULL, 'No', 'None', 0, NULL, NULL, NULL, NULL, NULL, NULL, 0, 0, 0, NULL, 'loner', 28, NULL, NULL, NULL, 0, 'All', 92, 88, 0, 42, NULL, 2, NULL, NULL, NULL, 0, 0, 0, 0, NULL, NULL, 0, 0, NULL, 0, 0, 0, 1, NULL, 0, 0, NULL, NULL, 0, 0, 0, NULL, NULL, NULL, NULL, NULL, 0, 0, 338, 128, NULL, NULL, NULL, NULL, 0, 0, 0, NULL),
(341, 29, 'Cloudnose', 'images/levels/adultbasic/Rampant_Rabbit.png', '2025-10-31 03:53:01', NULL, NULL, NULL, NULL, 0, 'Male', 0, 3, 0, 0, NULL, 'Rampant Rabbit', NULL, NULL, NULL, NULL, NULL, NULL, NULL, NULL, NULL, NULL, NULL, NULL, NULL, NULL, NULL, NULL, NULL, '', 0, NULL, NULL, 'No', 'None', 0, NULL, NULL, NULL, NULL, NULL, NULL, 0, 0, 0, NULL, 'loner', 28, NULL, NULL, NULL, 0, 'reserve', 92, 100, 92, 92, NULL, 92, NULL, NULL, NULL, 0, 0, 0, 0, NULL, NULL, 0, 0, NULL, 0, 0, 0, 1, NULL, 0, 0, NULL, NULL, 0, 0, 0, NULL, NULL, NULL, NULL, NULL, 1, 0, NULL, NULL, NULL, NULL, NULL, NULL, 0, 0, 0, NULL),
(342, 29, 'Beartail', 'images/levels/adultbasic/Wildling_Rabbit.png', '2025-10-31 04:25:23', NULL, NULL, NULL, NULL, 0, 'Male', 0, 3, 0, 0, NULL, 'Wildling Rabbit', NULL, NULL, NULL, NULL, NULL, NULL, NULL, NULL, NULL, NULL, NULL, NULL, NULL, NULL, NULL, NULL, NULL, '', 0, NULL, NULL, 'No', 'None', 0, NULL, NULL, NULL, NULL, NULL, NULL, 0, 0, 0, NULL, 'loner', 28, NULL, NULL, NULL, 0, 'reserve', 92, 100, 92, 92, NULL, 92, NULL, NULL, NULL, 0, 0, 0, 0, NULL, NULL, 0, 0, NULL, 0, 0, 0, 1, NULL, 0, 0, NULL, NULL, 0, 0, 0, NULL, NULL, NULL, NULL, NULL, 1, 0, NULL, NULL, NULL, NULL, NULL, NULL, 0, 0, 0, NULL),
(343, 1, 'Newborn#137', '/images/generated/kits/kit_adult_1760131941_1973_v0.png', '2025-11-02 04:00:01', NULL, NULL, 'Chocolate Chip', 'Chocolate', 0, 'Female', 0, 2, 0, 0, NULL, 'Wildling Rabbit', NULL, NULL, NULL, NULL, NULL, NULL, NULL, NULL, NULL, NULL, NULL, NULL, NULL, NULL, NULL, NULL, NULL, '', 0, NULL, NULL, 'No', 'None', 0, NULL, NULL, NULL, NULL, NULL, NULL, 0, 0, 0, NULL, 'reserve', 18, 'caretaker', 67, NULL, 0, NULL, 100, 100, 100, 0, '2025-11-05', 0, '2025-11-05', NULL, NULL, 0, 1, 2, 0, 73, NULL, 0, 0, NULL, 0, 0, 1, 0, NULL, 0, 0, NULL, NULL, 0, 0, 0, '2025-11-05 09:49:02', 'Neglected kit', '2025-11-05 09:49:02', 'Neglected kit', NULL, 1, 0, NULL, NULL, NULL, '/images/generated/kits/kit_adult_1760131941_1973_v0.png', 'Mixed Fox', '2025-11-12 23:00:00', 0, 0, 0, NULL),
(344, 1, 'Newborn#244', '/images/generated/kits/kit_adult_1760131941_1973_v0.png', '2025-11-02 04:00:01', NULL, NULL, 'Chocolate Chip', 'Chocolate', 0, 'Female', 0, 2, 0, 0, NULL, 'Wildling Rabbit', NULL, NULL, NULL, NULL, NULL, NULL, NULL, NULL, NULL, NULL, NULL, NULL, NULL, NULL, NULL, NULL, NULL, '', 0, NULL, NULL, 'No', 'None', 0, NULL, NULL, NULL, NULL, NULL, NULL, 0, 0, 0, NULL, 'reserve', 18, 'warrior', 284, NULL, 0, NULL, 100, 100, 100, 0, '2025-11-05', 0, '2025-11-05', NULL, NULL, 0, 1, 2, 0, 73, NULL, 0, 0, NULL, 0, 0, 1, 0, NULL, 0, 0, NULL, NULL, 0, 0, 0, '2025-11-05 09:49:02', 'Neglected kit', '2025-11-05 09:49:02', 'Neglected kit', NULL, 1, 0, NULL, NULL, NULL, '/images/generated/kits/kit_adult_1760131941_1973_v0.png', 'Mixed Fox', '2025-11-12 23:00:00', 0, 0, 0, NULL),
(345, 6, 'Base', '/images/generated/kits/kit_adult_1759989507_8903_v0.png', '2025-11-03 05:00:01', NULL, NULL, 'Rox', 'Newborn#175', 3, 'Female', 20, 3, 0, 0, NULL, 'Wildling Rabbit', NULL, NULL, NULL, NULL, NULL, NULL, NULL, NULL, NULL, NULL, NULL, NULL, NULL, NULL, NULL, NULL, NULL, '', 0, NULL, NULL, 'No', '1', 47, NULL, NULL, NULL, NULL, NULL, NULL, 0, 0, 0, NULL, 'reserve', 13, NULL, NULL, NULL, 0, NULL, 80, 100, 72, 92, NULL, 92, NULL, NULL, NULL, 0, 0, NULL, 1, 8, NULL, 0, 0, NULL, 0, 0, 0, 1, NULL, 0, 0, NULL, '2025-12-15 13:37:47', 1, 2, 1, NULL, NULL, NULL, NULL, NULL, 1, 0, NULL, NULL, NULL, '/images/generated/kits/kit_adult_1759989507_8903_v0.png', 'Mixed Fox', NULL, 0, 0, 0, NULL),
(346, 6, 'Base', '/images/generated/kits/kit_adult_1759989507_8903_v0.png', '2025-11-03 05:00:01', NULL, NULL, 'Rox', 'Newborn#175', 3, 'Female', 25, 3, 0, 0, NULL, 'Wildling Rabbit', NULL, NULL, NULL, NULL, NULL, NULL, NULL, NULL, NULL, NULL, NULL, NULL, NULL, NULL, NULL, NULL, NULL, '', 0, NULL, NULL, 'No', '1', 47, NULL, NULL, NULL, NULL, NULL, NULL, 0, 0, 0, NULL, 'reserve', 13, NULL, NULL, NULL, 0, NULL, 77, 100, 61, 88, NULL, 87, NULL, NULL, NULL, 0, 0, NULL, 1, 8, NULL, 0, 0, NULL, 0, 0, 0, 1, NULL, 0, 0, NULL, '2025-12-15 13:37:47', 2, 2, 1, NULL, NULL, NULL, NULL, NULL, 1, 0, NULL, NULL, NULL, '/images/generated/kits/kit_adult_1759989507_8903_v0.png', 'Mixed Fox', NULL, 0, 0, 0, NULL),
(347, 6, 'Newborn#219', '/images/generated/kits/kit_adult_1759988875_6382_v0.png', '2025-11-03 05:00:01', NULL, NULL, 'Fall', 'Foo', 2, 'Male', 20, 3, 0, 0, NULL, 'Rampant Rabbit', NULL, NULL, NULL, NULL, NULL, NULL, NULL, NULL, NULL, NULL, NULL, NULL, NULL, NULL, NULL, NULL, NULL, '', 0, NULL, NULL, 'No', 'None', 0, NULL, NULL, NULL, NULL, NULL, NULL, 0, 0, 0, NULL, 'reserve', 13, NULL, NULL, NULL, 0, NULL, 80, 100, 25, 60, NULL, 51, NULL, NULL, NULL, 0, 0, NULL, 0, 35, NULL, 0, 0, NULL, 0, 0, 0, 1, NULL, 0, 0, NULL, '2025-12-15 13:37:47', 1, 1, 2, NULL, NULL, NULL, NULL, NULL, 1, 0, NULL, NULL, NULL, '/images/generated/kits/kit_adult_1759988875_6382_v0.png', 'Mixed Fox', NULL, 1, 0, 0, NULL),
(348, 6, 'Newborn#670', '/images/generated/kits/kit_adult_1759988875_6382_v0.png', '2025-11-03 05:00:01', NULL, NULL, 'Fall', 'Foo', 3, 'Female', 20, 3, 0, 0, NULL, 'Rampant Rabbit', NULL, NULL, NULL, NULL, NULL, NULL, NULL, NULL, NULL, NULL, NULL, NULL, NULL, NULL, NULL, NULL, NULL, '', 0, NULL, NULL, 'No', 'Newborn#355', 325, NULL, NULL, NULL, NULL, NULL, NULL, 0, 0, 0, NULL, 'reserve', 13, NULL, NULL, NULL, 0, NULL, 80, 100, 72, 92, NULL, 92, NULL, NULL, NULL, 0, 0, NULL, 1, 35, NULL, 0, 0, NULL, 0, 0, 0, 1, NULL, 0, 0, NULL, '2025-12-15 13:37:47', 2, 1, 1, NULL, NULL, NULL, NULL, NULL, 1, 0, NULL, NULL, NULL, '/images/generated/kits/kit_adult_1759988875_6382_v0.png', 'Mixed Fox', NULL, 0, 0, 0, NULL),
(349, 6, 'Newborn#379', '/images/generated/kits/kit_adult_1759988959_1566_v0.png', '2025-11-03 05:00:01', NULL, NULL, 'Feek', 'Spark', 2, 'Female', 20, 3, 0, 0, NULL, 'Rampant Rabbit', NULL, NULL, NULL, NULL, NULL, NULL, NULL, NULL, NULL, NULL, NULL, NULL, NULL, NULL, NULL, NULL, NULL, '', 0, NULL, NULL, 'No', 'Newborn#355', 325, NULL, NULL, NULL, NULL, NULL, NULL, 0, 0, 0, NULL, 'reserve', 13, NULL, NULL, NULL, 0, NULL, 80, 100, 72, 92, NULL, 92, NULL, NULL, NULL, 0, 0, NULL, 1, 36, NULL, 0, 0, NULL, 0, 0, 0, 1, NULL, 0, 0, NULL, '2025-12-15 13:37:47', 0, 1, 3, NULL, NULL, NULL, NULL, NULL, 1, 0, NULL, NULL, NULL, '/images/generated/kits/kit_adult_1759988959_1566_v0.png', 'Mixed Fox', NULL, 0, 0, 0, NULL),
(350, 6, 'Newborn#682', '/images/generated/kits/kit_adult_1759988959_1566_v0.png', '2025-11-03 05:00:01', NULL, NULL, 'Feek', 'Spark', 0, 'Male', 20, 3, 0, 0, NULL, 'Rampant Rabbit', NULL, NULL, NULL, NULL, NULL, NULL, NULL, NULL, NULL, NULL, NULL, NULL, NULL, NULL, NULL, NULL, NULL, '', 0, NULL, NULL, 'No', 'None', 0, NULL, NULL, NULL, NULL, NULL, NULL, 0, 0, 0, NULL, 'reserve', 13, NULL, NULL, NULL, 0, NULL, 80, 100, 72, 92, NULL, 92, NULL, NULL, NULL, 0, 0, NULL, 0, 36, NULL, 0, 0, NULL, 0, 0, 0, 1, NULL, 0, 0, NULL, '2025-12-15 13:37:47', 1, 2, 1, NULL, NULL, NULL, NULL, NULL, 1, 0, NULL, NULL, NULL, '/images/generated/kits/kit_adult_1759988959_1566_v0.png', 'Mixed Fox', NULL, 0, 0, 0, NULL),
(351, 6, 'Newborn#314', '/images/generated/kits/kit_adult_1759988963_8952_v0.png', '2025-11-03 05:00:01', NULL, NULL, 'Ramps', 'Newborn#902', 3, 'Male', 25, 3, 0, 0, NULL, 'Rampant Rabbit', NULL, NULL, NULL, NULL, NULL, NULL, NULL, NULL, NULL, NULL, NULL, NULL, NULL, NULL, NULL, NULL, NULL, '', 0, NULL, NULL, 'No', 'None', 0, NULL, NULL, NULL, NULL, NULL, NULL, 0, 0, 0, NULL, 'reserve', 13, NULL, NULL, NULL, 0, NULL, 77, 100, 67, 92, NULL, 92, NULL, NULL, NULL, 0, 0, NULL, 0, 37, NULL, 0, 0, NULL, 0, 0, 0, 1, NULL, 0, 0, NULL, '2025-12-15 13:37:47', 2, 1, 2, NULL, NULL, NULL, NULL, NULL, 1, 0, NULL, NULL, NULL, '/images/generated/kits/kit_adult_1759988963_8952_v0.png', 'Mixed Fox', NULL, 0, 0, 0, NULL),
(352, 6, 'Newborn#599', '/images/generated/kits/kit_adult_1759988963_8952_v0.png', '2025-11-03 05:00:01', NULL, NULL, 'Ramps', 'Newborn#902', 0, 'Male', 20, 3, 0, 0, NULL, 'Rampant Rabbit', NULL, NULL, NULL, NULL, NULL, NULL, NULL, NULL, NULL, NULL, NULL, NULL, NULL, NULL, NULL, NULL, NULL, '', 0, NULL, NULL, 'No', 'None', 0, NULL, NULL, NULL, NULL, NULL, NULL, 0, 0, 0, NULL, 'reserve', 13, NULL, NULL, NULL, 0, NULL, 80, 100, 72, 92, NULL, 92, NULL, NULL, NULL, 0, 0, NULL, 0, 37, NULL, 0, 0, NULL, 0, 0, 0, 1, NULL, 0, 0, NULL, '2025-12-15 13:37:47', 1, 3, 0, NULL, NULL, NULL, NULL, NULL, 1, 0, NULL, NULL, NULL, '/images/generated/kits/kit_adult_1759988963_8952_v0.png', 'Mixed Fox', NULL, 0, 0, 0, NULL),
(353, 6, 'Base', '/images/generated/kits/kit_adult_1759989504_3511_v0.png', '2025-11-03 05:00:01', NULL, NULL, 'Fers', 'Newborn#797', 1, 'Male', 20, 3, 0, 0, NULL, 'Feral Rabbit', NULL, NULL, NULL, NULL, NULL, NULL, NULL, NULL, NULL, NULL, NULL, NULL, NULL, NULL, NULL, NULL, NULL, '', 0, NULL, NULL, 'No', 'None', 0, NULL, NULL, NULL, NULL, NULL, NULL, 0, 0, 0, NULL, 'reserve', 13, NULL, NULL, NULL, 0, NULL, 80, 100, 72, 92, NULL, 92, NULL, NULL, NULL, 0, 0, NULL, 0, 41, NULL, 0, 0, NULL, 0, 0, 0, 1, NULL, 0, 0, NULL, '2025-12-15 13:37:47', 2, 2, 0, NULL, NULL, NULL, NULL, NULL, 1, 0, NULL, NULL, NULL, '/images/generated/kits/kit_adult_1759989504_3511_v0.png', 'Mixed Fox', NULL, 0, 0, 0, NULL),
(354, 6, 'Base', '/images/generated/kits/kit_adult_1759989510_5243_v0.png', '2025-11-03 05:00:01', NULL, NULL, 'Scitchy', 'Newborn#798', 0, 'Male', 20, 3, 0, 0, NULL, 'Wildling Rabbit', NULL, NULL, NULL, NULL, NULL, NULL, NULL, NULL, NULL, NULL, NULL, NULL, NULL, NULL, NULL, NULL, NULL, '', 0, NULL, NULL, 'No', 'None', 0, NULL, NULL, NULL, NULL, NULL, NULL, 0, 0, 0, NULL, 'reserve', 13, NULL, NULL, NULL, 0, NULL, 88, 100, 0, 44, NULL, 31, NULL, NULL, NULL, 0, 0, NULL, 0, 42, NULL, 0, 0, NULL, 0, 0, 0, 1, NULL, 0, 0, NULL, '2025-12-15 13:37:47', 3, 1, 0, NULL, NULL, NULL, NULL, NULL, 1, 0, NULL, NULL, NULL, '/images/generated/kits/kit_adult_1759989510_5243_v0.png', 'Mixed Fox', NULL, 0, 0, 0, NULL),
(355, 6, 'Newborn#744', '/images/generated/kits/kit_adult_1759998979_8099_v0.png', '2025-11-03 05:00:01', NULL, NULL, 'Pizzazz', 'Feral', 1, 'Female', 20, 3, 0, 0, NULL, 'Feral Rabbit', NULL, NULL, NULL, NULL, NULL, NULL, NULL, NULL, NULL, NULL, NULL, NULL, NULL, NULL, NULL, NULL, NULL, '', 0, NULL, NULL, 'No', 'Newborn#797', 228, NULL, NULL, NULL, NULL, NULL, NULL, 0, 0, 0, NULL, 'reserve', 13, NULL, NULL, NULL, 0, NULL, 80, 100, 72, 92, NULL, 92, NULL, NULL, NULL, 0, 0, NULL, 1, 45, NULL, 0, 0, NULL, 0, 0, 0, 1, NULL, 0, 0, NULL, '2025-12-15 13:37:47', 0, 2, 2, NULL, NULL, NULL, NULL, NULL, 1, 0, NULL, NULL, NULL, '/images/generated/kits/kit_adult_1759998979_8099_v0.png', 'Mixed Fox', NULL, 0, 0, 0, NULL),
(356, 6, 'Newborn#773', '/images/generated/kits/kit_adult_1759998979_8099_v0.png', '2025-11-03 05:00:01', NULL, NULL, 'Pizzazz', 'Feral', 0, 'Male', 20, 3, 0, 0, NULL, 'Feral Rabbit', NULL, NULL, NULL, NULL, NULL, NULL, NULL, NULL, NULL, NULL, NULL, NULL, NULL, NULL, NULL, NULL, NULL, '', 0, NULL, NULL, 'No', 'None', 0, NULL, NULL, NULL, NULL, NULL, NULL, 0, 0, 0, NULL, 'reserve', 13, NULL, NULL, NULL, 0, NULL, 80, 100, 72, 92, NULL, 92, NULL, NULL, NULL, 0, 0, NULL, 0, 45, NULL, 0, 0, NULL, 0, 0, 0, 1, NULL, 0, 0, NULL, '2025-12-15 13:37:47', 0, 0, 4, NULL, NULL, NULL, NULL, NULL, 1, 0, NULL, NULL, NULL, '/images/generated/kits/kit_adult_1759998979_8099_v0.png', 'Mixed Fox', NULL, 0, 0, 0, NULL),
(357, 6, 'Base', '/images/generated/kits/kit_adult_1759998979_8099_v0.png', '2025-11-03 05:00:01', NULL, NULL, 'Pizzazz', 'Feral', 1, 'Female', 20, 3, 0, 0, NULL, 'Feral Rabbit', NULL, NULL, NULL, NULL, NULL, NULL, NULL, NULL, NULL, NULL, NULL, NULL, NULL, NULL, NULL, NULL, NULL, '', 0, NULL, NULL, 'No', 'Newborn#396', 223, NULL, NULL, NULL, NULL, NULL, NULL, 0, 0, 0, NULL, 'reserve', 13, NULL, NULL, NULL, 0, NULL, 80, 100, 72, 92, NULL, 92, NULL, NULL, NULL, 0, 0, NULL, 1, 45, NULL, 0, 0, NULL, 0, 0, 0, 1, NULL, 0, 0, NULL, '2025-12-15 13:37:47', 2, 0, 2, NULL, NULL, NULL, NULL, NULL, 1, 0, NULL, NULL, NULL, '/images/generated/kits/kit_adult_1759998979_8099_v0.png', 'Mixed Fox', NULL, 0, 0, 0, NULL),
(358, 6, 'Newborn#988', '/images/generated/kits/kit_adult_1759997440_9531_v0.png', '2025-11-03 05:00:01', NULL, NULL, '2', '1', 1, 'Male', 20, 3, 0, 0, NULL, 'Wildling Rabbit', NULL, NULL, NULL, NULL, NULL, NULL, NULL, NULL, NULL, NULL, NULL, NULL, NULL, NULL, NULL, NULL, NULL, '', 0, NULL, NULL, 'No', 'None', 0, NULL, NULL, NULL, NULL, NULL, NULL, 0, 0, 0, NULL, 'reserve', 13, NULL, NULL, NULL, 0, NULL, 80, 100, 72, 92, NULL, 92, NULL, NULL, NULL, 0, 0, NULL, 0, 48, NULL, 0, 0, NULL, 0, 0, 0, 1, NULL, 0, 0, NULL, '2025-12-15 13:37:47', 3, 0, 1, NULL, NULL, NULL, NULL, NULL, 1, 0, NULL, NULL, NULL, '/images/generated/kits/kit_adult_1759997440_9531_v0.png', 'Mixed Fox', NULL, 1, 0, 0, NULL),
(359, 6, 'Newborn#868', '/images/generated/kits/kit_adult_1759997440_9531_v0.png', '2025-11-03 05:00:01', NULL, NULL, '2', '1', 0, 'Male', 20, 3, 0, 0, NULL, 'Wildling Rabbit', NULL, NULL, NULL, NULL, NULL, NULL, NULL, NULL, NULL, NULL, NULL, NULL, NULL, NULL, NULL, NULL, NULL, '', 0, NULL, NULL, 'No', 'None', 0, NULL, NULL, NULL, NULL, NULL, NULL, 0, 0, 0, NULL, 'reserve', 13, NULL, NULL, NULL, 0, NULL, 80, 100, 72, 92, NULL, 92, NULL, NULL, NULL, 0, 0, NULL, 0, 48, NULL, 0, 0, NULL, 0, 0, 0, 1, NULL, 0, 0, NULL, '2025-12-15 13:37:47', 0, 4, 0, NULL, NULL, NULL, NULL, NULL, 1, 0, NULL, NULL, NULL, '/images/generated/kits/kit_adult_1759997440_9531_v0.png', 'Mixed Fox', NULL, 0, 0, 0, NULL),
(360, 6, 'Newborn#386', '/images/generated/kits/kit_adult_1759997440_9531_v0.png', '2025-11-03 05:00:01', NULL, NULL, '2', '1', 0, 'Male', 20, 3, 0, 0, NULL, 'Wildling Rabbit', NULL, NULL, NULL, NULL, NULL, NULL, NULL, NULL, NULL, NULL, NULL, NULL, NULL, NULL, NULL, NULL, NULL, '', 0, NULL, NULL, 'No', 'None', 0, NULL, NULL, NULL, NULL, NULL, NULL, 0, 0, 0, NULL, 'reserve', 13, NULL, NULL, NULL, 0, NULL, 80, 100, 72, 92, NULL, 92, NULL, NULL, NULL, 0, 0, NULL, 0, 48, NULL, 0, 0, NULL, 0, 0, 0, 1, NULL, 0, 0, NULL, '2025-12-15 13:37:47', 2, 0, 2, NULL, NULL, NULL, NULL, NULL, 1, 0, NULL, NULL, NULL, '/images/generated/kits/kit_adult_1759997440_9531_v0.png', 'Mixed Fox', NULL, 0, 0, 0, NULL),
(361, 6, 'Newborn#713', '/images/generated/kits/kit_adult_1760065854_6721_v0.png', '2025-11-03 05:00:01', NULL, NULL, 'Fee', 'Spark', 0, 'Male', 20, 3, 0, 0, NULL, 'Rampant Rabbit', NULL, NULL, NULL, NULL, NULL, NULL, NULL, NULL, NULL, NULL, NULL, NULL, NULL, NULL, NULL, NULL, NULL, '', 0, NULL, NULL, 'No', 'None', 0, NULL, NULL, NULL, NULL, NULL, NULL, 0, 0, 0, NULL, 'reserve', 13, NULL, NULL, NULL, 0, NULL, 80, 100, 72, 92, NULL, 92, NULL, NULL, NULL, 0, 0, NULL, 0, 63, NULL, 0, 0, NULL, 0, 0, 0, 1, NULL, 0, 0, NULL, '2025-12-15 13:37:47', 2, 1, 1, NULL, NULL, NULL, NULL, NULL, 1, 0, NULL, NULL, NULL, '/images/generated/kits/kit_adult_1760065854_6721_v0.png', 'Mixed Fox', NULL, 0, 0, 0, NULL),
(362, 6, 'Newborn#720', '/images/generated/kits/kit_adult_1760065854_6721_v0.png', '2025-11-03 05:00:01', NULL, NULL, 'Fee', 'Spark', 3, 'Female', 20, 3, 0, 0, NULL, 'Rampant Rabbit', NULL, NULL, NULL, NULL, NULL, NULL, NULL, NULL, NULL, NULL, NULL, NULL, NULL, NULL, NULL, NULL, NULL, '', 0, NULL, NULL, 'No', 'Newborn#355', 325, NULL, NULL, NULL, NULL, NULL, NULL, 0, 0, 0, NULL, 'reserve', 13, NULL, NULL, NULL, 0, NULL, 80, 100, 72, 92, NULL, 92, NULL, NULL, NULL, 0, 0, NULL, 1, 63, NULL, 0, 0, NULL, 0, 0, 0, 1, NULL, 0, 0, NULL, '2025-12-15 13:37:47', 3, 0, 1, NULL, NULL, NULL, NULL, NULL, 1, 0, NULL, NULL, NULL, '/images/generated/kits/kit_adult_1760065854_6721_v0.png', 'Mixed Fox', NULL, 0, 0, 0, NULL),
(363, 6, 'Newborn#640', '/images/generated/kits/kit_adult_1760065854_6721_v0.png', '2025-11-03 05:00:01', NULL, NULL, 'Fee', 'Spark', 0, 'Male', 20, 3, 0, 0, NULL, 'Rampant Rabbit', NULL, NULL, NULL, NULL, NULL, NULL, NULL, NULL, NULL, NULL, NULL, NULL, NULL, NULL, NULL, NULL, NULL, '', 0, NULL, NULL, 'No', 'None', 0, NULL, NULL, NULL, NULL, NULL, NULL, 0, 0, 0, NULL, 'reserve', 13, NULL, NULL, NULL, 0, NULL, 80, 100, 72, 92, NULL, 92, NULL, NULL, NULL, 0, 0, NULL, 0, 63, NULL, 0, 0, NULL, 0, 0, 0, 1, NULL, 0, 0, NULL, '2025-12-15 13:37:47', 1, 1, 2, NULL, NULL, NULL, NULL, NULL, 1, 0, NULL, NULL, NULL, '/images/generated/kits/kit_adult_1760065854_6721_v0.png', 'Mixed Fox', NULL, 0, 0, 0, NULL),
(364, 6, 'Newborn#145', '/images/generated/kits/kit_adult_1760065860_7876_v0.png', '2025-11-03 05:00:01', NULL, NULL, 'Fix', 'Spark', 1, 'Female', 25, 3, 0, 0, NULL, 'Rampant Rabbit', NULL, NULL, NULL, NULL, NULL, NULL, NULL, NULL, NULL, NULL, NULL, NULL, NULL, NULL, NULL, NULL, NULL, '', 0, NULL, NULL, 'No', 'Newborn#355', 325, NULL, NULL, NULL, NULL, NULL, NULL, 0, 0, 0, NULL, 'reserve', 13, NULL, NULL, NULL, 0, NULL, 77, 100, 44, 77, NULL, 72, NULL, NULL, NULL, 0, 0, NULL, 1, 65, NULL, 0, 0, NULL, 0, 0, 0, 1, NULL, 0, 0, NULL, '2025-12-15 13:37:47', 2, 2, 1, NULL, NULL, NULL, NULL, NULL, 1, 0, NULL, NULL, NULL, '/images/generated/kits/kit_adult_1760065860_7876_v0.png', 'Mixed Fox', NULL, 0, 0, 0, NULL),
(365, 6, 'Newborn#566', '/images/generated/kits/kit_adult_1760065867_1612_v0.png', '2025-11-03 05:00:01', NULL, NULL, 'Sleep', 'Spark', 1, 'Female', 20, 3, 0, 0, NULL, 'Rampant Rabbit', NULL, NULL, NULL, NULL, NULL, NULL, NULL, NULL, NULL, NULL, NULL, NULL, NULL, NULL, NULL, NULL, NULL, '', 0, NULL, NULL, 'No', 'Newborn#314', 351, NULL, NULL, NULL, NULL, NULL, NULL, 0, 0, 0, NULL, 'reserve', 13, NULL, NULL, NULL, 0, NULL, 80, 100, 72, 92, NULL, 92, NULL, NULL, NULL, 0, 0, NULL, 1, 66, NULL, 0, 0, NULL, 0, 0, 0, 1, NULL, 0, 0, NULL, '2025-12-15 13:37:47', 4, 0, 0, NULL, NULL, NULL, NULL, NULL, 1, 0, NULL, NULL, NULL, '/images/generated/kits/kit_adult_1760065867_1612_v0.png', 'Mixed Fox', NULL, 0, 0, 0, NULL),
(366, 6, 'Base', '/images/generated/kits/kit_adult_1761170299_2198_v0.png', '2025-11-03 05:00:01', NULL, NULL, 'Newborn#299', 'Newborn#910', 3, 'Female', 20, 3, 0, 0, NULL, 'Wildling Rabbit', NULL, NULL, NULL, NULL, NULL, NULL, NULL, NULL, NULL, NULL, NULL, NULL, NULL, NULL, NULL, NULL, NULL, '', 0, NULL, NULL, 'No', 'Newborn#646', 368, NULL, NULL, NULL, NULL, NULL, NULL, 0, 0, 0, NULL, 'reserve', 13, NULL, NULL, NULL, 0, 'healer', 82, 100, 0, 85, NULL, 84, NULL, NULL, NULL, 0, 0, NULL, 1, 205, NULL, 0, 0, NULL, 0, 0, 0, 1, NULL, 0, 0, NULL, '2025-12-15 13:37:47', 1, 1, 2, NULL, NULL, NULL, NULL, NULL, 1, 0, NULL, NULL, NULL, '/images/generated/kits/kit_adult_1761170299_2198_v0.png', 'Mixed Fox', NULL, 1, 0, 0, NULL),
(367, 6, 'Base', '/images/generated/kits/kit_adult_1761170299_2198_v0.png', '2025-11-03 05:00:01', NULL, NULL, 'Newborn#299', 'Newborn#910', 1, 'Male', 20, 3, 0, 0, NULL, 'Wildling Rabbit', NULL, NULL, NULL, NULL, NULL, NULL, NULL, NULL, NULL, NULL, NULL, NULL, NULL, NULL, NULL, NULL, NULL, '', 0, NULL, NULL, 'No', 'None', 0, NULL, NULL, NULL, NULL, NULL, NULL, 0, 0, 0, NULL, 'reserve', 13, NULL, NULL, NULL, 0, NULL, 70, 100, 28, 60, NULL, 53, NULL, NULL, NULL, 0, 0, NULL, 0, 205, NULL, 0, 0, NULL, 0, 0, 0, 1, NULL, 0, 0, NULL, '2025-12-15 13:37:47', 0, 2, 2, NULL, NULL, NULL, NULL, NULL, 1, 0, NULL, NULL, NULL, '/images/generated/kits/kit_adult_1761170299_2198_v0.png', 'Mixed Fox', NULL, 1, 0, 0, NULL),
(368, 6, 'Newborn#646', '/images/generated/kits/kit_adult_1761170299_2198_v0.png', '2025-11-03 05:00:01', NULL, NULL, 'Newborn#299', 'Newborn#910', 1, 'Male', 20, 3, 0, 0, NULL, 'Wildling Rabbit', NULL, NULL, NULL, NULL, NULL, NULL, NULL, NULL, NULL, NULL, NULL, NULL, NULL, NULL, NULL, NULL, NULL, '', 0, NULL, NULL, 'No', 'None', 0, NULL, NULL, NULL, NULL, NULL, NULL, 0, 0, 0, NULL, 'reserve', 13, NULL, NULL, NULL, 0, NULL, 80, 100, 72, 92, NULL, 92, NULL, NULL, NULL, 0, 0, NULL, 0, 205, NULL, 0, 0, NULL, 0, 0, 0, 1, NULL, 0, 0, NULL, '2025-12-15 13:37:47', 1, 2, 1, NULL, NULL, NULL, NULL, NULL, 1, 0, NULL, NULL, NULL, '/images/generated/kits/kit_adult_1761170299_2198_v0.png', 'Mixed Fox', NULL, 1, 0, 0, NULL),
(369, 6, 'Newborn#346', '/images/generated/kits/kit_adult_1761170351_7164_v0.png', '2025-11-03 05:00:01', NULL, NULL, 'Newborn#335', 'Reex', 3, 'Female', 25, 3, 0, 0, NULL, 'Rampant Rabbit', NULL, NULL, NULL, NULL, NULL, NULL, NULL, NULL, NULL, NULL, NULL, NULL, NULL, NULL, NULL, NULL, NULL, '', 0, NULL, NULL, 'No', 'Newborn#355', 325, NULL, NULL, NULL, NULL, NULL, NULL, 0, 0, 0, NULL, 'reserve', 13, NULL, NULL, NULL, 0, NULL, 77, 100, 67, 92, NULL, 92, NULL, NULL, NULL, 0, 0, NULL, 1, 216, NULL, 0, 0, NULL, 0, 0, 0, 1, NULL, 0, 0, NULL, '2025-12-15 13:37:47', 3, 1, 1, NULL, NULL, NULL, NULL, NULL, 1, 0, NULL, NULL, NULL, '/images/generated/kits/kit_adult_1761170351_7164_v0.png', 'Mixed Fox', NULL, 0, 0, 0, NULL),
(370, 6, 'Newborn#133', '/images/generated/kits/kit_adult_1761170351_7164_v0.png', '2025-11-03 05:00:01', NULL, NULL, 'Newborn#335', 'Reex', 1, 'Female', 0, 3, 0, 0, NULL, 'Rampant Rabbit', NULL, NULL, NULL, NULL, NULL, NULL, NULL, NULL, NULL, NULL, NULL, NULL, NULL, NULL, NULL, NULL, NULL, '', 0, NULL, NULL, 'No', 'Newborn#432', 240, NULL, NULL, NULL, NULL, NULL, NULL, 0, 0, 0, NULL, 'reserve', 13, NULL, NULL, NULL, 0, NULL, 92, 100, 0, 48, NULL, 37, NULL, NULL, NULL, 0, 0, NULL, 1, 216, NULL, 0, 0, NULL, 0, 0, 0, 1, NULL, 0, 0, NULL, NULL, 0, 0, 0, NULL, NULL, NULL, NULL, NULL, 1, 0, NULL, NULL, NULL, '/images/generated/kits/kit_adult_1761170351_7164_v0.png', 'Mixed Fox', NULL, 0, 0, 0, NULL),
(371, 6, 'Newborn#650', '/images/generated/kits/kit_adult_1761170366_3058_v0.png', '2025-11-03 05:00:01', NULL, NULL, 'Newborn#438', 'Newborn#432', 0, 'Male', 20, 3, 0, 0, NULL, 'Rampant Rabbit', NULL, NULL, NULL, NULL, NULL, NULL, NULL, NULL, NULL, NULL, NULL, NULL, NULL, NULL, NULL, NULL, NULL, '', 0, NULL, NULL, 'No', 'None', 0, NULL, NULL, NULL, NULL, NULL, NULL, 0, 0, 0, NULL, 'reserve', 13, NULL, NULL, NULL, 0, NULL, 80, 100, 72, 92, NULL, 92, NULL, NULL, NULL, 0, 0, NULL, 0, 219, NULL, 0, 0, NULL, 0, 0, 0, 1, NULL, 0, 0, NULL, '2025-12-15 13:37:47', 1, 1, 2, NULL, NULL, NULL, NULL, NULL, 1, 0, NULL, NULL, NULL, '/images/generated/kits/kit_adult_1761170366_3058_v0.png', 'Mixed Fox', NULL, 0, 0, 0, NULL),
(372, 6, 'Newborn#984', '/images/generated/kits/kit_adult_1761170358_8677_v0.png', '2025-11-03 05:00:01', NULL, NULL, 'Newborn#345', 'Spark', 3, 'Female', 25, 3, 0, 0, NULL, 'Rampant Rabbit', NULL, NULL, NULL, NULL, NULL, NULL, NULL, NULL, NULL, NULL, NULL, NULL, NULL, NULL, NULL, NULL, NULL, '', 0, NULL, NULL, 'No', 'Newborn#314', 351, NULL, NULL, NULL, NULL, NULL, NULL, 0, 0, 0, NULL, 'reserve', 13, NULL, NULL, NULL, 0, 'healer', 77, 100, 67, 92, NULL, 92, NULL, NULL, NULL, 0, 0, NULL, 1, 222, NULL, 0, 0, NULL, 0, 0, 0, 1, NULL, 0, 0, NULL, '2025-12-15 13:37:47', 2, 1, 2, NULL, NULL, NULL, NULL, NULL, 1, 0, NULL, NULL, NULL, '/images/generated/kits/kit_adult_1761170358_8677_v0.png', 'Mixed Fox', NULL, 0, 0, 0, NULL),
(373, 6, 'Newborn#642', '/images/generated/kits/kit_adult_1761170358_8677_v0.png', '2025-11-03 05:00:01', NULL, NULL, 'Newborn#345', 'Spark', 0, 'Male', 20, 3, 0, 0, NULL, 'Rampant Rabbit', NULL, NULL, NULL, NULL, NULL, NULL, NULL, NULL, NULL, NULL, NULL, NULL, NULL, NULL, NULL, NULL, NULL, '', 0, NULL, NULL, 'No', 'None', 0, NULL, NULL, NULL, NULL, NULL, NULL, 0, 0, 0, NULL, 'reserve', 13, NULL, NULL, NULL, 0, NULL, 80, 100, 72, 92, NULL, 92, NULL, NULL, NULL, 0, 0, NULL, 0, 222, NULL, 0, 0, NULL, 0, 0, 0, 1, NULL, 0, 0, NULL, '2025-12-15 13:37:47', 2, 0, 2, NULL, NULL, NULL, NULL, NULL, 1, 0, NULL, NULL, NULL, '/images/generated/kits/kit_adult_1761170358_8677_v0.png', 'Mixed Fox', NULL, 0, 0, 0, NULL),
(374, 6, 'Newborn#600', '/images/generated/kits/kit_adult_1761170311_5028_v0.png', '2025-11-03 05:00:01', NULL, NULL, 'Newborn#657', '1', 0, 'Male', 20, 3, 0, 0, NULL, 'Wildling Rabbit', NULL, NULL, NULL, NULL, NULL, NULL, NULL, NULL, NULL, NULL, NULL, NULL, NULL, NULL, NULL, NULL, NULL, '', 0, NULL, NULL, 'No', 'None', 0, NULL, NULL, NULL, NULL, NULL, NULL, 0, 0, 0, NULL, 'reserve', 13, NULL, NULL, NULL, 0, NULL, 80, 100, 72, 92, NULL, 92, NULL, NULL, NULL, 0, 0, NULL, 0, 224, NULL, 0, 0, NULL, 0, 0, 0, 1, NULL, 0, 0, NULL, '2025-12-15 13:37:47', 3, 0, 1, NULL, NULL, NULL, NULL, NULL, 1, 0, NULL, NULL, NULL, '/images/generated/kits/kit_adult_1761170311_5028_v0.png', 'Mixed Fox', NULL, 0, 0, 0, NULL),
(375, 6, 'Base', '/images/generated/kits/kit_adult_1761170402_6404_v0.png', '2025-11-03 05:00:01', NULL, NULL, 'Newborn#765', 'Feras', 1, 'Male', 20, 3, 0, 0, NULL, 'Feral Rabbit', NULL, NULL, NULL, NULL, NULL, NULL, NULL, NULL, NULL, NULL, NULL, NULL, NULL, NULL, NULL, NULL, NULL, '', 0, NULL, NULL, 'No', 'None', 0, NULL, NULL, NULL, NULL, NULL, NULL, 0, 0, 0, NULL, 'reserve', 13, NULL, NULL, NULL, 0, NULL, 80, 100, 35, 93, NULL, 63, NULL, NULL, NULL, 0, 0, NULL, 0, 227, NULL, 0, 0, NULL, 0, 0, 0, 1, NULL, 0, 0, NULL, '2025-12-15 13:37:47', 3, 1, 0, NULL, NULL, NULL, NULL, NULL, 1, 0, NULL, NULL, NULL, '/images/generated/kits/kit_adult_1761170402_6404_v0.png', 'Mixed Fox', NULL, 0, 0, 0, NULL),
(376, 6, 'Newborn#937', '/images/generated/kits/kit_adult_1761170378_3088_v0.png', '2025-11-03 05:00:01', NULL, NULL, 'Newborn#449', 'Newborn#150', 3, 'Female', 20, 3, 0, 0, NULL, 'Wildling Rabbit', NULL, NULL, NULL, NULL, NULL, NULL, NULL, NULL, NULL, NULL, NULL, NULL, NULL, NULL, NULL, NULL, NULL, '', 0, NULL, NULL, 'No', '1', 47, NULL, NULL, NULL, NULL, NULL, NULL, 0, 0, 0, NULL, 'reserve', 13, NULL, NULL, NULL, 0, NULL, 80, 100, 72, 92, NULL, 92, NULL, NULL, NULL, 0, 0, NULL, 1, 232, NULL, 0, 0, NULL, 0, 0, 0, 1, NULL, 0, 0, NULL, '2025-12-15 13:37:47', 1, 2, 1, NULL, NULL, NULL, NULL, NULL, 1, 0, NULL, NULL, NULL, '/images/generated/kits/kit_adult_1761170378_3088_v0.png', 'Mixed Fox', NULL, 0, 0, 0, NULL),
(377, 6, 'Newborn#761', '/images/generated/kits/kit_adult_1761170378_3088_v0.png', '2025-11-03 05:00:01', NULL, NULL, 'Newborn#449', 'Newborn#150', 0, 'Male', 20, 3, 0, 0, NULL, 'Wildling Rabbit', NULL, NULL, NULL, NULL, NULL, NULL, NULL, NULL, NULL, NULL, NULL, NULL, NULL, NULL, NULL, NULL, NULL, '', 0, NULL, NULL, 'No', 'None', 0, NULL, NULL, NULL, NULL, NULL, NULL, 0, 0, 0, NULL, 'reserve', 13, NULL, NULL, NULL, 0, NULL, 80, 100, 72, 92, NULL, 92, NULL, NULL, NULL, 0, 0, NULL, 0, 232, NULL, 0, 0, NULL, 0, 0, 0, 1, NULL, 0, 0, NULL, '2025-12-15 13:37:47', 3, 0, 1, NULL, NULL, NULL, NULL, NULL, 1, 0, NULL, NULL, NULL, '/images/generated/kits/kit_adult_1761170378_3088_v0.png', 'Mixed Fox', NULL, 0, 0, 0, NULL),
(378, 6, 'Newborn#789', '/images/generated/kits/kit_adult_1761170386_9818_v0.png', '2025-11-03 05:00:01', NULL, NULL, 'Newborn#505', 'Newborn#710', 0, 'Male', 20, 3, 0, 0, NULL, 'Rampant Rabbit', NULL, NULL, NULL, NULL, NULL, NULL, NULL, NULL, NULL, NULL, NULL, NULL, NULL, NULL, NULL, NULL, NULL, '', 0, NULL, NULL, 'No', 'None', 0, NULL, NULL, NULL, NULL, NULL, NULL, 0, 0, 0, NULL, 'reserve', 13, NULL, NULL, NULL, 0, NULL, 80, 100, 72, 92, NULL, 92, NULL, NULL, NULL, 0, 0, NULL, 0, 242, NULL, 0, 0, NULL, 0, 0, 0, 1, NULL, 0, 0, NULL, '2025-12-15 13:37:47', 2, 2, 0, NULL, NULL, NULL, NULL, NULL, 1, 0, NULL, NULL, NULL, '/images/generated/kits/kit_adult_1761170386_9818_v0.png', 'Mixed Fox', NULL, 0, 0, 0, NULL),
(379, 6, 'Newborn#354', '/images/generated/kits/kit_adult_1761170386_9818_v0.png', '2025-11-03 05:00:01', NULL, NULL, 'Newborn#505', 'Newborn#710', 2, 'Female', 25, 3, 0, 0, NULL, 'Rampant Rabbit', NULL, NULL, NULL, NULL, NULL, NULL, NULL, NULL, NULL, NULL, NULL, NULL, NULL, NULL, NULL, NULL, NULL, '', 0, NULL, NULL, 'No', 'Newborn#476', 221, NULL, NULL, NULL, NULL, NULL, NULL, 0, 0, 0, NULL, 'reserve', 13, NULL, NULL, NULL, 0, NULL, 77, 100, 67, 92, NULL, 92, NULL, NULL, NULL, 0, 0, NULL, 1, 242, NULL, 0, 0, NULL, 0, 0, 0, 1, NULL, 0, 0, NULL, '2025-12-15 13:37:47', 2, 1, 2, NULL, NULL, NULL, NULL, NULL, 1, 0, NULL, NULL, NULL, '/images/generated/kits/kit_adult_1761170386_9818_v0.png', 'Mixed Fox', NULL, 0, 0, 0, NULL),
(380, 6, 'Newborn#237', '/images/generated/kits/kit_adult_1761170394_6294_v0.png', '2025-11-03 05:00:01', NULL, NULL, 'Newborn#555', 'Newborn#567', 1, 'Male', 20, 3, 0, 0, NULL, 'Rampant Rabbit', NULL, NULL, NULL, NULL, NULL, NULL, NULL, NULL, NULL, NULL, NULL, NULL, NULL, NULL, NULL, NULL, NULL, '', 0, NULL, NULL, 'No', 'None', 0, NULL, NULL, NULL, NULL, NULL, NULL, 0, 0, 0, NULL, 'reserve', 13, NULL, NULL, NULL, 0, NULL, 80, 100, 72, 92, NULL, 92, NULL, NULL, NULL, 0, 0, NULL, 0, 243, NULL, 0, 0, NULL, 0, 0, 0, 1, NULL, 0, 0, NULL, '2025-12-15 13:37:47', 0, 0, 4, NULL, NULL, NULL, NULL, NULL, 1, 0, NULL, NULL, NULL, '/images/generated/kits/kit_adult_1761170394_6294_v0.png', 'Mixed Fox', NULL, 0, 0, 0, NULL),
(381, 6, 'Newborn#646', '/images/generated/kits/kit_adult_1761170394_6294_v0.png', '2025-11-03 05:00:01', NULL, NULL, 'Newborn#555', 'Newborn#567', 0, 'Male', 20, 3, 0, 0, NULL, 'Rampant Rabbit', NULL, NULL, NULL, NULL, NULL, NULL, NULL, NULL, NULL, NULL, NULL, NULL, NULL, NULL, NULL, NULL, NULL, '', 0, NULL, NULL, 'No', 'None', 0, NULL, NULL, NULL, NULL, NULL, NULL, 0, 0, 0, NULL, 'reserve', 13, NULL, NULL, NULL, 0, NULL, 80, 100, 72, 92, NULL, 92, NULL, NULL, NULL, 0, 0, NULL, 0, 243, NULL, 0, 0, NULL, 0, 0, 0, 1, NULL, 0, 0, NULL, '2025-12-15 13:37:47', 1, 2, 1, NULL, NULL, NULL, NULL, NULL, 1, 0, NULL, NULL, NULL, '/images/generated/kits/kit_adult_1761170394_6294_v0.png', 'Mixed Fox', NULL, 0, 0, 0, NULL);
